{"id":7368,"date":"2021-06-25T17:26:36","date_gmt":"2021-06-25T10:26:36","guid":{"rendered":"https:\/\/mebipha.com\/online\/?post_type=product&#038;p=7368"},"modified":"2025-12-29T16:09:22","modified_gmt":"2025-12-29T09:09:22","slug":"tylan-200-la","status":"publish","type":"product","link":"https:\/\/mebipha.com\/online\/tylan-200-la\/","title":{"rendered":"TYLAN 200 LA"},"content":{"rendered":"<p><strong>\u0110\u1eb6C TR\u1eca VI\u00caM PH\u1ed4I- T\u1ee4 HUY\u1ebeT TR\u00d9NG \u2013 H\u1ed2NG L\u1ef4 <\/strong><\/p>\n<p><strong>Dung d\u1ecbch ti\u00eam d\u1ea1ng d\u1ea7u, t\u00e1c d\u1ee5ng 48h<\/strong><\/p>\n<p><strong>C\u00d4NG TH\u1ee8C<\/strong><\/p>\n<p>Tylosine base: 20g<\/p>\n<p>Dung m\u00f4i v\u1eeba \u0111\u1ee7: 100ml<\/p>\n<p><strong>\u0110\u1eb6C T\u00cdNH D\u01af\u1ee2C L\u00dd S\u1ea2N PH\u1ea8M<\/strong><\/p>\n<p>Tylosin l\u00e0 kh\u00e1ng sinh thu\u1ed9c nh\u00f3m Macrolide, c\u00f3 t\u00e1c d\u1ee5ng k\u00ecm khu\u1ea9n b\u1eb1ng c\u00e1ch \u1ee9c ch\u1ebf t\u1ed5ng h\u1ee3p protein \u1edf vi khu\u1ea9n. Ph\u1ed5 kh\u00e1ng khu\u1ea9n h\u1eb9p t\u00e1c \u0111\u1ed9ng ch\u1ee7 y\u1ebfu tr\u00ean vi khu\u1ea9n Gr (+), m\u1ed9t s\u1ed1 vi khu\u1ea9n Gr (-) v\u00e0 xo\u1eafn khu\u1ea9n bao g\u1ed3m: <em>E.coli<\/em>, <em>Staphylococcus aureus<\/em>, <em>Haemophillus influenza<\/em>, <em>Corynebacterium<\/em> spp, <em>Proteus<\/em>, <em>Klebsiella<\/em>, <em>Erysipelothrix rhusiopathiae<\/em><em>, Bacillus anthracis<\/em>, <em>Treponema hyodysenteriae<\/em> v\u00e0 <em>Leptospira<\/em>\u2026.Tylosin c\u00f3 t\u00e1c d\u1ee5ng \u0111\u1eb7c bi\u1ec7t ch\u1ed1ng l\u1ea1i <em>Mycoplasma<\/em> spp.<\/p>\n<p><strong>C\u00d4NG D\u1ee4NG S\u1ea2N PH\u1ea8M<\/strong><\/p>\n<p>\u0110\u1eb7c tr\u1ecb vi\u00eam ph\u1ed5i, suy\u1ec5n heo, vi\u00eam ph\u1ed5i-m\u00e0ng ph\u1ed5i, t\u1ee5 huy\u1ebft tr\u00f9ng, \u0111\u00f3ng d\u1ea5u son, h\u1ed3ng l\u1ef5, ph\u00f3 th\u01b0\u01a1ng h\u00e0n, vi\u00eam ru\u1ed9t ti\u00eau ch\u1ea3y, vi\u00eam kh\u1edbp tr\u00ean heo, tr\u00e2u, b\u00f2, d\u00ea, c\u1eebu.<\/p>\n<p><strong>CH\u1ed0NG CH\u1ec8 \u0110\u1ecaNH<\/strong><\/p>\n<p>Th\u00fa m\u1eabn c\u1ea3m v\u1edbi tylosin hay c\u00e1c kh\u00e1ng sinh kh\u00e1c thu\u1ed9c nh\u00f3m Macrolide.<\/p>\n<p><strong>S\u1eec D\u1ee4NG<\/strong><\/p>\n<p>Ti\u00eam s\u00e2u v\u00e0o b\u1eafp th\u1ecbt. Ti\u00eam m\u1ed9t li\u1ec1u c\u00f3 t\u00e1c d\u1ee5ng k\u00e9o d\u00e0i 48h.<\/p>\n<p>Heo con: 1ml\/ 10kg th\u1ec3 tr\u1ecdng.<\/p>\n<p>Heo l\u1edbn: 1ml\/ 15kg th\u1ec3 tr\u1ecdng.<\/p>\n<p>B\u00ea, c\u1eebu, d\u00ea: 1ml\/ 20kg th\u1ec3 tr\u1ecdng.<\/p>\n<p>Tr\u00e2u b\u00f2: 1ml\/ 30kg th\u1ec3 tr\u1ecdng.<\/p>\n<p><strong>Th\u1eddi gian ng\u01b0ng s\u1eed d\u1ee5ng thu\u1ed1c<\/strong><\/p>\n<p>Th\u00fa l\u1ea5y th\u1ecbt : 10 ng\u00e0y tr\u01b0\u1edbc khi gi\u1ebft m\u1ed5.<br \/>\nTh\u00fa l\u1ea5y s\u1eefa: 3 ng\u00e0y tr\u01b0\u1edbc khi l\u1ea5y s\u1eefa.<\/p>\n<p><strong>B\u1ea2O QU\u1ea2N: <\/strong>N\u01a1i kh\u00f4 r\u00e1o, tho\u00e1ng m\u00e1t, nhi\u1ec7t \u0111\u1ed9 d\u01b0\u1edbi 30<sup>0<\/sup>C. Tr\u00e1nh \u00e1nh n\u1eafng tr\u1ef1c ti\u1ebfp, tr\u00e1nh xa t\u1ea7m tay tr\u1ebb em.<\/p>\n<p><strong>H\u1ea0N S\u1eec D\u1ee4NG S\u1ea2N PH\u1ea8M<\/strong><\/p>\n<p>24 th\u00e1ng k\u1ec3 t\u1eeb ng\u00e0y s\u1ea3n xu\u1ea5t.<\/p>\n<p><strong>\u0110\u00d3NG G\u00d3I<\/strong><\/p>\n<p>20ml, 100ml<\/p>\n<p><strong>S\u1ed1 \u0111\u0103ng k\u00fd: MBP-173<\/strong><\/p>\n","protected":false},"excerpt":{"rendered":"<p>\u0110\u1eb6C TR\u1eca NHI\u1ec4M TR\u00d9NG H\u00d4 H\u1ea4P<\/p>\n<p><strong>TH\u00c0NH PH\u1ea6N:<\/strong><\/p>\n<p>Tylosin base: 20g<br \/>\nDung m\u00f4i v\u1eeba \u0111\u1ee7: 100ml<\/p>\n<p><strong>S\u1eec D\u1ee4NG:<\/strong><\/p>\n<p>Ti\u00eam s\u00e2u v\u00e0o b\u1eafp th\u1ecbt. Ti\u00eam m\u1ed9t li\u1ec1u c\u00f3 t\u00e1c d\u1ee5ng k\u00e9o d\u00e0i 48h.<br \/>\nHeo con: 1ml\/ 10kg th\u1ec3 tr\u1ecdng.<br \/>\nHeo l\u1edbn: 1ml\/ 15kg th\u1ec3 tr\u1ecdng.<br \/>\nB\u00ea, c\u1eebu, d\u00ea: 1ml\/ 20kg th\u1ec3 tr\u1ecdng.<br \/>\nTr\u00e2u b\u00f2: 1ml\/ 30kg th\u1ec3 tr\u1ecdng.<\/p>\n","protected":false},"featured_media":10601,"comment_status":"closed","ping_status":"closed","template":"","meta":[],"product_brand":[],"product_cat":[62],"product_tag":[],"class_list":{"0":"post-7368","1":"product","2":"type-product","3":"status-publish","4":"has-post-thumbnail","6":"product_cat-thuoc-thu-y","8":"first","9":"instock","10":"shipping-taxable","11":"purchasable","12":"product-type-variable","13":"has-default-attributes"},"_links":{"self":[{"href":"https:\/\/mebipha.com\/online\/wp-json\/wp\/v2\/product\/7368","targetHints":{"allow":["GET"]}}],"collection":[{"href":"https:\/\/mebipha.com\/online\/wp-json\/wp\/v2\/product"}],"about":[{"href":"https:\/\/mebipha.com\/online\/wp-json\/wp\/v2\/types\/product"}],"replies":[{"embeddable":true,"href":"https:\/\/mebipha.com\/online\/wp-json\/wp\/v2\/comments?post=7368"}],"wp:featuredmedia":[{"embeddable":true,"href":"https:\/\/mebipha.com\/online\/wp-json\/wp\/v2\/media\/10601"}],"wp:attachment":[{"href":"https:\/\/mebipha.com\/online\/wp-json\/wp\/v2\/media?parent=7368"}],"wp:term":[{"taxonomy":"product_brand","embeddable":true,"href":"https:\/\/mebipha.com\/online\/wp-json\/wp\/v2\/product_brand?post=7368"},{"taxonomy":"product_cat","embeddable":true,"href":"https:\/\/mebipha.com\/online\/wp-json\/wp\/v2\/product_cat?post=7368"},{"taxonomy":"product_tag","embeddable":true,"href":"https:\/\/mebipha.com\/online\/wp-json\/wp\/v2\/product_tag?post=7368"}],"curies":[{"name":"wp","href":"https:\/\/api.w.org\/{rel}","templated":true}]}}