{"id":7206,"date":"2021-06-09T19:46:16","date_gmt":"2021-06-09T12:46:16","guid":{"rendered":"https:\/\/mebipha.com\/online\/?post_type=product&#038;p=7206"},"modified":"2024-01-17T10:54:16","modified_gmt":"2024-01-17T03:54:16","slug":"multi-pro-one","status":"publish","type":"product","link":"https:\/\/mebipha.com\/online\/multi-pro-one\/","title":{"rendered":"MULTI PRO ONE"},"content":{"rendered":"<p><strong>GIA T\u0102NG MI\u1ec4N D\u1ecaCH, H\u1ed6 TR\u1ee2 \u0110I\u1ec0U TR\u1eca C\u00c1C B\u1ec6NH K\u1ebe PH\u00c1T DO VI KHU\u1ea8N, VIRUS G\u00c2Y RA TR\u00caN HEO<\/strong><\/p>\n<p><strong>B\u1ed9t tr\u1ed9n th\u1ee9c \u0103n<\/strong><\/p>\n<p>S\u1ea3n ph\u1ea9m <strong>MULTI PRO ONE <\/strong>c\u00f3 d\u1ea1ng b\u1ed9t tr\u1ed9n th\u1ee9c \u0103n cho heo v\u1edbi th\u00e0nh ph\u1ea7n ch\u00ednh l\u00e0 \u03b2-glucan v\u00e0 Vitamin C. <strong>MULTI PRO ONE<\/strong> k\u00edch th\u00edch h\u1ec7 mi\u1ec5n d\u1ecbch, n\u00e2ng cao s\u1ee9c \u0111\u1ec1 kh\u00e1ng, b\u1ea3o v\u1ec7 heo kh\u1ecfi c\u00e1c t\u00e1c nh\u00e2n g\u00e2y b\u1ec7nh m\u1ed9t c\u00e1ch t\u1ed1i \u01b0u, th\u00fac \u0111\u1ea9y sinh tr\u01b0\u1edfng nhanh v\u00e0 t\u0103ng n\u0103ng su\u1ea5t ch\u0103n nu\u00f4i.<\/p>\n<p>S\u1ef1 k\u1ebft h\u1ee3p gi\u1eefa \u03b2-glucan, Vitamin C, ch\u1ea5t kho\u00e1ng Selen v\u00e0 Mannan Oligosaccharide trong s\u1ea3n ph\u1ea9m gi\u00fap t\u0103ng c\u01b0\u1eddng h\u1ec7 mi\u1ec5n d\u1ecbch m\u1ed9t c\u00e1ch to\u00e0n di\u1ec7n, gi\u1ea3m vi khu\u1ea9n g\u00e2y b\u1ec7nh, gia t\u0103ng s\u1ee9c kh\u1ecfe \u0111\u01b0\u1eddng ru\u1ed9t v\u00e0 t\u0103ng l\u01b0\u1ee3ng th\u1ee9c \u0103n \u0103n v\u00e0o.<\/p>\n<p>Inositol v\u00e0 Sorbitol gi\u00fap b\u1ea3o v\u1ec7 gan m\u1eadt, t\u0103ng c\u01b0\u1eddng ch\u1ee9c n\u0103ng gan v\u00e0 h\u1ed7 tr\u1ee3 ti\u00eau h\u00f3a t\u1ed1t th\u1ee9c \u0103n.<\/p>\n<p><strong>TH\u00c0NH PH\u1ea6N\u00a0\u00a0\u00a0\u00a0\u00a0\u00a0\u00a0 <\/strong><\/p>\n<p>Inositol (min): 40g<\/p>\n<p>Sorbitol (min): 200g<\/p>\n<p>Vitamin C* (min): 50g<\/p>\n<p>Selenium (min &#8211; max): 180-250mg<\/p>\n<p>\u03b2-Glucan* (min): 140g<\/p>\n<p>Mannan Oligosaccharide (min): 200g<\/p>\n<p>Ph\u1ee5 gia c\u00f3 ch\u1ee9a Nucleotide v\u00e0 kh\u00e1ng th\u1ec3 IgY, ATP, c\u00e1c acid amin, acid h\u1eefu c\u01a1, c\u00e1c vi khu\u1ea9n c\u00f3 l\u1ee3i, enzyme ti\u00eau h\u00f3a v\u00e0 c\u00e1c ch\u1ea5t \u0111i\u1ec7n gi\u1ea3i v\u1eeba \u0111\u1ee7: 1,5kg<\/p>\n<p><strong>L\u1ee2I \u00cdCH C\u1ee6A VI\u1ec6C B\u1ed4 SUNG S\u1ea2N PH\u1ea8M<\/strong><\/p>\n<p>B\u1ed5 sung \u03b2-Glucan v\u00e0 vitamin C cho heo.<\/p>\n<p>Gia t\u0103ng mi\u1ec5n d\u1ecbch, h\u1ed7 tr\u1ee3 \u0111i\u1ec1u tr\u1ecb c\u00e1c b\u1ec7nh k\u1ebf ph\u00e1t do vi khu\u1ea9n, virus.<\/p>\n<p>T\u0103ng c\u01b0\u1eddng s\u1ee9c kh\u1ecfe \u0111\u01b0\u1eddng ru\u1ed9t, k\u00edch th\u00edch t\u0103ng tr\u01b0\u1edfng nhanh, gi\u00fap gi\u1ea3m hao h\u1ee5t v\u00e0 n\u00e2ng cao n\u0103ng su\u1ea5t ch\u0103n nu\u00f4i.<\/p>\n<p>N\u00e2ng s\u1ee9c, gi\u1ea3i \u0111\u1ed9c: \u0111i\u1ec1u h\u00f2a ch\u1ee9c n\u0103ng gan, t\u0103ng c\u01b0\u1eddng kh\u1ea3 n\u0103ng b\u00e0i ti\u1ebft c\u1ee7a th\u1eadn tr\u00ean heo.<\/p>\n<p><strong>H\u01af\u1edaNG D\u1eaaN s\u1eed d\u1ee5ng<\/strong><\/p>\n<p>Tr\u1ed9n \u0111\u1ec1u 4 ch\u1ebf ph\u1ea9m l\u1ea1i v\u1edbi nhau tr\u01b0\u1edbc khi s\u1eed d\u1ee5ng.<\/p>\n<p>Pha v\u00e0o n\u01b0\u1edbc u\u1ed1ng 2 l\u1ea7n\/ng\u00e0y ho\u1eb7c tr\u1ed9n \u0111\u1ec1u v\u00e0o th\u1ee9c \u0103n.<\/p>\n<p>D\u00f9ng \u0111\u1ecbnh k\u1ef3: 1g\/2 l\u00edt n\u01b0\u1edbc u\u1ed1ng ho\u1eb7c 1,5kg\/1-2 t\u1ea5n th\u1ee9c \u0103n, d\u00f9ng li\u00ean t\u1ee5c 3-5 ng\u00e0y. \u0110\u1ecbnh k\u1ef3 1 th\u00e1ng d\u00f9ng 1-2 \u0111\u1ee3t.<\/p>\n<p>H\u1ed7 tr\u1ee3 \u0111i\u1ec1u tr\u1ecb c\u00e1c b\u1ec7nh k\u1ebf ph\u00e1t do vi khu\u1ea9n, virus tr\u00ean heo: 1,5kg b\u1ed9 s\u1ea3n ph\u1ea9m tr\u1ed9n \u0111\u1ec1u v\u1edbi 10-15 kg \u0111\u01b0\u1eddng Dextrose d\u00f9ng cho 250-500 heo n\u00e1i ho\u1eb7c 500-1.000 heo th\u1ecbt\/ 1 ng\u00e0y, d\u00f9ng li\u00ean t\u1ee5c trong 7-10 ng\u00e0y.<\/p>\n<p>K\u1ebft h\u1ee3p s\u1eed d\u1ee5ng v\u1edbi c\u00e1c s\u1ea3n ph\u1ea9m: CEFTRI ONE LA, MEBI-GLUCAN INJ, MEBI-PARA C 10% \u0111\u1ec3 t\u0103ng hi\u1ec7u qu\u1ea3 \u0111i\u1ec1u tr\u1ecb.<\/p>\n<p><strong>H\u1ea1n s\u1eed d\u1ee5ng s\u1ea3n ph\u1ea9m <\/strong><\/p>\n<p>24 th\u00e1ng k\u1ec3 t\u1eeb ng\u00e0y s\u1ea3n xu\u1ea5t.<\/p>\n<p><strong>B\u1ea2O QU\u1ea2N<\/strong><\/p>\n<p>N\u01a1i kh\u00f4 r\u00e1o, tho\u00e1ng m\u00e1t, nhi\u1ec7t \u0111\u1ed9 d\u01b0\u1edbi 30<sup>0<\/sup>C. Tr\u00e1nh \u00e1nh n\u1eafng tr\u1ef1c ti\u1ebfp, tr\u00e1nh xa t\u1ea7m tay tr\u1ebb em.<\/p>\n<p><strong>\u0110\u00d3NG G\u00d3I<\/strong><\/p>\n<p><strong>300g\/g\u00f3i (4 trong 1); 1,5kg\/g\u00f3i (4 trong 1); 1,5kg\/x\u00f4 (4 trong 1)<\/strong><\/p>\n<p><strong>S\u1ed1 \u0111\u0103ng k\u00fd: TCCS 105:2013\/MBP<\/strong><\/p>\n","protected":false},"excerpt":{"rendered":"<p><strong>GIA T\u0102NG MI\u1ec4N D\u1ecaCH, H\u1ed6 TR\u1ee2 \u0110I\u1ec0U TR\u1eca C\u00c1C B\u1ec6NH K\u1ebe PH\u00c1T DO VI KHU\u1ea8N, VIRUS G\u00c2Y RA TR\u00caN HEO<\/strong><\/p>\n<p><strong>B\u1ed9t tr\u1ed9n th\u1ee9c \u0103n<\/strong><\/p>\n<p><strong>TH\u00c0NH PH\u1ea6N\u00a0\u00a0\u00a0\u00a0\u00a0\u00a0\u00a0 <\/strong><\/p>\n<p>Inositol (min): 40g<\/p>\n<p>Sorbitol (min): 200g<\/p>\n<p>Vitamin C* (min): 50g<\/p>\n<p>Selenium (min &#8211; max): 180-250mg<\/p>\n<p>\u03b2-Glucan* (min): 140g<\/p>\n<p>Mannan Oligosaccharide (min): 200g<\/p>\n<p>Ph\u1ee5 gia c\u00f3 ch\u1ee9a Nucleotide v\u00e0 kh\u00e1ng th\u1ec3 IgY, ATP, c\u00e1c acid amin, acid h\u1eefu c\u01a1, c\u00e1c vi khu\u1ea9n c\u00f3 l\u1ee3i, enzyme ti\u00eau h\u00f3a v\u00e0 c\u00e1c ch\u1ea5t \u0111i\u1ec7n gi\u1ea3i v\u1eeba \u0111\u1ee7: 1,5kg<\/p>\n<p><strong>L\u1ee2I \u00cdCH C\u1ee6A VI\u1ec6C B\u1ed4 SUNG S\u1ea2N PH\u1ea8M<\/strong><\/p>\n<p>B\u1ed5 sung \u03b2-Glucan v\u00e0 vitamin C cho heo.<\/p>\n<p>Gia t\u0103ng mi\u1ec5n d\u1ecbch, h\u1ed7 tr\u1ee3 \u0111i\u1ec1u tr\u1ecb c\u00e1c b\u1ec7nh k\u1ebf ph\u00e1t do vi khu\u1ea9n, virus.<\/p>\n<p>T\u0103ng c\u01b0\u1eddng s\u1ee9c kh\u1ecfe \u0111\u01b0\u1eddng ru\u1ed9t, k\u00edch th\u00edch t\u0103ng tr\u01b0\u1edfng nhanh, gi\u00fap gi\u1ea3m hao h\u1ee5t v\u00e0 n\u00e2ng cao n\u0103ng su\u1ea5t ch\u0103n nu\u00f4i.<\/p>\n<p>N\u00e2ng s\u1ee9c, gi\u1ea3i \u0111\u1ed9c: \u0111i\u1ec1u h\u00f2a ch\u1ee9c n\u0103ng gan, t\u0103ng c\u01b0\u1eddng kh\u1ea3 n\u0103ng b\u00e0i ti\u1ebft c\u1ee7a th\u1eadn tr\u00ean heo.<\/p>\n<p><strong>H\u01af\u1edaNG D\u1eaaN s\u1eed d\u1ee5ng<\/strong><\/p>\n<p>Tr\u1ed9n \u0111\u1ec1u 4 ch\u1ebf ph\u1ea9m l\u1ea1i v\u1edbi nhau tr\u01b0\u1edbc khi s\u1eed d\u1ee5ng.<\/p>\n<p>Pha v\u00e0o n\u01b0\u1edbc u\u1ed1ng 2 l\u1ea7n\/ng\u00e0y ho\u1eb7c tr\u1ed9n \u0111\u1ec1u v\u00e0o th\u1ee9c \u0103n.<\/p>\n<p>D\u00f9ng \u0111\u1ecbnh k\u1ef3: 1g\/2 l\u00edt n\u01b0\u1edbc u\u1ed1ng ho\u1eb7c 1,5kg\/1-2 t\u1ea5n th\u1ee9c \u0103n, d\u00f9ng li\u00ean t\u1ee5c 3-5 ng\u00e0y. \u0110\u1ecbnh k\u1ef3 1 th\u00e1ng d\u00f9ng 1-2 \u0111\u1ee3t.<\/p>\n<p>H\u1ed7 tr\u1ee3 \u0111i\u1ec1u tr\u1ecb c\u00e1c b\u1ec7nh k\u1ebf ph\u00e1t do vi khu\u1ea9n, virus tr\u00ean heo: 1,5kg b\u1ed9 s\u1ea3n ph\u1ea9m tr\u1ed9n \u0111\u1ec1u v\u1edbi 10-15 kg \u0111\u01b0\u1eddng Dextrose d\u00f9ng cho 250-500 heo n\u00e1i ho\u1eb7c 500-1.000 heo th\u1ecbt\/ 1 ng\u00e0y, d\u00f9ng li\u00ean t\u1ee5c trong 7-10 ng\u00e0y.<\/p>\n<p>K\u1ebft h\u1ee3p s\u1eed d\u1ee5ng v\u1edbi c\u00e1c s\u1ea3n ph\u1ea9m: CEFTRI ONE LA, MEBI-GLUCAN INJ, MEBI-PARA C 10% \u0111\u1ec3 t\u0103ng hi\u1ec7u qu\u1ea3 \u0111i\u1ec1u tr\u1ecb.<\/p>\n<p>&nbsp;<\/p>\n","protected":false},"featured_media":9899,"comment_status":"closed","ping_status":"closed","template":"","meta":[],"product_brand":[],"product_cat":[62],"product_tag":[],"class_list":{"0":"post-7206","1":"product","2":"type-product","3":"status-publish","4":"has-post-thumbnail","6":"product_cat-thuoc-thu-y","8":"first","9":"instock","10":"shipping-taxable","11":"purchasable","12":"product-type-variable","13":"has-default-attributes"},"_links":{"self":[{"href":"https:\/\/mebipha.com\/online\/wp-json\/wp\/v2\/product\/7206","targetHints":{"allow":["GET"]}}],"collection":[{"href":"https:\/\/mebipha.com\/online\/wp-json\/wp\/v2\/product"}],"about":[{"href":"https:\/\/mebipha.com\/online\/wp-json\/wp\/v2\/types\/product"}],"replies":[{"embeddable":true,"href":"https:\/\/mebipha.com\/online\/wp-json\/wp\/v2\/comments?post=7206"}],"wp:featuredmedia":[{"embeddable":true,"href":"https:\/\/mebipha.com\/online\/wp-json\/wp\/v2\/media\/9899"}],"wp:attachment":[{"href":"https:\/\/mebipha.com\/online\/wp-json\/wp\/v2\/media?parent=7206"}],"wp:term":[{"taxonomy":"product_brand","embeddable":true,"href":"https:\/\/mebipha.com\/online\/wp-json\/wp\/v2\/product_brand?post=7206"},{"taxonomy":"product_cat","embeddable":true,"href":"https:\/\/mebipha.com\/online\/wp-json\/wp\/v2\/product_cat?post=7206"},{"taxonomy":"product_tag","embeddable":true,"href":"https:\/\/mebipha.com\/online\/wp-json\/wp\/v2\/product_tag?post=7206"}],"curies":[{"name":"wp","href":"https:\/\/api.w.org\/{rel}","templated":true}]}}