{"id":7020,"date":"2021-06-03T09:41:10","date_gmt":"2021-06-03T02:41:10","guid":{"rendered":"https:\/\/mebipha.com\/online\/?post_type=product&#038;p=7020"},"modified":"2024-10-01T10:36:14","modified_gmt":"2024-10-01T03:36:14","slug":"ketocef-la","status":"publish","type":"product","link":"https:\/\/mebipha.com\/online\/ketocef-la\/","title":{"rendered":"Ketocef LA"},"content":{"rendered":"<p><strong>\u0110\u1eb6C TR\u1eca NHI\u1ec4M TR\u00d9NG H\u00d4 H\u1ea4P-VI\u00caM KH\u1edaP-C\u00c1C B\u1ec6NH NHI\u1ec4M TR\u00d9NG<\/strong><\/p>\n<p><strong>\u00a0<\/strong><\/p>\n<p><strong>H\u1ed7n d\u1ecbch kh\u00e1ng sinh ti\u00eam<\/strong><\/p>\n<p><strong>\u00a0<\/strong><\/p>\n<p><strong>C\u00d4NG TH\u1ee8C<\/strong><\/p>\n<p>Ceftiofur HCl sterile: 7,5g<\/p>\n<p>Ketoprofen: 5g<\/p>\n<p>Dung m\u00f4i v\u1eeba \u0111\u1ee7: 100ml<\/p>\n<p><strong>\u00a0<\/strong><\/p>\n<p><strong>\u0110\u1eb6C T\u00cdNH D\u01af\u1ee2C L\u00dd S\u1ea2N PH\u1ea8M<\/strong><\/p>\n<p>S\u1ea3n ph\u1ea9m <strong>KETOCEF LA<\/strong> \u0111\u01b0\u1ee3c t\u1ea1o ra b\u1edfi 2 ho\u1ea1t ch\u1ea5t ch\u00ednh <strong>Ceftiofur hydrochloride<\/strong> v\u00e0 <strong>Ketoprofen<\/strong>, ch\u00fang ho\u1ea1t \u0111\u1ed9ng c\u00f9ng nhau \u0111\u1ec3 ti\u00eau di\u1ec7t vi khu\u1ea9n g\u00e2y nhi\u1ec5m tr\u00f9ng.\u00a0<strong>Ceftiofur hydrochloride <\/strong>ho\u1ea1t \u0111\u1ed9ng b\u1eb1ng c\u00e1ch ng\u0103n ch\u1eb7n s\u1ef1 ph\u00e1t tri\u1ec3n c\u1ee7a vi khu\u1ea9n.\u00a0<strong>Ketoprofen<\/strong> l\u00e0m t\u0103ng c\u01b0\u1eddng ho\u1ea1t \u0111\u1ed9ng ch\u1ed1ng l\u1ea1i vi khu\u1ea9n c\u1ee7a Ceftiofur. S\u1ef1 k\u1ebft h\u1ee3p 2 trong 1 n\u00e0y \u0111em l\u1ea1i k\u1ebft qu\u1ea3 \u0111i\u1ec1u tr\u1ecb b\u1ec7nh v\u00f4 c\u00f9ng cao. H\u01a1n n\u1eefa, thu\u1ed1c s\u1eed d\u1ee5ng \u0111\u01b0\u1eddng ti\u00eam b\u1eafp n\u00ean \u0111\u01b0\u1ee3c dung n\u1ea1p t\u1ed1i \u0111a v\u00e0o c\u01a1 th\u1ec3 v\u1eadt nu\u00f4i, cho t\u00e1c \u0111\u1ed9ng k\u00e9p ch\u1ec9 trong m\u1ed9t l\u1ea7n ti\u00eam. Ho\u1ea1t ch\u1ea5t <strong>Ceftiofur hydrochloride<\/strong> v\u00e0 <strong>Ketoprofen<\/strong> c\u00f3 sinh kh\u1ea3 d\u1ee5ng cao, c\u00f3 kh\u1ea3 n\u0103ng d\u1ef1 tr\u1eef l\u00e2u trong huy\u1ebft t\u01b0\u01a1ng v\u00e0 trong m\u00f4 ph\u1ed5i n\u00ean s\u1ea3n ph\u1ea9m <strong>KETOCEF LA<\/strong> c\u00f2n \u0111\u01b0\u1ee3c s\u1eed d\u1ee5ng hi\u1ec7u qu\u1ea3 trong \u0111i\u1ec1u tr\u1ecb v\u00e0 ng\u0103n ng\u1eeba c\u00e1c b\u1ec7nh k\u1ebf ph\u00e1t c\u1ee7a nh\u1eefng b\u1ec7nh do virus.<\/p>\n<p><strong>C\u00d4NG D\u1ee4NG S\u1ea2N PH\u1ea8M<\/strong><\/p>\n<p>\u0110\u1eb7c tr\u1ecb hi\u1ec7u qu\u1ea3 c\u00e1c b\u1ec7nh: ho, vi\u00eam m\u00e0ng ph\u1ed5i, vi\u00eam ph\u1ed5i c\u1ea5p t\u00ednh, b\u1ec7nh do E.coli, b\u1ea1i huy\u1ebft, t\u1ee5 huy\u1ebft tr\u00f9ng, c\u00e1c b\u1ec7nh nhi\u1ec5m tr\u00f9ng trong h\u1ed9i ch\u1ee9ng MMA, vi\u00eam kh\u1edbp, vi\u00eam \u0111\u01b0\u1eddng ti\u1ebft ni\u1ec7u, vi\u00eam da, th\u1ed1i m\u00f3ng,\u2026<\/p>\n<p>H\u1ed7 tr\u1ee3 \u0111i\u1ec1u tr\u1ecb c\u00e1c b\u1ec7nh k\u1ebf ph\u00e1t c\u1ee7a nh\u1eefng b\u1ec7nh do virus nh\u01b0: Heo tai xanh, b\u1ec7nh l\u1edf m\u1ed3m long m\u00f3ng (FMD), D\u1ecbch t\u1ea3,\u2026<\/p>\n<p><strong>CH\u1ed0NG CH\u1ec8 \u0110\u1ecaNH<\/strong><\/p>\n<p>Th\u00fa nh\u1ea1y c\u1ea3m v\u1edbi c\u00e1c th\u00e0nh ph\u1ea7n c\u1ee7a thu\u1ed1c.<\/p>\n<p><strong>S\u1eec D\u1ee4NG<\/strong><\/p>\n<p>L\u1eafc \u0111\u1ec1u tr\u01b0\u1edbc khi s\u1eed d\u1ee5ng.<\/p>\n<p>Ti\u00eam s\u00e2u v\u00e0o b\u1eafp th\u1ecbt.<\/p>\n<p>Heo con: 1ml\/10-12kg th\u1ec3 tr\u1ecdng.<\/p>\n<p>Heo tr\u00ean 50kg, b\u00ea, c\u1eebu, d\u00ea: 1ml\/20-25kg th\u1ec3 tr\u1ecdng.<\/p>\n<p>Tr\u00e2u, b\u00f2: 1ml\/30-40kg th\u1ec3 tr\u1ecdng.<\/p>\n<p>G\u00e0, v\u1ecbt: 1ml\/8-10kg th\u1ec3 tr\u1ecdng.<\/p>\n<p>1 m\u0169i ti\u00eam duy nh\u1ea5t trong 72 gi\u1edd, b\u1ec7nh n\u1eb7ng ti\u00eam nh\u1eafc l\u1ea1i sau 48 gi\u1edd t\u00f9y tr\u01b0\u1eddng h\u1ee3p.<\/p>\n<p><strong>Th\u1eddi gian ng\u01b0ng s\u1eed d\u1ee5ng thu\u1ed1c<\/strong><\/p>\n<p><strong>Th\u00fa gi\u1ebft th\u1ecbt: <\/strong>8 ng\u00e0y tr\u01b0\u1edbc khi gi\u1ebft m\u1ed5.<\/p>\n<p><strong>Th\u00fa l\u1ea5y s\u1eefa: <\/strong>0 ng\u00e0y.<\/p>\n<p><strong>B\u1ea2O QU\u1ea2N: <\/strong>N\u01a1i kh\u00f4 r\u00e1o, tho\u00e1ng m\u00e1t, nhi\u1ec7t \u0111\u1ed9 d\u01b0\u1edbi 30<sup>0<\/sup>C. Tr\u00e1nh \u00e1nh n\u1eafng tr\u1ef1c ti\u1ebfp, tr\u00e1nh xa t\u1ea7m tay tr\u1ebb em.<\/p>\n<p><strong>H\u1ea0N S\u1eec D\u1ee4NG S\u1ea2N PH\u1ea8M<\/strong><\/p>\n<p>24 th\u00e1ng k\u1ec3 t\u1eeb ng\u00e0y s\u1ea3n xu\u1ea5t.<\/p>\n<p><strong>\u0110\u00d3NG G\u00d3I<\/strong><\/p>\n<p>20ml, 100ml<\/p>\n<p><strong>S\u1ed1 \u0111\u0103ng k\u00fd: MBP-234<\/strong><\/p>\n","protected":false},"excerpt":{"rendered":"<p><strong>\u0110\u1eb6C TR\u1eca NHI\u1ec4M TR\u00d9NG H\u00d4 H\u1ea4P \u2013 VI\u00caM KH\u1edaP CHO GIA SU\u0301C GIA C\u00c2\u0300M<\/strong><\/p>\n<p><strong>THA\u0300NH PH\u00c2\u0300N<\/strong><\/p>\n<p>Ceftiofur HCl Sterile: 7.5g<br \/>\nKetoprofen: 5g<br \/>\nDung m\u00f4i v\u1eeba \u0111\u1ee7 : 100ml<\/p>\n<p><strong>H\u01af\u01a0\u0301NG D\u00c2\u0303N S\u01af\u0309 DU\u0323NG:<\/strong><\/p>\n<p>L\u1eafc \u0111\u1ec1u tr\u01b0\u1edbc khi s\u1eed d\u1ee5ng.<br \/>\nTi\u00eam s\u00e2u v\u00e0o b\u1eafp th\u1ecbt.<br \/>\nHeo con: 1ml\/10-12kg th\u1ec3 tr\u1ecdng.<br \/>\nHeo tr\u00ean 50kg, b\u00ea, c\u1eebu, d\u00ea: 1ml\/20-25kg th\u1ec3 tr\u1ecdng.<br \/>\nTr\u00e2u, b\u00f2: 1ml\/30-40kg th\u1ec3 tr\u1ecdng.<br \/>\nG\u00e0, v\u1ecbt: 1ml\/8-10kg th\u1ec3 tr\u1ecdng.<br \/>\n1 m\u0169i ti\u00eam duy nh\u1ea5t trong 72 gi\u1edd, b\u1ec7nh n\u1eb7ng ti\u00eam nh\u1eafc l\u1ea1i sau 48 gi\u1edd t\u00f9y tr\u01b0\u1eddng h\u1ee3p.<\/p>\n","protected":false},"featured_media":10628,"comment_status":"closed","ping_status":"closed","template":"","meta":[],"product_brand":[],"product_cat":[121,62],"product_tag":[141,140,137,136,139,138],"class_list":{"0":"post-7020","1":"product","2":"type-product","3":"status-publish","4":"has-post-thumbnail","6":"product_cat-dung-dich-tiem-hon-dich-tiem","7":"product_cat-thuoc-thu-y","8":"product_tag-gia-cam","9":"product_tag-gia-suc","10":"product_tag-ho-hap","11":"product_tag-nhiem-trung","12":"product_tag-vat-nuoi","13":"product_tag-viem-khop","15":"first","16":"instock","17":"shipping-taxable","18":"purchasable","19":"product-type-variable","20":"has-default-attributes"},"_links":{"self":[{"href":"https:\/\/mebipha.com\/online\/wp-json\/wp\/v2\/product\/7020","targetHints":{"allow":["GET"]}}],"collection":[{"href":"https:\/\/mebipha.com\/online\/wp-json\/wp\/v2\/product"}],"about":[{"href":"https:\/\/mebipha.com\/online\/wp-json\/wp\/v2\/types\/product"}],"replies":[{"embeddable":true,"href":"https:\/\/mebipha.com\/online\/wp-json\/wp\/v2\/comments?post=7020"}],"wp:featuredmedia":[{"embeddable":true,"href":"https:\/\/mebipha.com\/online\/wp-json\/wp\/v2\/media\/10628"}],"wp:attachment":[{"href":"https:\/\/mebipha.com\/online\/wp-json\/wp\/v2\/media?parent=7020"}],"wp:term":[{"taxonomy":"product_brand","embeddable":true,"href":"https:\/\/mebipha.com\/online\/wp-json\/wp\/v2\/product_brand?post=7020"},{"taxonomy":"product_cat","embeddable":true,"href":"https:\/\/mebipha.com\/online\/wp-json\/wp\/v2\/product_cat?post=7020"},{"taxonomy":"product_tag","embeddable":true,"href":"https:\/\/mebipha.com\/online\/wp-json\/wp\/v2\/product_tag?post=7020"}],"curies":[{"name":"wp","href":"https:\/\/api.w.org\/{rel}","templated":true}]}}