{"id":5751,"date":"2019-05-07T15:00:25","date_gmt":"2019-05-07T08:00:25","guid":{"rendered":"https:\/\/mebipha.com\/?post_type=product&#038;p=5751"},"modified":"2024-01-17T10:58:57","modified_gmt":"2024-01-17T03:58:57","slug":"vitalec-4-wayca","status":"publish","type":"product","link":"https:\/\/mebipha.com\/online\/vitalec-4-wayca\/","title":{"rendered":"VITALEC-4 WAY(C\u00c1)"},"content":{"rendered":"","protected":false},"excerpt":{"rendered":"<p>S\u1ea2N PH\u1ea8M D\u1ea0NG B\u1ed8T GI\u1ea2M S\u1ed0C, GI\u1ea2M STRESS GI\u00daP C\u00c1 PH\u1ee4C H\u1ed2I NHANH SAU KHI B\u1ec6NH<\/p>\n<p><strong>TH\u00c0NH PH\u1ea6N<\/strong><\/p>\n<p>Vitamin B<sub>1<\/sub><sup>*<\/sup> (min)&#8230;&#8230;&#8230;&#8230;&#8230;&#8230;&#8230;&#8230;&#8230;&#8230;. 5.000 mg<\/p>\n<p>Vitamin B<sub>2<\/sub> (min)&#8230;&#8230;&#8230;&#8230;&#8230;&#8230;&#8230;&#8230;&#8230;&#8230;&#8230;2.000 mg<\/p>\n<p>Vitamin B<sub>6<\/sub> (min)&#8230;&#8230;&#8230;&#8230;&#8230;&#8230;&#8230;&#8230;&#8230;&#8230;.3.500 mg<\/p>\n<p>Vitamin B<sub>12<\/sub> (min)&#8230;&#8230;&#8230;&#8230;&#8230;&#8230;&#8230;&#8230;&#8230;..40.000 mcg<\/p>\n<p>Vitamin C (min)&#8230;&#8230;&#8230;&#8230;&#8230;&#8230;&#8230;&#8230;&#8230;&#8230;..25.000 mg<\/p>\n<p>Vitamin K<sub>3<\/sub> (min)&#8230;&#8230;&#8230;&#8230;&#8230;&#8230;&#8230;&#8230;&#8230;&#8230;. 500 mg<\/p>\n<p>Bacillus subtilis (min)&#8230;&#8230;&#8230;&#8230;&#8230;&#8230;&#8230;..1 x 10<sup>9<\/sup> CFU<\/p>\n<p>Sodium* (min \u2013 max)&#8230;&#8230;&#8230;&#8230;&#8230;&#8230;&#8230;.. 3.000 \u2013 5.500 mg<\/p>\n<p>Potassium chloride* (min \u2013 max)&#8230;&#8230;. 12.500 \u2013 16.000 mg<\/p>\n<p>Acid citric (min)&#8230;&#8230;&#8230;&#8230;&#8230;&#8230;&#8230;&#8230;&#8230;&#8230;&#8230;&#8230; 25.000 mg<\/p>\n<p>Lysine (min)&#8230;&#8230;&#8230;&#8230;&#8230;&#8230;&#8230;&#8230;&#8230;&#8230;&#8230;&#8230;&#8230;&#8230; 10.000 mg<\/p>\n<p>Kh\u00e1ng sinh, ch\u1ea5t c\u1ea5m&#8230;&#8230;&#8230;&#8230;&#8230;&#8230;&#8230;&#8230;&#8230;. Kh\u00f4ng c\u00f3<\/p>\n<p>Ethoxyquin&#8230;&#8230;&#8230;&#8230;&#8230;&#8230;&#8230;&#8230;&#8230;&#8230;&#8230;&#8230;&#8230;&#8230;&#8230; Kh\u00f4ng c\u00f3<\/p>\n<p>Ch\u1ea5t mang (Glucose) v\u1eeba \u0111\u1ee7&#8230;&#8230;&#8230;&#8230;&#8230;&#8230; 1kg<\/p>\n<p><strong>NGUY\u00caN LI\u1ec6U\u00a0 <\/strong>Pyridoxine HCl, Riboflavin, Pyridoxine HCl, Cyanocobalamin, Ascorbic acid, Menadion sodium bisulfite, <em>Bacillus subtilis<\/em>, Na<sub>2<\/sub>SeO<sub>3<\/sub>, Potassium chloride, acid citric, L-Lysine HCl, Dextrose monohydrate.<\/p>\n<p><strong>C\u00d4NG D\u1ee4NG<\/strong><\/p>\n<p>Ch\u1ed1ng stress, ch\u1ed1ng s\u1ed1c \u2013 n\u00e2ng cao s\u1ee9c \u0111\u1ec1 kh\u00e1ng.<\/p>\n<p>Gi\u00fap c\u00e1 ph\u1ee5c h\u1ed3i nhanh sau b\u1ec7nh.<\/p>\n<p>B\u00f9 c\u00e1c ch\u1ea5t \u0111i\u1ec7n gi\u1ea3i v\u00e0 c\u00e2n b\u1eb1ng h\u1ec7 vi khu\u1ea9n \u0111\u01b0\u1eddng ru\u1ed9t. T\u0103ng c\u01b0\u1eddng kh\u1ea3 n\u0103ng ti\u00eau h\u00f3a v\u00e0 h\u1ea5p thu d\u01b0\u1ee1ng ch\u1ea5t t\u1eeb th\u1ee9c \u0103n.<\/p>\n<p>Gi\u00fap c\u00e1 ph\u00e1t tri\u1ec3n t\u1ed1t.<\/p>\n","protected":false},"featured_media":9902,"comment_status":"closed","ping_status":"closed","template":"","meta":[],"product_brand":[],"product_cat":[71,107],"product_tag":[],"class_list":{"0":"post-5751","1":"product","2":"type-product","3":"status-publish","4":"has-post-thumbnail","6":"product_cat-thuoc-thuy-san","7":"product_cat-san-pham-cho-ca","9":"first","10":"instock","11":"shipping-taxable","12":"purchasable","13":"product-type-variable","14":"has-default-attributes"},"_links":{"self":[{"href":"https:\/\/mebipha.com\/online\/wp-json\/wp\/v2\/product\/5751","targetHints":{"allow":["GET"]}}],"collection":[{"href":"https:\/\/mebipha.com\/online\/wp-json\/wp\/v2\/product"}],"about":[{"href":"https:\/\/mebipha.com\/online\/wp-json\/wp\/v2\/types\/product"}],"replies":[{"embeddable":true,"href":"https:\/\/mebipha.com\/online\/wp-json\/wp\/v2\/comments?post=5751"}],"wp:featuredmedia":[{"embeddable":true,"href":"https:\/\/mebipha.com\/online\/wp-json\/wp\/v2\/media\/9902"}],"wp:attachment":[{"href":"https:\/\/mebipha.com\/online\/wp-json\/wp\/v2\/media?parent=5751"}],"wp:term":[{"taxonomy":"product_brand","embeddable":true,"href":"https:\/\/mebipha.com\/online\/wp-json\/wp\/v2\/product_brand?post=5751"},{"taxonomy":"product_cat","embeddable":true,"href":"https:\/\/mebipha.com\/online\/wp-json\/wp\/v2\/product_cat?post=5751"},{"taxonomy":"product_tag","embeddable":true,"href":"https:\/\/mebipha.com\/online\/wp-json\/wp\/v2\/product_tag?post=5751"}],"curies":[{"name":"wp","href":"https:\/\/api.w.org\/{rel}","templated":true}]}}