{"id":5583,"date":"2019-05-07T11:53:55","date_gmt":"2019-05-07T04:53:55","guid":{"rendered":"https:\/\/mebipha.com\/?post_type=product&#038;p=5583"},"modified":"2024-10-04T09:25:13","modified_gmt":"2024-10-04T02:25:13","slug":"glucan-40ca","status":"publish","type":"product","link":"https:\/\/mebipha.com\/online\/glucan-40ca\/","title":{"rendered":"GLUCAN 40%(C\u00c1)"},"content":{"rendered":"","protected":false},"excerpt":{"rendered":"<p><strong>S\u1ea2N PH\u1ea8M D\u1ea0NG B\u1ed8T <\/strong><strong>GIA T\u0102NG MI\u1ec4N D\u1ecaCH<\/strong><\/p>\n<p><strong>TH\u00c0NH PH\u1ea6N<\/strong><\/p>\n<p>\u03b2-Glucan* (min)&#8230;&#8230;&#8230;&#8230;.. 400.000 mg<\/p>\n<p><em>Bacillus subtilis<\/em> (min)&#8230;..1 x 10<sup>9 <\/sup>CFU<\/p>\n<p>Selenium (min \u2013 max)&#8230;. 180 \u2013 250 mg<\/p>\n<p>Kh\u00e1ng sinh, ch\u1ea5t c\u1ea5m&#8230;.. Kh\u00f4ng c\u00f3<\/p>\n<p>Ethoxyquin&#8230;&#8230;&#8230;&#8230;&#8230;&#8230; Kh\u00f4ng c\u00f3<\/p>\n<p>Ch\u1ea5t mang (Glucose) v\u1eeba \u0111\u1ee7&#8230;&#8230; 1 kg<\/p>\n<p><strong>NGUY\u00caN LI\u1ec6U\u00a0 <\/strong>N\u1ea5m men, <em>Bacillus subtilis<\/em>, Sodium selenite, Dextrose monohydrate.<\/p>\n<p><strong>C\u00d4NG D\u1ee4NG<\/strong><\/p>\n<p>B\u1ed5 sung beta glucan, vi khu\u1ea9n c\u00f3 l\u1ee3i, kho\u00e1ng cho c\u00e1, gi\u00fap t\u0103ng c\u01b0\u1eddng s\u1ee9c \u0111\u1ec1 kh\u00e1ng cho c\u00e1.<\/p>\n<p><strong>H\u01af\u1edaNG D\u1eaaN S\u1eec D\u1ee4NG V\u00c0 LI\u1ec0U D\u00d9NG<\/strong><\/p>\n<p>H\u00f2a tan v\u00e0o n\u01b0\u1edbc, tr\u1ed9n \u0111\u1ec1u v\u1edbi th\u1ee9c \u0103n, \u0111\u1ec3 r\u00e1o 15 ph\u00fat, sau \u0111\u00f3\u00a0 cho c\u00e1 \u0103n.<\/p>\n<p>C\u00e1 t\u1eeb 1-2 th\u00e1ng tu\u1ed5i\u00a0: 1kg\/50-60 t\u1ea5n c\u00e1, t\u00f4m. D\u00f9ng li\u00ean t\u1ee5c 3-5 ng\u00e0y, m\u1ed7i th\u00e1ng d\u00f9ng 2 \u0111\u1ee3t.<\/p>\n<p>C\u00e1 tr\u00ean 2 th\u00e1ng tu\u1ed5i\u00a0: 1kg\/60-80 t\u1ea5n c\u00e1, t\u00f4m. D\u00f9ng li\u00ean t\u1ee5c 3-5 ng\u00e0y, m\u1ed7i th\u00e1ng d\u00f9ng 2 \u0111\u1ee3t.<\/p>\n<p>Tr\u01b0\u1eddng h\u1ee3p b\u1ed5 sung li\u00ean t\u1ee5c trong su\u1ed1t qu\u00e1 tr\u00ecnh nu\u00f4i: 1kg\/100 t\u1ea5n c\u00e1.<\/p>\n<p>Khi c\u00e1 c\u00f3 bi\u1ec3u hi\u1ec7n stress ho\u1eb7c m\u1edbi ph\u00e1t b\u1ec7nh d\u00f9ng k\u1ebft h\u1ee3p kh\u00e1ng sinh: 1kg\/40 t\u1ea5n c\u00e1. D\u00f9ng li\u00ean t\u1ee5c 5-7 ng\u00e0y.<\/p>\n","protected":false},"featured_media":10652,"comment_status":"closed","ping_status":"closed","template":"","meta":[],"product_brand":[],"product_cat":[71,107],"product_tag":[],"class_list":{"0":"post-5583","1":"product","2":"type-product","3":"status-publish","4":"has-post-thumbnail","6":"product_cat-thuoc-thuy-san","7":"product_cat-san-pham-cho-ca","9":"first","10":"instock","11":"shipping-taxable","12":"purchasable","13":"product-type-variable","14":"has-default-attributes"},"_links":{"self":[{"href":"https:\/\/mebipha.com\/online\/wp-json\/wp\/v2\/product\/5583","targetHints":{"allow":["GET"]}}],"collection":[{"href":"https:\/\/mebipha.com\/online\/wp-json\/wp\/v2\/product"}],"about":[{"href":"https:\/\/mebipha.com\/online\/wp-json\/wp\/v2\/types\/product"}],"replies":[{"embeddable":true,"href":"https:\/\/mebipha.com\/online\/wp-json\/wp\/v2\/comments?post=5583"}],"wp:featuredmedia":[{"embeddable":true,"href":"https:\/\/mebipha.com\/online\/wp-json\/wp\/v2\/media\/10652"}],"wp:attachment":[{"href":"https:\/\/mebipha.com\/online\/wp-json\/wp\/v2\/media?parent=5583"}],"wp:term":[{"taxonomy":"product_brand","embeddable":true,"href":"https:\/\/mebipha.com\/online\/wp-json\/wp\/v2\/product_brand?post=5583"},{"taxonomy":"product_cat","embeddable":true,"href":"https:\/\/mebipha.com\/online\/wp-json\/wp\/v2\/product_cat?post=5583"},{"taxonomy":"product_tag","embeddable":true,"href":"https:\/\/mebipha.com\/online\/wp-json\/wp\/v2\/product_tag?post=5583"}],"curies":[{"name":"wp","href":"https:\/\/api.w.org\/{rel}","templated":true}]}}