{"id":5540,"date":"2019-05-07T11:10:50","date_gmt":"2019-05-07T04:10:50","guid":{"rendered":"https:\/\/mebipha.com\/?post_type=product&#038;p=5540"},"modified":"2025-12-29T16:05:03","modified_gmt":"2025-12-29T09:05:03","slug":"amino-phosphoric-2","status":"publish","type":"product","link":"https:\/\/mebipha.com\/online\/amino-phosphoric-2\/","title":{"rendered":"AMINO PHOSPHORIC"},"content":{"rendered":"<p><strong>B\u1ea2O V\u1ec6 GAN V\u00c0 TH\u1eacN CHO V\u1eacT NU\u00d4I<\/strong><\/p>\n<p><strong>Thu\u1ed1c b\u1ed9t u\u1ed1ng<\/strong><\/p>\n<p><strong>C\u00d4NG TH\u1ee8C<\/strong><\/p>\n<p>Ethanol \u03b2 aminophosphoric acid: 100g<\/p>\n<p>Sodium Benzoate: 100g<\/p>\n<p>T\u00e1 d\u01b0\u1ee3c c\u00f3 ch\u1ee9a Nucleotide v\u1eeba \u0111\u1ee7: 1kg<\/p>\n<p><strong>AMINO PHOSPHORIC<\/strong> r\u1ea5t an to\u00e0n, kh\u00f4ng t\u1ed3n d\u01b0 thu\u1ed1c g\u00e2y \u1ea3nh h\u01b0\u1edfng s\u1ee9c kh\u1ecfe v\u1eadt nu\u00f4i c\u0169ng nh\u01b0 ng\u01b0\u1eddi ti\u00eau d\u00f9ng.<\/p>\n<p><strong>C\u00d4NG D\u1ee4NG S\u1ea2N PH\u1ea8M<\/strong><\/p>\n<p><strong>Tr\u00ean b\u00ea, c\u1eebu, heo, g\u00e0, v\u1ecbt:<\/strong><\/p>\n<p>T\u0103ng c\u01b0\u1eddng ch\u1ee9c n\u0103ng gan, th\u1eadn v\u00e0 h\u1ed7 tr\u1ee3 ph\u1ee5c h\u1ed3i m\u00f4 b\u00e0o gan, th\u1eadn t\u1ed5n th\u01b0\u01a1ng trong c\u00e1c b\u1ec7nh s\u1ecfi th\u1eadn, k\u00fd sinh tr\u00f9ng, nhi\u1ec5m khu\u1ea9n, s\u1eed d\u1ee5ng thu\u1ed1c kh\u00e1ng sinh, kh\u00e1ng c\u1ea7u tr\u00f9ng, sulfonamide trong th\u1eddi gian d\u00e0i.<\/p>\n<p><strong>CH\u1ed0NG CH\u1ec8 \u0110\u1ecaNH<\/strong><\/p>\n<p>Kh\u00f4ng d\u00f9ng qu\u00e1 li\u1ec1u ch\u1ec9 \u0111\u1ecbnh.<\/p>\n<p>Kh\u00f4ng d\u00f9ng cho v\u1eadt nu\u00f4i m\u1eabn c\u1ea3m v\u1edbi c\u00e1c th\u00e0nh ph\u1ea7n c\u1ee7a thu\u1ed1c.<\/p>\n<p><strong>S\u1eec D\u1ee4NG<\/strong><\/p>\n<p>Pha v\u00e0o n\u01b0\u1edbc u\u1ed1ng.<\/p>\n<p><strong>G\u00e0, v\u1ecbt:<\/strong> 1g\/10kg th\u1ec3 tr\u1ecdng ho\u1eb7c 1g\/1-2 l\u00edt n\u01b0\u1edbc u\u1ed1ng, d\u00f9ng li\u00ean t\u1ee5c 3-5 ng\u00e0y.<\/p>\n<p><strong>Heo, b\u00ea, c\u1eebu:<\/strong> 1g\/15kg th\u1ec3 tr\u1ecdng, d\u00f9ng li\u00ean t\u1ee5c 3-5 ng\u00e0y.<\/p>\n<p>&nbsp;<\/p>\n","protected":false},"excerpt":{"rendered":"<p><strong>B\u1ea2O V\u1ec6 GAN V\u00c0 TH\u1eacN CHO V\u1eacT NU\u00d4I<\/strong><\/p>\n<p><strong>Thu\u1ed1c b\u1ed9t u\u1ed1ng<\/strong><\/p>\n<p><strong>C\u00d4NG TH\u1ee8C<\/strong><\/p>\n<p>Ethanol \u03b2 aminophosphoric acid: 100g<\/p>\n<p>Sodium Benzoate: 100g<\/p>\n<p>T\u00e1 d\u01b0\u1ee3c c\u00f3 ch\u1ee9a Nucleotide v\u1eeba \u0111\u1ee7: 1kg<\/p>\n<p><strong>\u0110\u1eb6C \u0110I\u1ec2M S\u1ea2N PH\u1ea8M<\/strong><\/p>\n<p><a href=\"https:\/\/mebipha.com\/online\/amino-phosphoric-2\/\"><strong>AMINO PHOSPHORIC<\/strong><\/a>\u00a0v\u1edbi th\u00e0nh ph\u1ea7n ch\u00ednh l\u00e0 Ethanol \u03b2 aminophosphoric acid v\u00e0 Sodium Benzoate. Ch\u1ebf ph\u1ea9m c\u00f3 th\u1ec3 gi\u00fap ph\u1ee5c h\u1ed3i m\u00f4 gan ch\u1ec9 sau 36 gi\u1edd v\u00e0 t\u00e1i t\u1ea1o t\u1ebf b\u00e0o th\u1eadn ch\u1ec9 sau 72 gi\u1edd. S\u1ef1 ph\u1ed1i h\u1ee3p gi\u1eefa Ethanol \u03b2 aminophosphoric v\u00e0 Vitamin B12 c\u00f3 t\u00e1c d\u1ee5ng hi\u1ec7p \u0111\u1ed3ng gi\u00fap ph\u1ee5c h\u1ed3i ch\u1ee9c n\u0103ng gan th\u1eadn, ph\u1ee5c h\u1ed3i m\u00f4 b\u00e0o gan, th\u1eadn b\u1ecb t\u1ed5n th\u01b0\u01a1ng do \u0111\u1ed9c t\u1ed1 n\u1ea5m m\u1ed1c v\u00e0 c\u00e1c b\u1ec7nh m\u00e3n t\u00ednh kh\u00e1c. Ngo\u00e0i ra, s\u1ef1 k\u1ebft h\u1ee3p n\u00e0y c\u00f2n \u0111\u01b0\u1ee3c coi l\u00e0 m\u1ed9t gi\u1ea3i ph\u00e1p ch\u1ed1ng stress do r\u1ed1i lo\u1ea1n chuy\u1ec3n h\u00f3a ho\u1eb7c c\u00e1c v\u1ea5n \u0111\u1ec1 r\u1ed1i lo\u1ea1n dinh d\u01b0\u1ee1ng. B\u00ean c\u1ea1nh \u0111\u00f3, ch\u1ebf ph\u1ea9m c\u00f2n gi\u00fap c\u1ea3i thi\u1ec7n t\u00ecnh tr\u1ea1ng s\u1ee9c kh\u1ecfe v\u1eadt nu\u00f4i b\u1eb1ng c\u00e1ch k\u00edch th\u00edch h\u1ec7 th\u1ed1ng mi\u1ec5n d\u1ecbch, ch\u1ee9c n\u0103ng ti\u00eau h\u00f3a v\u00e0 l\u01b0\u1ee3ng th\u1ee9c \u0103n ti\u00eau th\u1ee5.<\/p>\n<p><strong>AMINO PHOSPHORIC<\/strong> r\u1ea5t an to\u00e0n, kh\u00f4ng t\u1ed3n d\u01b0 thu\u1ed1c g\u00e2y \u1ea3nh h\u01b0\u1edfng s\u1ee9c kh\u1ecfe v\u1eadt nu\u00f4i c\u0169ng nh\u01b0 ng\u01b0\u1eddi ti\u00eau d\u00f9ng.<\/p>\n<p><strong>C\u00d4NG D\u1ee4NG S\u1ea2N PH\u1ea8M<\/strong><\/p>\n<p><strong>Tr\u00ean b\u00ea, c\u1eebu, heo, g\u00e0, v\u1ecbt:<\/strong><\/p>\n<p>T\u0103ng c\u01b0\u1eddng ch\u1ee9c n\u0103ng gan, th\u1eadn v\u00e0 h\u1ed7 tr\u1ee3 ph\u1ee5c h\u1ed3i m\u00f4 b\u00e0o gan, th\u1eadn t\u1ed5n th\u01b0\u01a1ng trong c\u00e1c b\u1ec7nh s\u1ecfi th\u1eadn, k\u00fd sinh tr\u00f9ng, nhi\u1ec5m khu\u1ea9n, s\u1eed d\u1ee5ng thu\u1ed1c kh\u00e1ng sinh, kh\u00e1ng c\u1ea7u tr\u00f9ng, sulfonamide trong th\u1eddi gian d\u00e0i.<\/p>\n<p><strong>CH\u1ed0NG CH\u1ec8 \u0110\u1ecaNH<\/strong><\/p>\n<p>Kh\u00f4ng d\u00f9ng qu\u00e1 li\u1ec1u ch\u1ec9 \u0111\u1ecbnh.<\/p>\n<p>Kh\u00f4ng d\u00f9ng cho v\u1eadt nu\u00f4i m\u1eabn c\u1ea3m v\u1edbi c\u00e1c th\u00e0nh ph\u1ea7n c\u1ee7a thu\u1ed1c.<\/p>\n<p><strong>S\u1eec D\u1ee4NG<\/strong><\/p>\n<p>Pha v\u00e0o n\u01b0\u1edbc u\u1ed1ng.<\/p>\n<p><strong>G\u00e0, v\u1ecbt:<\/strong> 1g\/10kg th\u1ec3 tr\u1ecdng ho\u1eb7c 1g\/1-2 l\u00edt n\u01b0\u1edbc u\u1ed1ng, d\u00f9ng li\u00ean t\u1ee5c 3-5 ng\u00e0y.<\/p>\n<p><strong>Heo, b\u00ea, c\u1eebu:<\/strong> 1g\/15kg th\u1ec3 tr\u1ecdng, d\u00f9ng li\u00ean t\u1ee5c 3-5 ng\u00e0y.<\/p>\n<p><strong>Kh\u00f4ng c\u1ea7n th\u1eddi gian ng\u01b0ng thu\u1ed1c<\/strong><strong>.<\/strong><\/p>\n<p><strong>B\u1ea2O QU\u1ea2N<\/strong><\/p>\n<p>N\u01a1i kh\u00f4 r\u00e1o, tho\u00e1ng m\u00e1t, nhi\u1ec7t \u0111\u1ed9 d\u01b0\u1edbi 30<sup>0<\/sup>C. Tr\u00e1nh \u00e1nh n\u1eafng tr\u1ef1c ti\u1ebfp, tr\u00e1nh xa t\u1ea7m tay tr\u1ebb em.<\/p>\n<p><strong>H\u1ea0N S\u1eec D\u1ee4NG S\u1ea2N PH\u1ea8M<\/strong><\/p>\n<p>24 th\u00e1ng k\u1ec3 t\u1eeb ng\u00e0y s\u1ea3n xu\u1ea5t.<\/p>\n<p><strong>\u0110\u00d3NG G\u00d3I<\/strong><\/p>\n<p>50g, 100g, 1kg\/lon, 1kg\/lon (10 trong 1), 2kg\/lon (4 trong 1)<\/p>\n<p><strong>S\u1ed1 \u0111\u0103ng k\u00fd: MBP-168<\/strong><\/p>\n","protected":false},"featured_media":11124,"comment_status":"closed","ping_status":"closed","template":"","meta":[],"product_brand":[],"product_cat":[62,142],"product_tag":[],"class_list":{"0":"post-5540","1":"product","2":"type-product","3":"status-publish","4":"has-post-thumbnail","6":"product_cat-thuoc-thu-y","7":"product_cat-danh-muc-san-pham-gia-cam","9":"first","10":"instock","11":"shipping-taxable","12":"purchasable","13":"product-type-variable","14":"has-default-attributes"},"_links":{"self":[{"href":"https:\/\/mebipha.com\/online\/wp-json\/wp\/v2\/product\/5540","targetHints":{"allow":["GET"]}}],"collection":[{"href":"https:\/\/mebipha.com\/online\/wp-json\/wp\/v2\/product"}],"about":[{"href":"https:\/\/mebipha.com\/online\/wp-json\/wp\/v2\/types\/product"}],"replies":[{"embeddable":true,"href":"https:\/\/mebipha.com\/online\/wp-json\/wp\/v2\/comments?post=5540"}],"wp:featuredmedia":[{"embeddable":true,"href":"https:\/\/mebipha.com\/online\/wp-json\/wp\/v2\/media\/11124"}],"wp:attachment":[{"href":"https:\/\/mebipha.com\/online\/wp-json\/wp\/v2\/media?parent=5540"}],"wp:term":[{"taxonomy":"product_brand","embeddable":true,"href":"https:\/\/mebipha.com\/online\/wp-json\/wp\/v2\/product_brand?post=5540"},{"taxonomy":"product_cat","embeddable":true,"href":"https:\/\/mebipha.com\/online\/wp-json\/wp\/v2\/product_cat?post=5540"},{"taxonomy":"product_tag","embeddable":true,"href":"https:\/\/mebipha.com\/online\/wp-json\/wp\/v2\/product_tag?post=5540"}],"curies":[{"name":"wp","href":"https:\/\/api.w.org\/{rel}","templated":true}]}}