{"id":5519,"date":"2020-03-30T15:35:05","date_gmt":"2020-03-30T08:35:05","guid":{"rendered":"https:\/\/mebipha.com\/?post_type=product&#038;p=5519"},"modified":"2025-12-29T14:01:21","modified_gmt":"2025-12-29T07:01:21","slug":"amox-ac-50-new","status":"publish","type":"product","link":"https:\/\/mebipha.com\/online\/amox-ac-50-new\/","title":{"rendered":"AMOX AC 50% NEW"},"content":{"rendered":"<p><strong>Thu\u1ed1c b\u1ed9t tr\u1ed9n th\u1ee9c \u0103n ho\u1eb7c pha n\u01b0\u1edbc u\u1ed1ng<\/strong><\/p>\n<p><strong>C\u00d4NG TH\u1ee8C<\/strong><\/p>\n<p>Amoxicillin trihydrate: 500g<\/p>\n<p>T\u00e1 d\u01b0\u1ee3c v\u1eeba \u0111\u1ee7: 1kg<\/p>\n<p><strong>\u0110\u1eb6C T\u00cdNH D\u01af\u1ee2C L\u00dd S\u1ea2N PH\u1ea8M<\/strong><\/p>\n<p>Amoxicillin l\u00e0 kh\u00e1ng sinh thu\u1ed9c nh\u00f3m Penicillin, c\u00f3 ho\u1ea1t t\u00ednh s\u00e1t khu\u1ea9n, t\u00e1c \u0111\u1ed9ng v\u00e0o qu\u00e1 tr\u00ecnh nh\u00e2n l\u00ean c\u1ee7a vi khu\u1ea9n, \u1ee9c ch\u1ebf s\u1ef1 t\u1ed5ng h\u1ee3p peptidoglycan c\u1ee7a th\u00e0nh t\u1ebf b\u00e0o vi khu\u1ea9n.<\/p>\n<p>C\u00f3 ph\u1ed5 kh\u00e1ng khu\u1ea9n r\u1ed9ng, t\u00e1c \u0111\u1ed9ng l\u00ean ph\u1ea7n l\u1edbn vi khu\u1ea9n Gr(-) v\u00e0 vi\u00a0 khu\u1ea9n Gr(+) nh\u01b0 c\u00e1c lo\u00e0i: <em>E.col, Haemophillus, Salmonella, Shigella, Corynebacteria, Clostridium, Streptococcus,\u00a0 Staphilococcus, Bacillus anthracis, Klebsiella , Listeria monocytogenes, Proteus , Brucella, Pasteurella , Treponema pallidium,\u2026<\/em><\/p>\n<p><strong>C\u00d4NG D\u1ee4NG C\u1ee6A S\u1ea2N PH\u1ea8M<\/strong><\/p>\n<p><strong>AMOX AC 50%<\/strong> c\u00f3 hi\u1ec7u qu\u1ea3 ch\u1ed1ng l\u1ea1i c\u00e1c b\u1ec7nh nhi\u1ec5m tr\u00f9ng \u0111\u01b0\u1eddng h\u00f4 h\u1ea5p v\u00e0 ti\u00eau h\u00f3a tr\u00ean gia c\u1ea7m:<\/p>\n<p>B\u1ec7nh h\u00f4 h\u1ea5p m\u00e3n t\u00ednh (CRD) v\u00e0 c\u00e1c bi\u1ebfn ch\u1ee9ng c\u1ee7a b\u1ec7nh CCRD nh\u01b0 kh\u00f3 th\u1edf, th\u1edf kh\u00f2 kh\u00e8, ch\u1ea3y n\u01b0\u1edbc m\u0169i, s\u01b0ng ph\u00f9 \u0111\u1ea7u.<\/p>\n<p>Ti\u00eau ch\u1ea3y ph\u00e2n s\u1ed1ng, ti\u00eau ch\u1ea3y ph\u00e2n xanh, ph\u00e2n tr\u1eafng, vi\u00eam ru\u1ed9t ho\u1ea1i t\u1eed.<\/p>\n<p>&nbsp;<\/p>\n<p>Ngo\u00e0i ra, <strong>AMOX AC 50%<\/strong> c\u00f3 t\u00e1c d\u1ee5ng ph\u00f2ng tr\u1ecb b\u1ec7nh vi\u00eam kh\u1edbp do Mycoplasma v\u1edbi c\u00e1c tri\u1ec7u ch\u1ee9ng nh\u01b0 s\u01b0ng kh\u1edbp, g\u00e0 \u0111i \u0111\u1ee9ng kh\u00f3 kh\u0103n ho\u1eb7c kh\u00f4ng \u0111i \u0111\u01b0\u1ee3c.<\/p>\n<p><strong>CH\u1ed0NG CH\u1ec8 \u0110\u1ecaNH <\/strong><\/p>\n<p>Kh\u00f4ng s\u1eed d\u1ee5ng thu\u1ed1c cho v\u1eadt nu\u00f4i m\u1eabn c\u1ea3m v\u1edbi Penicillin, v\u1eadt nu\u00f4i b\u1ecb suy gi\u1ea3m ch\u1ee9c n\u0103ng th\u1eadn nghi\u00eam tr\u1ecdng.<\/p>\n<p><strong>S\u1eec D\u1ee4NG<\/strong><\/p>\n<p>Tr\u1ed9n v\u00e0o th\u1ee9c \u0103n hay pha n\u01b0\u1edbc u\u1ed1ng:<\/p>\n<p>Li\u1ec1u t\u1ed5ng qu\u00e1t: 1g\/30-40kg th\u1ec3 tr\u1ecdng.<\/p>\n<p>Li\u1ec1u ph\u00f2ng: 1g\/3-4 l\u00edt n\u01b0\u1edbc u\u1ed1ng, d\u00f9ng li\u00ean t\u1ee5c 3-4 ng\u00e0y.<\/p>\n<p>Li\u1ec1u tr\u1ecb: 1g\/2 l\u00edt n\u01b0\u1edbc u\u1ed1ng, d\u00f9ng li\u00ean t\u1ee5c 5-7 ng\u00e0y.<\/p>\n<p>Th\u1eddi gian ng\u01b0ng s\u1eed d\u1ee5ng thu\u1ed1c<\/p>\n<p>7 ng\u00e0y tr\u01b0\u1edbc khi gi\u1ebft th\u1ecbt.<\/p>\n<p><strong>B\u1ea2O QU\u1ea2N: <\/strong>N\u01a1i kh\u00f4 r\u00e1o, tho\u00e1ng m\u00e1t, nhi\u1ec7t \u0111\u1ed9 d\u01b0\u1edbi 30<sup>0<\/sup>C. Tr\u00e1nh \u00e1nh n\u1eafng tr\u1ef1c ti\u1ebfp, tr\u00e1nh xa t\u1ea7m tay tr\u1ebb em.<\/p>\n<p><strong>H\u1ea0N D\u00d9NG<\/strong><\/p>\n<p>36 th\u00e1ng k\u1ec3 t\u1eeb ng\u00e0y s\u1ea3n xu\u1ea5t<\/p>\n<p><strong>\u0110\u00d3NG G\u00d3I<\/strong><\/p>\n<p>10g, 100g, 1kg\/lon, 1kg\/lon (10 trong 1), 5kg\/x\u00f4 (5 trong 1)<\/p>\n<p><strong>S\u1ed1 \u0111\u0103ng k\u00fd: MBP-66<\/strong><\/p>\n","protected":false},"excerpt":{"rendered":"<p>Thu\u1ed1c Gia C\u1ea7m AMOX AC 50% NEW ph\u00f2ng tr\u1ecb b\u1ec7nh h\u00f4 h\u1ea5p m\u00e3n t\u00ednh (CRD) v\u00e0 c\u00e1c bi\u1ebfn ch\u1ee9ng c\u1ee7a b\u1ec7nh (CCRD) : Th\u1edf kh\u00f3, th\u1edf kh\u00f2 kh\u00e8, ch\u1ea3y n\u01b0\u1edbc m\u0169i, s\u01b0ng ph\u00f9 \u0111\u1ea7u.<\/p>\n","protected":false},"featured_media":9867,"comment_status":"closed","ping_status":"closed","template":"","meta":[],"product_brand":[],"product_cat":[62,142],"product_tag":[],"class_list":{"0":"post-5519","1":"product","2":"type-product","3":"status-publish","4":"has-post-thumbnail","6":"product_cat-thuoc-thu-y","7":"product_cat-danh-muc-san-pham-gia-cam","9":"first","10":"instock","11":"shipping-taxable","12":"purchasable","13":"product-type-variable","14":"has-default-attributes"},"_links":{"self":[{"href":"https:\/\/mebipha.com\/online\/wp-json\/wp\/v2\/product\/5519","targetHints":{"allow":["GET"]}}],"collection":[{"href":"https:\/\/mebipha.com\/online\/wp-json\/wp\/v2\/product"}],"about":[{"href":"https:\/\/mebipha.com\/online\/wp-json\/wp\/v2\/types\/product"}],"replies":[{"embeddable":true,"href":"https:\/\/mebipha.com\/online\/wp-json\/wp\/v2\/comments?post=5519"}],"wp:featuredmedia":[{"embeddable":true,"href":"https:\/\/mebipha.com\/online\/wp-json\/wp\/v2\/media\/9867"}],"wp:attachment":[{"href":"https:\/\/mebipha.com\/online\/wp-json\/wp\/v2\/media?parent=5519"}],"wp:term":[{"taxonomy":"product_brand","embeddable":true,"href":"https:\/\/mebipha.com\/online\/wp-json\/wp\/v2\/product_brand?post=5519"},{"taxonomy":"product_cat","embeddable":true,"href":"https:\/\/mebipha.com\/online\/wp-json\/wp\/v2\/product_cat?post=5519"},{"taxonomy":"product_tag","embeddable":true,"href":"https:\/\/mebipha.com\/online\/wp-json\/wp\/v2\/product_tag?post=5519"}],"curies":[{"name":"wp","href":"https:\/\/api.w.org\/{rel}","templated":true}]}}