{"id":5418,"date":"2019-04-17T11:06:00","date_gmt":"2019-04-17T04:06:00","guid":{"rendered":"https:\/\/mebipha.com\/?post_type=product&#038;p=5418"},"modified":"2025-12-29T15:03:52","modified_gmt":"2025-12-29T08:03:52","slug":"septic","status":"publish","type":"product","link":"https:\/\/mebipha.com\/online\/septic\/","title":{"rendered":"SEPTIC"},"content":{"rendered":"<p><strong>S\u00c1T TR\u00d9NG PH\u1ed4 R\u1ed8NG<\/strong><\/p>\n<p><strong>HI\u1ec6U QU\u1ea2 V\u1edaI C\u00c1C T\u00c1C NH\u00c2N G\u00c2Y B\u1ec6NH D\u1ecaCH T\u1ea2 HEO, B\u1ec6NH TAI XANH, L\u1ede M\u1ed2M LONG M\u00d3NG, C\u00daM GIA C\u1ea6M<\/strong><\/p>\n<p><strong>Dung d\u1ecbch d\u00f9ng ngo\u00e0i<\/strong><\/p>\n<p><strong>C\u00d4NG TH\u1ee8C<\/strong><\/p>\n<p>Alkyl dimethyl benzyl ammonium chloride: 200g<\/p>\n<p>Glutaraldehyde: 115g<\/p>\n<p>Dung m\u00f4i v\u1eeba \u0111\u1ee7: 1 l\u00edt<\/p>\n<p><strong>\u0110\u1eb6C T\u00cdNH D\u01af\u1ee2C L\u00dd S\u1ea2N PH\u1ea8M<\/strong><\/p>\n<p><strong>SEPTIC <\/strong>ch\u1ee9a c\u00e1c ho\u1ea1t ch\u1ea5t c\u00f3 t\u00ednh di\u1ec7t khu\u1ea9n m\u1ea1nh, ph\u1ed5 r\u1ed9ng, t\u00e1c \u0111\u1ed9ng nhanh v\u00e0 k\u00e9o d\u00e0i (7 \u2013 10 ng\u00e0y), ti\u00eau di\u1ec7t c\u00e1c virus, vi khu\u1ea9n gram (-), gram (+), b\u00e0o t\u1eed v\u00e0 c\u00e1c vi n\u1ea5m g\u00e2y b\u1ec7nh.<\/p>\n<p>S\u1ea3n ph\u1ea9m r\u1ea5t an to\u00e0n v\u00e0 d\u1ec5 s\u1eed d\u1ee5ng, kh\u00f4ng b\u1ecb \u1ea3nh h\u01b0\u1edfng b\u1edfi ch\u1ea5t l\u01b0\u1ee3ng ngu\u1ed3n n\u01b0\u1edbc v\u00e0 \u0111\u1ed9 pH c\u1ee7a m\u00f4i tr\u01b0\u1eddng.<\/p>\n<p><strong>C\u00d4NG D\u1ee4NG S\u1ea2N PH\u1ea8M<\/strong><\/p>\n<p>S\u00e1t tr\u00f9ng h\u1ea7u h\u1ebft c\u00e1c t\u00e1c nh\u00e2n g\u00e2y b\u1ec7nh trong chu\u1ed3ng nu\u00f4i, d\u1ee5ng c\u1ee5, trang thi\u1ebft b\u1ecb v\u00e0 ph\u01b0\u01a1ng ti\u1ec7n v\u1eadn chuy\u1ec3n trong tr\u1ea1i ch\u0103n nu\u00f4i:<\/p>\n<p>Vi khu\u1ea9n: E.coli, Mycoplasma,&#8230;<\/p>\n<p>Virus: Virus g\u00e2y b\u1ec7nh Gumboro, Newscatle, FMD, Aujeszky, TGE, d\u1ecbch t\u1ea3 heo Ch\u00e2u Phi (ASF),&#8230;<\/p>\n<p>B\u00e0o t\u1eed: Spore of Clostridia,..<\/p>\n<p>N\u1ea5m: Candida albicans,&#8230;<\/p>\n<p><strong>CH\u1ed0NG CH\u1ec8 \u0110\u1ecaNH<\/strong><\/p>\n<p>Kh\u00f4ng d\u00f9ng qu\u00e1 li\u1ec1u ch\u1ec9 \u0111\u1ecbnh.<\/p>\n<p>Kh\u00f4ng d\u00f9ng cho v\u1eadt nu\u00f4i m\u1eabn c\u1ea3m v\u1edbi c\u00e1c th\u00e0nh ph\u1ea7n c\u1ee7a thu\u1ed1c.<\/p>\n<p><strong>S\u1eec D\u1ee4NG<\/strong><\/p>\n<p>Phun x\u1ecbt chu\u1ed3ng tr\u1ea1i khi c\u00f3 gia s\u00fac pha theo t\u1ec9 l\u1ec7 1\/500, \u0111\u1ecbnh k\u1ef3 m\u1ed7i tu\u1ea7n 1-2 l\u1ea7n. S\u00e1t tr\u00f9ng chu\u1ed3ng tr\u1ea1i tr\u1ed1ng, tr\u01b0\u1edbc v\u00e0 sau khi nu\u00f4i: pha theo t\u1ec9 l\u1ec7 1\/250.<\/p>\n<p>B\u1ec7nh do virus: d\u00f9ng theo t\u1ec9 l\u1ec7 1\/200-300<\/p>\n<p>B\u1ec7nh do vi tr\u00f9ng: d\u00f9ng theo t\u1ec9 l\u1ec7 1\/300-400.<\/p>\n<p>H\u1ed1 s\u00e1t tr\u00f9ng: pha lo\u00e3ng \u1edf n\u1ed3ng \u0111\u1ed9 1\/100<\/p>\n<p><strong>H\u1ea1n s\u1eed d\u1ee5ng s\u1ea3n ph\u1ea9m <\/strong><\/p>\n<p>24 th\u00e1ng k\u1ec3 t\u1eeb ng\u00e0y s\u1ea3n xu\u1ea5t.<\/p>\n<p><strong>B\u1ea2O QU\u1ea2N<\/strong><\/p>\n<p>N\u01a1i kh\u00f4 r\u00e1o, tho\u00e1ng m\u00e1t, nhi\u1ec7t \u0111\u1ed9 d\u01b0\u1edbi 30<sup>0<\/sup>C. Tr\u00e1nh \u00e1nh n\u1eafng tr\u1ef1c ti\u1ebfp, tr\u00e1nh xa t\u1ea7m tay tr\u1ebb em.<\/p>\n<p><strong>\u0110\u00d3NG G\u00d3I<\/strong><\/p>\n<p><strong>50ml, 100ml, 500ml, 1 l\u00edt, 5 l\u00edt, 20 l\u00edt<\/strong><\/p>\n<p><strong>S\u1ed1 \u0111\u0103ng k\u00fd: MBP-121<\/strong><\/p>\n","protected":false},"excerpt":{"rendered":"<p><strong>S\u00c1T TR\u00d9NG PH\u1ed4 R\u1ed8NG<\/strong><\/p>\n<p><strong>HI\u1ec6U QU\u1ea2 V\u1edaI C\u00c1C T\u00c1C NH\u00c2N G\u00c2Y B\u1ec6NH D\u1ecaCH T\u1ea2 HEO, B\u1ec6NH TAI XANH, L\u1ede M\u1ed2M LONG M\u00d3NG, C\u00daM GIA C\u1ea6M<\/strong><\/p>\n<p><strong>Dung d\u1ecbch d\u00f9ng ngo\u00e0i<\/strong><\/p>\n<p><strong>C\u00d4NG TH\u1ee8C<\/strong><\/p>\n<p>Alkyl dimethyl benzyl ammonium chloride: 200g<\/p>\n<p>Glutaraldehyde: 115g<\/p>\n<p>Dung m\u00f4i v\u1eeba \u0111\u1ee7: 1 l\u00edt<\/p>\n<p><strong>C\u00d4NG D\u1ee4NG S\u1ea2N PH\u1ea8M<\/strong><\/p>\n<p>S\u00e1t tr\u00f9ng h\u1ea7u h\u1ebft c\u00e1c t\u00e1c nh\u00e2n g\u00e2y b\u1ec7nh trong chu\u1ed3ng nu\u00f4i, d\u1ee5ng c\u1ee5, trang thi\u1ebft b\u1ecb v\u00e0 ph\u01b0\u01a1ng ti\u1ec7n v\u1eadn chuy\u1ec3n trong tr\u1ea1i ch\u0103n nu\u00f4i:<\/p>\n<p>Vi khu\u1ea9n: E.coli, Mycoplasma,&#8230;<\/p>\n<p>Virus: Virus g\u00e2y b\u1ec7nh Gumboro, Newscatle, FMD, Aujeszky, TGE, d\u1ecbch t\u1ea3 heo Ch\u00e2u Phi (ASF),&#8230;<\/p>\n<p>B\u00e0o t\u1eed: Spore of Clostridia,..<\/p>\n<p>N\u1ea5m: Candida albicans,&#8230;<\/p>\n<p><strong>CH\u1ed0NG CH\u1ec8 \u0110\u1ecaNH<\/strong><\/p>\n<p>Kh\u00f4ng d\u00f9ng qu\u00e1 li\u1ec1u ch\u1ec9 \u0111\u1ecbnh.<\/p>\n<p>Kh\u00f4ng d\u00f9ng cho v\u1eadt nu\u00f4i m\u1eabn c\u1ea3m v\u1edbi c\u00e1c th\u00e0nh ph\u1ea7n c\u1ee7a thu\u1ed1c.<\/p>\n<p><strong>S\u1eec D\u1ee4NG<\/strong><\/p>\n<p>Phun x\u1ecbt chu\u1ed3ng tr\u1ea1i khi c\u00f3 gia s\u00fac pha theo t\u1ec9 l\u1ec7 1\/500, \u0111\u1ecbnh k\u1ef3 m\u1ed7i tu\u1ea7n 1-2 l\u1ea7n. S\u00e1t tr\u00f9ng chu\u1ed3ng tr\u1ea1i tr\u1ed1ng, tr\u01b0\u1edbc v\u00e0 sau khi nu\u00f4i: pha theo t\u1ec9 l\u1ec7 1\/250.<\/p>\n<p>B\u1ec7nh do virus: d\u00f9ng theo t\u1ec9 l\u1ec7 1\/200-300<\/p>\n<p>B\u1ec7nh do vi tr\u00f9ng: d\u00f9ng theo t\u1ec9 l\u1ec7 1\/300-400.<\/p>\n<p>H\u1ed1 s\u00e1t tr\u00f9ng: pha lo\u00e3ng \u1edf n\u1ed3ng \u0111\u1ed9 1\/100<\/p>\n<p>&nbsp;<\/p>\n","protected":false},"featured_media":10330,"comment_status":"closed","ping_status":"closed","template":"","meta":[],"product_brand":[],"product_cat":[62],"product_tag":[],"class_list":{"0":"post-5418","1":"product","2":"type-product","3":"status-publish","4":"has-post-thumbnail","6":"product_cat-thuoc-thu-y","8":"first","9":"instock","10":"shipping-taxable","11":"purchasable","12":"product-type-variable","13":"has-default-attributes"},"_links":{"self":[{"href":"https:\/\/mebipha.com\/online\/wp-json\/wp\/v2\/product\/5418","targetHints":{"allow":["GET"]}}],"collection":[{"href":"https:\/\/mebipha.com\/online\/wp-json\/wp\/v2\/product"}],"about":[{"href":"https:\/\/mebipha.com\/online\/wp-json\/wp\/v2\/types\/product"}],"replies":[{"embeddable":true,"href":"https:\/\/mebipha.com\/online\/wp-json\/wp\/v2\/comments?post=5418"}],"wp:featuredmedia":[{"embeddable":true,"href":"https:\/\/mebipha.com\/online\/wp-json\/wp\/v2\/media\/10330"}],"wp:attachment":[{"href":"https:\/\/mebipha.com\/online\/wp-json\/wp\/v2\/media?parent=5418"}],"wp:term":[{"taxonomy":"product_brand","embeddable":true,"href":"https:\/\/mebipha.com\/online\/wp-json\/wp\/v2\/product_brand?post=5418"},{"taxonomy":"product_cat","embeddable":true,"href":"https:\/\/mebipha.com\/online\/wp-json\/wp\/v2\/product_cat?post=5418"},{"taxonomy":"product_tag","embeddable":true,"href":"https:\/\/mebipha.com\/online\/wp-json\/wp\/v2\/product_tag?post=5418"}],"curies":[{"name":"wp","href":"https:\/\/api.w.org\/{rel}","templated":true}]}}