{"id":5282,"date":"2019-04-05T15:49:37","date_gmt":"2019-04-05T08:49:37","guid":{"rendered":"https:\/\/mebipha.com\/?post_type=product&#038;p=5282"},"modified":"2025-08-07T17:31:01","modified_gmt":"2025-08-07T10:31:01","slug":"mebi-selen-vit","status":"publish","type":"product","link":"https:\/\/mebipha.com\/online\/mebi-selen-vit\/","title":{"rendered":"MEBI-SELEN VIT"},"content":{"rendered":"<p><strong>T\u0102NG L\u00caN GI\u1ed0NG \u2013 T\u0102NG \u0110\u1eacU THAI \u2013 T\u0102NG S\u1ea2N L\u01af\u1ee2NG TR\u1ee8NG<\/strong><\/p>\n<p><strong>B\u1ed9t h\u00f2a tan ho\u1eb7c tr\u1ed9n th\u1ee9c \u0103n<\/strong><\/p>\n<p><strong>MEBI-SELEN VIT<\/strong> c\u00f3 s\u1ef1 k\u1ebft h\u1ee3p gi\u1eefa vitamin E v\u00e0 Selenium l\u00e0m t\u1ed1i \u01b0u h\u00f3a h\u1ec7 th\u1ed1ng sinh s\u1ea3n c\u1ee7a v\u1eadt nu\u00f4i, k\u00edch th\u00edch bu\u1ed3ng tr\u1ee9ng ph\u00e1t tri\u1ec3n, k\u00edch th\u00edch qu\u00e1 tr\u00ecnh ph\u00e1t d\u1ee5c, h\u1ea1n ch\u1ebf t\u1ed1i \u0111a c\u00e1c b\u1ec7nh v\u1ec1 sinh s\u1ea3n v\u00e0 c\u00e1c b\u1ec7nh li\u00ean quan \u0111\u1ebfn th\u1ea7n kinh, c\u01a1. Ngo\u00e0i ra, trong s\u1ea3n ph\u1ea9m c\u00f3 ch\u1ee9a Biotin v\u00e0 Vitamin B12 gi\u00fap v\u1eadt nu\u00f4i t\u0103ng tr\u01b0\u1edfng nhanh, t\u0103ng c\u01b0\u1eddng s\u1ee9c \u0111\u1ec1 kh\u00e1ng, cho ngo\u1ea1i h\u00ecnh \u0111\u1eb9p v\u00e0 gia t\u0103ng ch\u1ea5t l\u01b0\u1ee3ng th\u1ecbt, s\u1eefa, tr\u1ee9ng.<\/p>\n<p><strong>TH\u00c0NH PH\u1ea6N<\/strong><\/p>\n<p>Vitamin E* (DL-alpha-tocopheryl acetate) (min): 50.000mg<\/p>\n<p>Selenium* (min-max): 180-250mg<\/p>\n<p>Biotin (min): 60mg<\/p>\n<p>Vitamin B12 (Cyanocobalamin) (min): 40mg<br \/>\nGlucose v\u1eeba \u0111\u1ee7: 1kg<\/p>\n<p><strong>L\u1ee2I \u00cdCH C\u1ee6A VI\u1ec6C B\u1ed4 SUNG S\u1ea2N PH\u1ea8M<\/strong><\/p>\n<p>H\u1ea1n ch\u1ebf c\u00e1c b\u1ec7nh v\u1ec1 sinh s\u1ea3n do thi\u1ebfu vitamin E v\u00e0 selenium \u1edf gia s\u00fac, gia c\u1ea7m nh\u01b0 ch\u1eadm l\u00ean gi\u1ed1ng, ch\u1ebft ph\u00f4i,\u2026<\/p>\n<p>T\u0103ng kh\u1ea3 n\u0103ng \u0111\u1eadu thai, t\u0103ng t\u1ec9 l\u1ec7 tr\u1ee9ng c\u00f3 ph\u00f4i, t\u1ec9 l\u1ec7 \u1ea5p n\u1edf, t\u0103ng kh\u1ea3 n\u0103ng sinh tinh v\u00e0 ho\u1ea1t l\u1ef1c tinh tr\u00f9ng.<\/p>\n<p>T\u0103ng s\u1ea3n l\u01b0\u1ee3ng tr\u1ee9ng, k\u00e9o d\u00e0i th\u1eddi gian khai th\u00e1c.<\/p>\n<p>T\u0103ng ph\u1ea9m ch\u1ea5t th\u1ecbt, s\u1eefa, tr\u1ee9ng.<\/p>\n<p>H\u1ea1n ch\u1ebf c\u00e1c h\u1ed9i ch\u1ee9ng th\u1ea7n kinh, c\u01a1 nh\u01b0 b\u1ec7nh teo c\u01a1, tr\u1eafng c\u01a1, lo\u1ea1n d\u01b0\u1ee1ng c\u01a1 v\u00e0 b\u1ec7nh nh\u0169n n\u00e3o tr\u00ean gia c\u1ea7m.<\/p>\n<p><strong>H\u01af\u1edaNG D\u1eaaN S\u1eec D\u1ee4NG<\/strong><\/p>\n<p>D\u00f9ng li\u00ean t\u1ee5c 1g\/2 l\u00edt n\u01b0\u1edbc u\u1ed1ng ho\u1eb7c 1kg\/1 t\u1ea5n th\u1ee9c \u0103n.<\/p>\n<p>Trong th\u1eddi gian \u0111i\u1ec1u tr\u1ecb b\u1ec7nh: 1g\/1 l\u00edt n\u01b0\u1edbc u\u1ed1ng ho\u1eb7c 1kg\/500kg th\u1ee9c \u0103n, d\u00f9ng li\u00ean t\u1ee5c 7-10 ng\u00e0y.<\/p>\n<p><strong>B\u1ea2O QU\u1ea2N<\/strong><\/p>\n<p>N\u01a1i kh\u00f4 r\u00e1o, tho\u00e1ng m\u00e1t, nhi\u1ec7t \u0111\u1ed9 d\u01b0\u1edbi 30<sup>0<\/sup>C, tr\u00e1nh \u00e1nh n\u1eafng tr\u1ef1c ti\u1ebfp. Tr\u00e1nh xa t\u1ea7m tay tr\u1ebb em.<\/p>\n<p><strong>H\u1ea0N D\u00d9NG <\/strong><\/p>\n<p>24 th\u00e1ng k\u1ec3 t\u1eeb ng\u00e0y s\u1ea3n xu\u1ea5t.<\/p>\n<p><strong>\u0110\u00d3NG G\u00d3I<\/strong><\/p>\n<p>100g, 500g\/lon, 1kg\/g\u00f3i, 1kg\/lon, 10kg\/bao<\/p>\n<p><strong>S\u1ed1 \u0111\u0103ng k\u00fd: <\/strong>TCCS 041:2013\/MBP<\/p>\n","protected":false},"excerpt":{"rendered":"<p><strong>T\u0102NG L\u00caN GI\u1ed0NG \u2013 T\u0102NG \u0110\u1eacU THAI \u2013 T\u0102NG S\u1ea2N L\u01af\u1ee2NG TR\u1ee8NG<\/strong><\/p>\n<p><strong>B\u1ed9t h\u00f2a tan ho\u1eb7c tr\u1ed9n th\u1ee9c \u0103n<\/strong><\/p>\n<p><strong>TH\u00c0NH PH\u1ea6N<\/strong><\/p>\n<p>Vitamin E* (DL-alpha-tocopheryl acetate) (min): 50.000mg<\/p>\n<p>Selenium* (min-max): 180-250mg<\/p>\n<p>Biotin (min): 60mg<\/p>\n<p>Vitamin B12 (Cyanocobalamin) (min): 40mg<br \/>\nGlucose v\u1eeba \u0111\u1ee7: 1kg<\/p>\n<p><strong>L\u1ee2I \u00cdCH C\u1ee6A VI\u1ec6C B\u1ed4 SUNG S\u1ea2N PH\u1ea8M<\/strong><\/p>\n<p>H\u1ea1n ch\u1ebf c\u00e1c b\u1ec7nh v\u1ec1 sinh s\u1ea3n do thi\u1ebfu vitamin E v\u00e0 selenium \u1edf gia s\u00fac, gia c\u1ea7m nh\u01b0 ch\u1eadm l\u00ean gi\u1ed1ng, ch\u1ebft ph\u00f4i,\u2026<\/p>\n<p>T\u0103ng kh\u1ea3 n\u0103ng \u0111\u1eadu thai, t\u0103ng t\u1ec9 l\u1ec7 tr\u1ee9ng c\u00f3 ph\u00f4i, t\u1ec9 l\u1ec7 \u1ea5p n\u1edf, t\u0103ng kh\u1ea3 n\u0103ng sinh tinh v\u00e0 ho\u1ea1t l\u1ef1c tinh tr\u00f9ng.<\/p>\n<p>T\u0103ng s\u1ea3n l\u01b0\u1ee3ng tr\u1ee9ng, k\u00e9o d\u00e0i th\u1eddi gian khai th\u00e1c.<\/p>\n<p>T\u0103ng ph\u1ea9m ch\u1ea5t th\u1ecbt, s\u1eefa, tr\u1ee9ng.<\/p>\n<p>H\u1ea1n ch\u1ebf c\u00e1c h\u1ed9i ch\u1ee9ng th\u1ea7n kinh, c\u01a1 nh\u01b0 b\u1ec7nh teo c\u01a1, tr\u1eafng c\u01a1, lo\u1ea1n d\u01b0\u1ee1ng c\u01a1 v\u00e0 b\u1ec7nh nh\u0169n n\u00e3o tr\u00ean gia c\u1ea7m.<\/p>\n<p><strong>H\u01af\u1edaNG D\u1eaaN S\u1eec D\u1ee4NG<\/strong><\/p>\n<p>D\u00f9ng li\u00ean t\u1ee5c 1g\/2 l\u00edt n\u01b0\u1edbc u\u1ed1ng ho\u1eb7c 1kg\/1 t\u1ea5n th\u1ee9c \u0103n.<\/p>\n<p>Trong th\u1eddi gian \u0111i\u1ec1u tr\u1ecb b\u1ec7nh: 1g\/1 l\u00edt n\u01b0\u1edbc u\u1ed1ng ho\u1eb7c 1kg\/500kg th\u1ee9c \u0103n, d\u00f9ng li\u00ean t\u1ee5c 7-10 ng\u00e0y.<\/p>\n<p>&nbsp;<\/p>\n","protected":false},"featured_media":10333,"comment_status":"closed","ping_status":"closed","template":"","meta":[],"product_brand":[],"product_cat":[62,143,142,120,125,127],"product_tag":[],"class_list":{"0":"post-5282","1":"product","2":"type-product","3":"status-publish","4":"has-post-thumbnail","6":"product_cat-thuoc-thu-y","7":"product_cat-tang-trung","8":"product_cat-danh-muc-san-pham-gia-cam","9":"product_cat-dinh-duong-bot","10":"product_cat-thuc-an-bo-sung","11":"product_cat-thuc-an-bo-sung-cho-gia-cam","13":"first","14":"instock","15":"shipping-taxable","16":"purchasable","17":"product-type-variable","18":"has-default-attributes"},"_links":{"self":[{"href":"https:\/\/mebipha.com\/online\/wp-json\/wp\/v2\/product\/5282","targetHints":{"allow":["GET"]}}],"collection":[{"href":"https:\/\/mebipha.com\/online\/wp-json\/wp\/v2\/product"}],"about":[{"href":"https:\/\/mebipha.com\/online\/wp-json\/wp\/v2\/types\/product"}],"replies":[{"embeddable":true,"href":"https:\/\/mebipha.com\/online\/wp-json\/wp\/v2\/comments?post=5282"}],"wp:featuredmedia":[{"embeddable":true,"href":"https:\/\/mebipha.com\/online\/wp-json\/wp\/v2\/media\/10333"}],"wp:attachment":[{"href":"https:\/\/mebipha.com\/online\/wp-json\/wp\/v2\/media?parent=5282"}],"wp:term":[{"taxonomy":"product_brand","embeddable":true,"href":"https:\/\/mebipha.com\/online\/wp-json\/wp\/v2\/product_brand?post=5282"},{"taxonomy":"product_cat","embeddable":true,"href":"https:\/\/mebipha.com\/online\/wp-json\/wp\/v2\/product_cat?post=5282"},{"taxonomy":"product_tag","embeddable":true,"href":"https:\/\/mebipha.com\/online\/wp-json\/wp\/v2\/product_tag?post=5282"}],"curies":[{"name":"wp","href":"https:\/\/api.w.org\/{rel}","templated":true}]}}