{"id":5176,"date":"2019-04-04T16:52:48","date_gmt":"2019-04-04T09:52:48","guid":{"rendered":"https:\/\/mebipha.com\/?post_type=product&#038;p=5176"},"modified":"2024-09-25T14:51:49","modified_gmt":"2024-09-25T07:51:49","slug":"mebi-glucan-c","status":"publish","type":"product","link":"https:\/\/mebipha.com\/online\/mebi-glucan-c\/","title":{"rendered":"MEBI-GLUCAN C"},"content":{"rendered":"<p><strong>GI\u1ea2I PH\u00c1P THAY TH\u1ebe KH\u00c1NG SINH<\/strong><\/p>\n<p><strong>GI\u00daP GIA T\u0102NG MI\u1ec4N D\u1ecaCH CHO GIA S\u00daC, GIA C\u1ea6M<\/strong><\/p>\n<p><strong>B\u1ed9t tr\u1ed9n th\u1ee9c \u0103n<\/strong><\/p>\n<p>S\u1ef1 k\u1ebft gi\u1eefa <strong>\u03b2-Glucan v\u00e0 vitamin C<\/strong> trong s\u1ea3n ph\u1ea9m t\u1ea1o n\u00ean s\u1ee9c m\u1ea1nh h\u1ee3p nh\u1ea5t nh\u1edd t\u00e1c d\u1ee5ng k\u00e9p. <strong>\u03b2-Glucan<\/strong> h\u1ed7 tr\u1ee3\u00a0k\u00edch ho\u1ea1t h\u1ec7 mi\u1ec5n d\u1ecbch t\u1ef1 nhi\u00ean, t\u0103ng c\u01b0\u1eddng ho\u1ea1t \u0111\u1ed9ng c\u1ee7a c\u00e1c \u0111\u1ea1i th\u1ef1c b\u00e0o v\u00e0 k\u00edch th\u00edch t\u0103ng ti\u1ebft nhi\u1ec1u cytokines (ch\u1ea5t ho\u1ea1t h\u00f3a t\u1ebf b\u00e0o) nh\u1eb1m ti\u00eau di\u1ec7t c\u00e1c m\u1ea7m b\u1ec7nh x\u00e2m nh\u1eadp t\u1eeb b\u00ean ngo\u00e0i, ph\u00f2ng ng\u1eeba c\u00e1c t\u00e1c nh\u00e2n g\u00e2y b\u1ec7nh. Trong khi \u0111\u00f3, <strong>vitamin C<\/strong> \u0111\u00f3ng vai tr\u00f2 g\u00f3p ph\u1ea7n t\u0103ng c\u01b0\u1eddng h\u1ec7 mi\u1ec5n d\u1ecbch, b\u1ea3o v\u1ec7 t\u1ebf b\u00e0o kh\u1ecfi s\u1ef1 t\u1ea5n c\u00f4ng c\u1ee7a vi khu\u1ea9n, virus&#8230; T\u1eeb \u0111\u00f3, vi\u1ec7c s\u1eed d\u1ee5ng <strong>\u03b2-<\/strong><strong>G<\/strong><strong>lucan<\/strong> v\u00e0 <strong>vitamin C<\/strong> b\u1ed5 sung v\u00e0o th\u1ee9c \u0103n \u0111\u01b0\u1ee3c xem nh\u01b0 gi\u1ea3i ph\u00e1p thay th\u1ebf kh\u00e1ng sinh trong ph\u00f2ng v\u00e0 tr\u1ecb b\u1ec7nh, gi\u00fap h\u1ed7 tr\u1ee3 t\u0103ng c\u01b0\u1eddng h\u1ec7 mi\u1ec5n d\u1ecbch m\u1ed9t c\u00e1ch to\u00e0n di\u1ec7n, gi\u00fap v\u1eadt nu\u00f4i ph\u1ee5c h\u1ed3i nhanh sau khi b\u1ec7nh.<\/p>\n<p><strong>TH\u00c0NH PH\u1ea6N\u00a0\u00a0\u00a0\u00a0\u00a0\u00a0\u00a0 <\/strong><\/p>\n<p>\u03b2-Glucan* (min): 100g<\/p>\n<p>Vitamin C* (Ascorbic acid) (min): 50g<\/p>\n<p>Glucose v\u1eeba \u0111\u1ee7: 1kg<\/p>\n<p><strong>L\u1ee2I \u00cdCH C\u1ee6A VI\u1ec6C B\u1ed4 SUNG S\u1ea2N PH\u1ea8M<\/strong><\/p>\n<p>Gi\u1ea3m stress, t\u0103ng hi\u1ec7u qu\u1ea3 s\u1eed d\u1ee5ng vaccine sau ch\u1ee7ng ng\u1eeba.<\/p>\n<p>T\u0103ng s\u1ee9c \u0111\u1ec1 kh\u00e1ng cho to\u00e0n \u0111\u00e0n trong m\u00f9a d\u1ecbch b\u1ec7nh.<\/p>\n<p>Gia t\u0103ng mi\u1ec5n d\u1ecbch, h\u1ea1n ch\u1ebf h\u1eefu hi\u1ec7u c\u00e1c b\u1ec7nh do virus g\u00e2y ra nh\u01b0: d\u1ecbch heo tai xanh (PRRS), h\u1ed9i ch\u1ee9ng ti\u00eau ch\u1ea3y tr\u00ean heo TGE, FMD, d\u1ecbch t\u1ea3, GUMBORO&#8230;<\/p>\n<p>D\u00f9ng k\u1ebft h\u1ee3p thu\u1ed1c kh\u00e1ng sinh trong quy tr\u00ecnh \u0111i\u1ec1u tr\u1ecb c\u00e1c b\u1ec7nh: D\u1ecbch heo tai xanh(PRRS), b\u1ec7nh vi\u00eam ph\u1ed5i \u0111\u1ecba ph\u01b0\u01a1ng tr\u00ean heo (SEP), b\u1ec7nh h\u00f4 h\u1ea5p m\u00e3n t\u00ednh (CRD) v\u00e0 c\u00e1c bi\u1ebfn ch\u1ee9ng c\u1ee7a b\u1ec7nh (CCRD).<\/p>\n<p>Gi\u00fap ph\u1ee5c h\u1ed3i nhanh sau khi b\u1ec7nh.<\/p>\n<p>Gi\u00fap v\u1eadt nu\u00f4i t\u0103ng c\u01b0\u1eddng kh\u1ea3 n\u0103ng gi\u1ea3i \u0111\u1ed9c, t\u0103ng t\u00ednh ngon mi\u1ec7ng, k\u00edch th\u00edch t\u0103ng tr\u01b0\u1edfng nhanh v\u00e0 n\u00e2ng cao n\u0103ng su\u1ea5t ch\u0103n nu\u00f4i.<\/p>\n<p><strong>H\u01af\u1edaNG D\u1eaaN s\u1eed d\u1ee5ng<\/strong><\/p>\n<p>Tr\u1ed9n v\u00e0o th\u1ee9c \u0103n.<\/p>\n<p>Gia c\u1ea7m v\u00e0 heo:\u00a0 1kg\/500kg th\u1ee9c \u0103n, d\u00f9ng cho to\u00e0n \u0111\u00e0n li\u00ean t\u1ee5c t\u1eeb 5-7 ng\u00e0y, m\u1ed7i th\u00e1ng d\u00f9ng 1-2 \u0111\u1ee3t.<\/p>\n<p>Trong m\u00f9a d\u1ecbch hay h\u1ed7 tr\u1ee3 \u0111i\u1ec1u tr\u1ecb b\u1ec7nh: 1kg\/250kg th\u1ee9c \u0103n, d\u00f9ng li\u00ean t\u1ee5c 7-10 ng\u00e0y.<\/p>\n<p><strong>H\u1ea1n s\u1eed d\u1ee5ng s\u1ea3n ph\u1ea9m <\/strong><\/p>\n<p>24 th\u00e1ng k\u1ec3 t\u1eeb ng\u00e0y s\u1ea3n xu\u1ea5t.<\/p>\n<p><strong>B\u1ea2O QU\u1ea2N<\/strong><\/p>\n<p>N\u01a1i kh\u00f4 r\u00e1o, tho\u00e1ng m\u00e1t, nhi\u1ec7t \u0111\u1ed9 d\u01b0\u1edbi 30<sup>0<\/sup>C. Tr\u00e1nh \u00e1nh n\u1eafng tr\u1ef1c ti\u1ebfp, tr\u00e1nh xa t\u1ea7m tay tr\u1ebb em.<\/p>\n<p><strong>\u0110\u00d3NG G\u00d3I<\/strong><\/p>\n<p><strong>100g, 500g\/g\u00f3i, 1kg\/g\u00f3i<\/strong><\/p>\n<p><strong>S\u1ed1 \u0111\u0103ng k\u00fd: TCCS 011:2013\/MBP<\/strong><\/p>\n","protected":false},"excerpt":{"rendered":"<p><strong>GI\u1ea2I PH\u00c1P THAY TH\u1ebe KH\u00c1NG SINH<\/strong><\/p>\n<p><strong>GI\u00daP GIA T\u0102NG MI\u1ec4N D\u1ecaCH CHO GIA S\u00daC, GIA C\u1ea6M<\/strong><\/p>\n<p><strong>TH\u00c0NH PH\u1ea6N\u00a0\u00a0\u00a0\u00a0\u00a0\u00a0\u00a0 <\/strong><\/p>\n<p>\u03b2-Glucan* (min): 100g<\/p>\n<p>Vitamin C* (Ascorbic acid) (min): 50g<\/p>\n<p>Glucose v\u1eeba \u0111\u1ee7: 1kg<\/p>\n<p><strong>L\u1ee2I \u00cdCH C\u1ee6A VI\u1ec6C B\u1ed4 SUNG S\u1ea2N PH\u1ea8M<\/strong><\/p>\n<p>Gi\u1ea3m stress, t\u0103ng hi\u1ec7u qu\u1ea3 s\u1eed d\u1ee5ng vaccine sau ch\u1ee7ng ng\u1eeba.<\/p>\n<p>T\u0103ng s\u1ee9c \u0111\u1ec1 kh\u00e1ng cho to\u00e0n \u0111\u00e0n trong m\u00f9a d\u1ecbch b\u1ec7nh.<\/p>\n<p>Gia t\u0103ng mi\u1ec5n d\u1ecbch, h\u1ea1n ch\u1ebf h\u1eefu hi\u1ec7u c\u00e1c b\u1ec7nh do virus g\u00e2y ra nh\u01b0: d\u1ecbch heo tai xanh (PRRS), h\u1ed9i ch\u1ee9ng ti\u00eau ch\u1ea3y tr\u00ean heo TGE, FMD, d\u1ecbch t\u1ea3, GUMBORO&#8230;<\/p>\n<p>D\u00f9ng k\u1ebft h\u1ee3p thu\u1ed1c kh\u00e1ng sinh trong quy tr\u00ecnh \u0111i\u1ec1u tr\u1ecb c\u00e1c b\u1ec7nh: D\u1ecbch heo tai xanh(PRRS), b\u1ec7nh vi\u00eam ph\u1ed5i \u0111\u1ecba ph\u01b0\u01a1ng tr\u00ean heo (SEP), b\u1ec7nh h\u00f4 h\u1ea5p m\u00e3n t\u00ednh (CRD) v\u00e0 c\u00e1c bi\u1ebfn ch\u1ee9ng c\u1ee7a b\u1ec7nh (CCRD).<\/p>\n<p>Gi\u00fap ph\u1ee5c h\u1ed3i nhanh sau khi b\u1ec7nh.<\/p>\n<p>Gi\u00fap v\u1eadt nu\u00f4i t\u0103ng c\u01b0\u1eddng kh\u1ea3 n\u0103ng gi\u1ea3i \u0111\u1ed9c, t\u0103ng t\u00ednh ngon mi\u1ec7ng, k\u00edch th\u00edch t\u0103ng tr\u01b0\u1edfng nhanh v\u00e0 n\u00e2ng cao n\u0103ng su\u1ea5t ch\u0103n nu\u00f4i.<\/p>\n<p><strong>H\u01af\u1edaNG D\u1eaaN s\u1eed d\u1ee5ng<\/strong><\/p>\n<p>Tr\u1ed9n v\u00e0o th\u1ee9c \u0103n.<\/p>\n<p>Gia c\u1ea7m v\u00e0 heo:\u00a0 1kg\/500kg th\u1ee9c \u0103n, d\u00f9ng cho to\u00e0n \u0111\u00e0n li\u00ean t\u1ee5c t\u1eeb 5-7 ng\u00e0y, m\u1ed7i th\u00e1ng d\u00f9ng 1-2 \u0111\u1ee3t.<\/p>\n<p>Trong m\u00f9a d\u1ecbch hay h\u1ed7 tr\u1ee3 \u0111i\u1ec1u tr\u1ecb b\u1ec7nh: 1kg\/250kg th\u1ee9c \u0103n, d\u00f9ng li\u00ean t\u1ee5c 7-10 ng\u00e0y.<\/p>\n<p>&nbsp;<\/p>\n","protected":false},"featured_media":10566,"comment_status":"closed","ping_status":"closed","template":"","meta":[],"product_brand":[],"product_cat":[62,142,120,127,129],"product_tag":[],"class_list":{"0":"post-5176","1":"product","2":"type-product","3":"status-publish","4":"has-post-thumbnail","6":"product_cat-thuoc-thu-y","7":"product_cat-danh-muc-san-pham-gia-cam","8":"product_cat-dinh-duong-bot","9":"product_cat-thuc-an-bo-sung-cho-gia-cam","10":"product_cat-thuc-an-bo-sung-cho-gia-suc-nhai-lai","12":"first","13":"instock","14":"shipping-taxable","15":"purchasable","16":"product-type-variable"},"_links":{"self":[{"href":"https:\/\/mebipha.com\/online\/wp-json\/wp\/v2\/product\/5176","targetHints":{"allow":["GET"]}}],"collection":[{"href":"https:\/\/mebipha.com\/online\/wp-json\/wp\/v2\/product"}],"about":[{"href":"https:\/\/mebipha.com\/online\/wp-json\/wp\/v2\/types\/product"}],"replies":[{"embeddable":true,"href":"https:\/\/mebipha.com\/online\/wp-json\/wp\/v2\/comments?post=5176"}],"wp:featuredmedia":[{"embeddable":true,"href":"https:\/\/mebipha.com\/online\/wp-json\/wp\/v2\/media\/10566"}],"wp:attachment":[{"href":"https:\/\/mebipha.com\/online\/wp-json\/wp\/v2\/media?parent=5176"}],"wp:term":[{"taxonomy":"product_brand","embeddable":true,"href":"https:\/\/mebipha.com\/online\/wp-json\/wp\/v2\/product_brand?post=5176"},{"taxonomy":"product_cat","embeddable":true,"href":"https:\/\/mebipha.com\/online\/wp-json\/wp\/v2\/product_cat?post=5176"},{"taxonomy":"product_tag","embeddable":true,"href":"https:\/\/mebipha.com\/online\/wp-json\/wp\/v2\/product_tag?post=5176"}],"curies":[{"name":"wp","href":"https:\/\/api.w.org\/{rel}","templated":true}]}}