{"id":5139,"date":"2019-04-04T15:33:18","date_gmt":"2019-04-04T08:33:18","guid":{"rendered":"https:\/\/mebipha.com\/?post_type=product&#038;p=5139"},"modified":"2024-09-21T10:24:11","modified_gmt":"2024-09-21T03:24:11","slug":"ade-bcomplex-cb12","status":"publish","type":"product","link":"https:\/\/mebipha.com\/online\/ade-bcomplex-cb12\/","title":{"rendered":"ADE BCOMPLEX C + B12"},"content":{"rendered":"<p><strong>ADE BCOMPLEX C + B12<\/strong><\/p>\n<p><strong>B\u1ed4 SUNG DINH D\u01af\u1ee0NG, T\u0102NG TR\u01af\u1edeNG NHANH<\/strong><\/p>\n<p><strong>B\u1ed9t h\u00f2a tan ho\u1eb7c tr\u1ed9n th\u1ee9c \u0103n<\/strong><\/p>\n<p><strong>ADE BCOMPLEX<\/strong> <strong>C + B12<\/strong> l\u00e0 ph\u1ee9c h\u1ee3p c\u00e1c vitamin c\u1ea7n thi\u1ebft trong ch\u1ebf \u0111\u1ed9 dinh d\u01b0\u1ee1ng c\u1ee7a gia s\u00fac, gia c\u1ea7m. S\u1ea3n ph\u1ea9m gi\u00fap h\u1ea1n ch\u1ebf c\u00e1c b\u1ec7nh do thi\u1ebfu h\u1ee5t dinh d\u01b0\u1ee1ng, th\u00edch h\u1ee3p cho th\u00fa b\u1ecb suy nh\u01b0\u1ee3c, k\u00e9m \u0103n, ch\u1eadm l\u1edbn, th\u00fa sinh s\u1ea3n, gi\u00fap \u1ed5n \u0111\u1ecbnh th\u1ea7n kinh, t\u0103ng c\u01b0\u1eddng kh\u1ea3 n\u0103ng ti\u00eau h\u00f3a th\u1ee9c \u0103n, gi\u00fap v\u1eadt nu\u00f4i t\u0103ng tr\u01b0\u1edfng nhanh v\u00e0 cho n\u0103ng su\u1ea5t cao.<\/p>\n<p><strong>TH\u00c0NH PH\u1ea6N<\/strong><\/p>\n<p>Vitamin A (Retinyl acetate) (min): 5.000.000 UI<\/p>\n<p>Vitamin D<sub>3<\/sub> (Cholecalciferol) (min): 1.250.000 UI<\/p>\n<p>Vitamin E (DL-alpha-tocoperyl acetate) (min): 4.050mg<\/p>\n<p>Vitamin B<sub>1 <\/sub>(Thiamine mononitrate)* (min): 5.000mg<\/p>\n<p>Vitamin B<sub>2<\/sub> (Riboflavin) (min): 2.500mg<\/p>\n<p>Vitamin B<sub>6<\/sub>* (Pyridoxine HCl) (min): 5.000mg<\/p>\n<p>Vitamin B<sub>12<\/sub> (Cyanocobalamin) (min): 40mg<\/p>\n<p>Vitamin C (Ascorbic acid)* (min): 50.000mg<\/p>\n<p>Glucose v\u1eeba \u0111\u1ee7: 1kg<\/p>\n<p><strong>H\u01af\u1edaNG D\u1eaaN S\u1eec D\u1ee4NG<\/strong><\/p>\n<p>H\u00f2a tan v\u1edbi n\u01b0\u1edbc u\u1ed1ng ho\u1eb7c tr\u1ed9n v\u00e0o th\u1ee9c \u0103n: 1g\/2 l\u00edt n\u01b0\u1edbc u\u1ed1ng ho\u1eb7c 1g\/1kg th\u1ee9c \u0103n.<\/p>\n<p><strong>B\u1ea2O QU\u1ea2N<\/strong><\/p>\n<p>N\u01a1i kh\u00f4 r\u00e1o, tho\u00e1ng m\u00e1t, nhi\u1ec7t \u0111\u1ed9 d\u01b0\u1edbi 30<sup>0<\/sup>C, tr\u00e1nh \u00e1nh n\u1eafng tr\u1ef1c ti\u1ebfp. Tr\u00e1nh xa t\u1ea7m tay tr\u1ebb em.<\/p>\n<p><strong>H\u1ea0N D\u00d9NG<\/strong><\/p>\n<p>24 th\u00e1ng k\u1ec3 t\u1eeb ng\u00e0y s\u1ea3n xu\u1ea5t.<\/p>\n<p><strong>\u0110\u00d3NG G\u00d3I<\/strong><\/p>\n<p>100g, 500g\/lon, 1kg\/g\u00f3i, 1kg\/lon<\/p>\n<p><strong>S\u1ed1 <\/strong><strong>\u0111\u0103ng k\u00fd<\/strong><strong>: TCCS <\/strong><strong>037<\/strong><strong>:20<\/strong><strong>13<\/strong><strong>\/MBP <\/strong><\/p>\n","protected":false},"excerpt":{"rendered":"<p><strong>ADE BCOMPLEX C + B12<\/strong><\/p>\n<p><strong>B\u1ed4 SUNG DINH D\u01af\u1ee0NG, T\u0102NG TR\u01af\u1edeNG NHANH<\/strong><\/p>\n<p><strong>B\u1ed9t h\u00f2a tan ho\u1eb7c tr\u1ed9n th\u1ee9c \u0103n<\/strong><\/p>\n<p><strong>ADE BCOMPLEX<\/strong> <strong>C + B12<\/strong> l\u00e0 ph\u1ee9c h\u1ee3p c\u00e1c vitamin c\u1ea7n thi\u1ebft trong ch\u1ebf \u0111\u1ed9 dinh d\u01b0\u1ee1ng c\u1ee7a gia s\u00fac, gia c\u1ea7m. S\u1ea3n ph\u1ea9m gi\u00fap h\u1ea1n ch\u1ebf c\u00e1c b\u1ec7nh do thi\u1ebfu h\u1ee5t dinh d\u01b0\u1ee1ng, th\u00edch h\u1ee3p cho th\u00fa b\u1ecb suy nh\u01b0\u1ee3c, k\u00e9m \u0103n, ch\u1eadm l\u1edbn, th\u00fa sinh s\u1ea3n, gi\u00fap \u1ed5n \u0111\u1ecbnh th\u1ea7n kinh, t\u0103ng c\u01b0\u1eddng kh\u1ea3 n\u0103ng ti\u00eau h\u00f3a th\u1ee9c \u0103n, gi\u00fap v\u1eadt nu\u00f4i t\u0103ng tr\u01b0\u1edfng nhanh v\u00e0 cho n\u0103ng su\u1ea5t cao.<\/p>\n<p><strong>TH\u00c0NH PH\u1ea6N<\/strong><\/p>\n<p>Vitamin A (Retinyl acetate) (min): 5.000.000 UI<\/p>\n<p>Vitamin D<sub>3<\/sub> (Cholecalciferol) (min): 1.250.000 UI<\/p>\n<p>Vitamin E (DL-alpha-tocoperyl acetate) (min): 4.050mg<\/p>\n<p>Vitamin B<sub>1 <\/sub>(Thiamine mononitrate)* (min): 5.000mg<\/p>\n<p>Vitamin B<sub>2<\/sub> (Riboflavin) (min): 2.500mg<\/p>\n<p>Vitamin B<sub>6<\/sub>* (Pyridoxine HCl) (min): 5.000mg<\/p>\n<p>Vitamin B<sub>12<\/sub> (Cyanocobalamin) (min): 40mg<\/p>\n<p>Vitamin C (Ascorbic acid)* (min): 50.000mg<\/p>\n<p>Glucose v\u1eeba \u0111\u1ee7: 1kg<\/p>\n<p><strong>L\u1ee2I \u00cdCH <\/strong><strong>C\u1ee6A VI\u1ec6C B\u1ed4 SUNG S\u1ea2N PH\u1ea8M<\/strong><\/p>\n<p>H\u1ea1n ch\u1ebf stress do thay \u0111\u1ed5i th\u1ee9c \u0103n, chu\u1ed3ng tr\u1ea1i, ch\u1ee7ng ng\u1eeba, \u0111\u1eb7c bi\u1ec7t l\u00e0 gia c\u1ea7m \u1edf giai \u0111o\u1ea1n \u00fam.<\/p>\n<p>T\u0103ng c\u01b0\u1eddng ti\u00eau h\u00f3a v\u00e0 h\u1ea5p thu th\u1ee9c \u0103n, gi\u00fap t\u0103ng tr\u01b0\u1edfng nhanh.<\/p>\n<p>H\u1ea1n ch\u1ebf t\u00ecnh tr\u1ea1ng thi\u1ebfu h\u1ee5t dinh d\u01b0\u1ee1ng, n\u00e2ng cao s\u1ee9c \u0111\u1ec1 kh\u00e1ng.<\/p>\n<p>T\u0103ng kh\u1ea3 n\u0103ng sinh s\u1ea3n tr\u00ean heo n\u00e1i, \u0111\u1eb7c bi\u1ec7t ch\u1ec9 \u0111\u1ecbnh d\u00f9ng khi c\u00f3 hi\u1ec7n t\u01b0\u1ee3ng gi\u1ea3m \u0111\u1ebb tr\u00ean gia c\u1ea7m.<\/p>\n<p><strong>H\u01af\u1edaNG D\u1eaaN S\u1eec D\u1ee4NG<\/strong><\/p>\n<p>H\u00f2a tan v\u1edbi n\u01b0\u1edbc u\u1ed1ng ho\u1eb7c tr\u1ed9n v\u00e0o th\u1ee9c \u0103n: 1g\/2 l\u00edt n\u01b0\u1edbc u\u1ed1ng ho\u1eb7c 1g\/1kg th\u1ee9c \u0103n.<\/p>\n<p><strong>B\u1ea2O QU\u1ea2N<\/strong><\/p>\n<p>N\u01a1i kh\u00f4 r\u00e1o, tho\u00e1ng m\u00e1t, nhi\u1ec7t \u0111\u1ed9 d\u01b0\u1edbi 30<sup>0<\/sup>C, tr\u00e1nh \u00e1nh n\u1eafng tr\u1ef1c ti\u1ebfp. Tr\u00e1nh xa t\u1ea7m tay tr\u1ebb em.<\/p>\n<p><strong>H\u1ea0N D\u00d9NG<\/strong><\/p>\n<p>24 th\u00e1ng k\u1ec3 t\u1eeb ng\u00e0y s\u1ea3n xu\u1ea5t.<\/p>\n<p><strong>\u0110\u00d3NG G\u00d3I<\/strong><\/p>\n<p>100g, 500g\/lon, 1kg\/g\u00f3i, 1kg\/lon<\/p>\n<p><strong>S\u1ed1 <\/strong><strong>\u0111\u0103ng k\u00fd<\/strong><strong>: TCCS <\/strong><strong>037<\/strong><strong>:20<\/strong><strong>13<\/strong><strong>\/MBP <\/strong><\/p>\n","protected":false},"featured_media":10524,"comment_status":"closed","ping_status":"closed","template":"","meta":[],"product_brand":[],"product_cat":[62,142,120,125,127],"product_tag":[],"class_list":{"0":"post-5139","1":"product","2":"type-product","3":"status-publish","4":"has-post-thumbnail","6":"product_cat-thuoc-thu-y","7":"product_cat-danh-muc-san-pham-gia-cam","8":"product_cat-dinh-duong-bot","9":"product_cat-thuc-an-bo-sung","10":"product_cat-thuc-an-bo-sung-cho-gia-cam","12":"first","13":"instock","14":"shipping-taxable","15":"purchasable","16":"product-type-variable","17":"has-default-attributes"},"_links":{"self":[{"href":"https:\/\/mebipha.com\/online\/wp-json\/wp\/v2\/product\/5139","targetHints":{"allow":["GET"]}}],"collection":[{"href":"https:\/\/mebipha.com\/online\/wp-json\/wp\/v2\/product"}],"about":[{"href":"https:\/\/mebipha.com\/online\/wp-json\/wp\/v2\/types\/product"}],"replies":[{"embeddable":true,"href":"https:\/\/mebipha.com\/online\/wp-json\/wp\/v2\/comments?post=5139"}],"wp:featuredmedia":[{"embeddable":true,"href":"https:\/\/mebipha.com\/online\/wp-json\/wp\/v2\/media\/10524"}],"wp:attachment":[{"href":"https:\/\/mebipha.com\/online\/wp-json\/wp\/v2\/media?parent=5139"}],"wp:term":[{"taxonomy":"product_brand","embeddable":true,"href":"https:\/\/mebipha.com\/online\/wp-json\/wp\/v2\/product_brand?post=5139"},{"taxonomy":"product_cat","embeddable":true,"href":"https:\/\/mebipha.com\/online\/wp-json\/wp\/v2\/product_cat?post=5139"},{"taxonomy":"product_tag","embeddable":true,"href":"https:\/\/mebipha.com\/online\/wp-json\/wp\/v2\/product_tag?post=5139"}],"curies":[{"name":"wp","href":"https:\/\/api.w.org\/{rel}","templated":true}]}}