{"id":5011,"date":"2019-03-14T14:22:02","date_gmt":"2019-03-14T07:22:02","guid":{"rendered":"https:\/\/mebipha.com\/?post_type=product&#038;p=5011"},"modified":"2025-12-29T15:04:40","modified_gmt":"2025-12-29T08:04:40","slug":"strepberin","status":"publish","type":"product","link":"https:\/\/mebipha.com\/online\/strepberin\/","title":{"rendered":"STREPBERIN"},"content":{"rendered":"<p><strong>\u0110\u1eb6C TR\u1eca TI\u00caU CH\u1ea2Y GIA S\u00daC \u2013 GIA C\u1ea6M<\/strong><\/p>\n<p><strong>Thu\u1ed1c b\u1ed9t tr\u1ed9n th\u1ee9c \u0103n ho\u1eb7c pha n\u01b0\u1edbc u\u1ed1ng<\/strong><\/p>\n<p><strong>C\u00d4NG TH\u1ee8C<\/strong><\/p>\n<p>Streptomycine sulfate: 15.250.000 UI<\/p>\n<p>Berberin chloride: 20.000mg<\/p>\n<p>T\u00e1 d\u01b0\u1ee3c v\u1eeba \u0111\u1ee7: 1kg<\/p>\n<p><strong>\u0110\u1eb6C T\u00cdNH D\u01af\u1ee2C L\u00dd S\u1ea2N PH\u1ea8M<\/strong><\/p>\n<p><strong>Streptomycine<\/strong> l\u00e0 kh\u00e1ng sinh thu\u1ed9c nh\u00f3m aminoglycoside c\u00f3 t\u00e1c \u0111\u1ed9ng s\u00e1t khu\u1ea9n nhanh v\u00e0 ph\u1ee5 thu\u1ed9c n\u1ed3ng \u0111\u1ed9. Kh\u00e1ng sinh t\u00e1c \u0111\u1ed9ng tr\u00ean vi khu\u1ea9n Gram \u00e2m (tr\u1ef1c khu\u1ea9n hi\u1ebfu kh\u00ed nh\u01b0 <em>Brucella canis<\/em>, <em>Haemophilus, Salmonella<\/em> spp., <em>klebsiella pneumonia<\/em>)<\/p>\n<p><strong>Berberin <\/strong>l\u00e0 alcaloid c\u1ee7a c\u00e2y v\u00e0ng \u0111\u1eafng.\u00a0Trong \u0111\u00f4ng y, c\u00e2y v\u00e0ng \u0111\u1eafng \u0111\u01b0\u1ee3c xem l\u00e0 v\u1ecb thu\u1ed1c c\u00f3 t\u00ednh thanh nhi\u1ec7t, gi\u1ea3i \u0111\u1ed9c v\u00e0 ki\u1ec7n t\u1ef3, c\u00f3 v\u1ecb \u0111\u1eafng, t\u00ednh h\u00e0n. Berberin c\u00f2n c\u00f3 t\u00e1c d\u1ee5ng tr\u00ean \u0111\u01a1n b\u00e0o\u00a0<em>Entamoeba histolytica<\/em>, tr\u1ef1c khu\u1ea9n l\u1ef5\u00a0<em>Shigella dysenteriae<\/em>.\u00a0Berberin h\u1ea5p thu r\u1ea5t ch\u1eadm n\u00ean l\u01b0u l\u1ea1i trong ru\u1ed9t l\u00e2u, thu\u1eadn ti\u1ec7n cho \u0111i\u1ec1u tr\u1ecb nhi\u1ec5m khu\u1ea9n \u0111\u01b0\u1eddng ru\u1ed9t, l\u1ef5, vi\u00eam ru\u1ed9t.<\/p>\n<p><strong>C\u00d4NG D\u1ee4NG S\u1ea2N PH\u1ea8M<\/strong><\/p>\n<p>\u0110\u1eb7c tr\u1ecb b\u1ec7nh ti\u00eau ch\u1ea3y ph\u00e2n tr\u1eafng, ph\u00e2n v\u00e0ng ho\u1eb7c ph\u00e2n c\u00f3 m\u00e1u tr\u00ean heo con.<\/p>\n<p>Ti\u00eau ch\u1ea3y do nhi\u1ec5m \u0111\u1ed9c th\u1ee9c \u0103n v\u00e0 ti\u00eau ch\u1ea3y kh\u00f4ng r\u00f5 nguy\u00ean nh\u00e2n.<\/p>\n<p>C\u00e1c tr\u01b0\u1eddng h\u1ee3p: ch\u01b0\u1edbng b\u1ee5ng, \u0111\u1ea7y h\u01a1i, \u0103n kh\u00f4ng ti\u00eau, \u0169 r\u0169, b\u1ecf \u0103n.<\/p>\n<p><strong>CH\u1ed0NG CH\u1ec8 \u0110\u1ecaNH <\/strong><\/p>\n<p>Th\u00fa qu\u00e1 m\u1eabn v\u1edbi c\u00e1c th\u00e0nh ph\u1ea7n c\u1ee7a thu\u1ed1c. Th\u00fa c\u00f3 thai.<\/p>\n<p><strong>S\u1eec D\u1ee4NG<\/strong><\/p>\n<p><strong>Gia s\u00fac:<\/strong><\/p>\n<p>Ph\u00f2ng b\u1ec7nh: 10g\/50kg th\u1ec3 tr\u1ecdng\/ ng\u00e0y, d\u00f9ng li\u00ean t\u1ee5c 2-3 ng\u00e0y\/\u0111\u1ee3t.<\/p>\n<p>Tr\u1ecb b\u1ec7nh: 10g\/25kg th\u1ec3 tr\u1ecdng\/ ng\u00e0y, d\u00f9ng li\u00ean t\u1ee5c 3-5 ng\u00e0y.<\/p>\n<p><strong>Gia c\u1ea7m:<\/strong><\/p>\n<p>Ph\u00f2ng b\u1ec7nh: 1g\/1 l\u00edt n\u01b0\u1edbc u\u1ed1ng (1g\/4kg th\u1ec3 tr\u1ecdng), d\u00f9ng li\u00ean t\u1ee5c 2-3 ng\u00e0y\/ \u0111\u1ee3t.<\/p>\n<p>Tr\u1ecb b\u1ec7nh: 2g\/1 l\u00edt n\u01b0\u1edbc u\u1ed1ng (1g\/2kg th\u1ec3 tr\u1ecdng), d\u00f9ng li\u00ean t\u1ee5c 3-5 ng\u00e0y<\/p>\n<p><strong>Th\u1eddi gian ng\u01b0ng s\u1eed d\u1ee5ng thu\u1ed1c<\/strong><\/p>\n<p>7 ng\u00e0y tr\u01b0\u1edbc khi gi\u1ebft th\u1ecbt.<\/p>\n<p><strong>B\u1ea2O QU\u1ea2N: <\/strong>N\u01a1i kh\u00f4 r\u00e1o, tho\u00e1ng m\u00e1t, nhi\u1ec7t \u0111\u1ed9 d\u01b0\u1edbi 30<sup>0<\/sup>C. Tr\u00e1nh \u00e1nh n\u1eafng tr\u1ef1c ti\u1ebfp, tr\u00e1nh xa t\u1ea7m tay tr\u1ebb em.<\/p>\n<p><strong>H\u1ea1n s\u1eed d\u1ee5ng s\u1ea3n ph\u1ea9m <\/strong><\/p>\n<p>24 th\u00e1ng k\u1ec3 t\u1eeb ng\u00e0y s\u1ea3n xu\u1ea5t<\/p>\n<p><strong>\u0110\u00d3NG G\u00d3I<\/strong><\/p>\n<p>10g\/g\u00f3i, 50g\/g\u00f3i, 100g\/g\u00f3i, 500g\/g\u00f3i, 1kg\/g\u00f3i, 1kg\/lon (10 trong 1)<\/p>\n<p><strong>S\u1ed1 \u0111\u0103ng k\u00fd: MBP-122<\/strong><\/p>\n","protected":false},"excerpt":{"rendered":"<p>Th\u00e0nh ph\u1ea7n:\u00a0Streptomycin Berberin, T\u00e1 d\u01b0\u1ee3c v\u1eeba \u0111\u1ee7.<\/p>\n<p>S\u1eed d\u1ee5ng:<\/p>\n<p>Tr\u00ean gia s\u00fac:<br \/>\nPh\u00f2ng : 10g\/50kg th\u1ec3 tr\u1ecdng \/ng\u00e0y, d\u00f9ng li\u00ean t\u1ee5c 2-3 ng\u00e0y\/\u0111\u1ee3t.<br \/>\nTr\u1ecb : 10g\/25 kg th\u1ec3 tr\u1ecdng\/ng\u00e0y, d\u00f9ng li\u00ean t\u1ee5c 3-5 ng\u00e0y.<br \/>\nTr\u00ean gia c\u1ea7m:<br \/>\nPh\u00f2ng: 1g\/1 l\u00edt n\u01b0\u1edbc u\u1ed1ng ho\u1eb7c 1g\/4kg th\u1ec3 tr\u1ecdng, d\u00f9ng li\u00ean t\u1ee5c 2-3 ng\u00e0y\/\u0111\u1ee3t.<br \/>\nTr\u1ecb: 2g\/1 l\u00edt n\u01b0\u1edbc u\u1ed1ng ho\u1eb7c 1g\/2kg th\u1ec3 tr\u1ecdng, d\u00f9ng li\u00ean t\u1ee5c 3-5 ng\u00e0y.<\/p>\n","protected":false},"featured_media":10099,"comment_status":"closed","ping_status":"closed","template":"","meta":[],"product_brand":[],"product_cat":[62],"product_tag":[],"class_list":{"0":"post-5011","1":"product","2":"type-product","3":"status-publish","4":"has-post-thumbnail","6":"product_cat-thuoc-thu-y","8":"first","9":"instock","10":"shipping-taxable","11":"purchasable","12":"product-type-variable","13":"has-default-attributes"},"_links":{"self":[{"href":"https:\/\/mebipha.com\/online\/wp-json\/wp\/v2\/product\/5011","targetHints":{"allow":["GET"]}}],"collection":[{"href":"https:\/\/mebipha.com\/online\/wp-json\/wp\/v2\/product"}],"about":[{"href":"https:\/\/mebipha.com\/online\/wp-json\/wp\/v2\/types\/product"}],"replies":[{"embeddable":true,"href":"https:\/\/mebipha.com\/online\/wp-json\/wp\/v2\/comments?post=5011"}],"wp:featuredmedia":[{"embeddable":true,"href":"https:\/\/mebipha.com\/online\/wp-json\/wp\/v2\/media\/10099"}],"wp:attachment":[{"href":"https:\/\/mebipha.com\/online\/wp-json\/wp\/v2\/media?parent=5011"}],"wp:term":[{"taxonomy":"product_brand","embeddable":true,"href":"https:\/\/mebipha.com\/online\/wp-json\/wp\/v2\/product_brand?post=5011"},{"taxonomy":"product_cat","embeddable":true,"href":"https:\/\/mebipha.com\/online\/wp-json\/wp\/v2\/product_cat?post=5011"},{"taxonomy":"product_tag","embeddable":true,"href":"https:\/\/mebipha.com\/online\/wp-json\/wp\/v2\/product_tag?post=5011"}],"curies":[{"name":"wp","href":"https:\/\/api.w.org\/{rel}","templated":true}]}}