{"id":4946,"date":"2019-03-12T15:31:58","date_gmt":"2019-03-12T08:31:58","guid":{"rendered":"https:\/\/mebipha.com\/?post_type=product&#038;p=4946"},"modified":"2025-12-15T08:34:39","modified_gmt":"2025-12-15T01:34:39","slug":"mebi-coli-ws","status":"publish","type":"product","link":"https:\/\/mebipha.com\/online\/mebi-coli-ws\/","title":{"rendered":"MEBI-COLI WS"},"content":{"rendered":"<p><strong>\u0110\u1eb6C TR\u1eca NHI\u1ec4M TR\u00d9NG \u0110\u01af\u1edcNG RU\u1ed8T TR\u00caN GIA S\u00daC \u2013 GIA C\u1ea6M<\/strong><\/p>\n<p><strong>Thu\u1ed1c b\u1ed9t tr\u1ed9n th\u1ee9c \u0103n ho\u1eb7c pha n\u01b0\u1edbc u\u1ed1ng<\/strong><\/p>\n<p><strong>C\u00d4NG TH\u1ee8C<\/strong><\/p>\n<p>Colistin sulfate: 4 t\u1ef7 UI<\/p>\n<p>T\u00e1 d\u01b0\u1ee3c v\u1eeba \u0111\u1ee7: 1kg<\/p>\n<p><strong>\u0110\u1eb6C T\u00cdNH D\u01af\u1ee2C L\u00dd S\u1ea2N PH\u1ea8M<\/strong><\/p>\n<p>Colistin l\u00e0 m\u1ed9t kh\u00e1ng sinh polypeptide m\u1ea1ch v\u00f2ng v\u00e0 c\u00f3 t\u00e1c d\u1ee5ng di\u1ec7t khu\u1ea9n \u0111\u1ed1i v\u1edbi c\u00e1c vi khu\u1ea9n Gram \u00e2m b\u1eb1ng c\u00e1ch ng\u0103n ch\u1eb7n s\u1ef1 ph\u00e2n chia t\u1ebf b\u00e0o c\u1ee7a vi khu\u1ea9n. C\u00e1c vi khu\u1ea9n nh\u1ea1y c\u1ea3m bao g\u1ed3m: <em>Aerobacter aerogenes, Escherichia coli,<\/em> <em>Salmonella <\/em>spp., <em>Shigella<\/em> spp., <em>Haemophilus<\/em> spp., <em>Pasteurella<\/em> spp., <em>Pseudomonas aeruginosa<\/em>, <em>Vibrio <\/em>spp.<\/p>\n<p>Colistin c\u00f3 t\u00e1c d\u1ee5ng ch\u1ee7 y\u1ebfu tr\u00ean \u0111\u01b0\u1eddng ti\u00eau h\u00f3a.<\/p>\n<p><strong>C\u00d4NG D\u1ee4NG S\u1ea2N PH\u1ea8M<\/strong><\/p>\n<p><strong>MEBI-COLI WS<\/strong> \u0111\u01b0\u1ee3c d\u00f9ng \u0111\u1ec3 ph\u00f2ng v\u00e0 tr\u1ecb c\u00e1c b\u1ec7nh nhi\u1ec5m tr\u00f9ng d\u1ea1 d\u00e0y, ru\u1ed9t do vi khu\u1ea9n Gram (-)\u00a0 nh\u1ea1y c\u1ea3m v\u1edbi Colistin g\u00e2y ra tr\u00ean heo, b\u00ea, c\u1eebu non, gia c\u1ea7m nh\u01b0 ti\u00eau ch\u1ea3y ph\u00e2n tr\u1eafng, ph\u00e2n v\u00e0ng, ph\u00e2n xanh, ph\u00e2n c\u00f3 b\u1ecdt, ch\u01b0\u1edbng b\u1ee5ng, \u0111\u1ea7y h\u01a1i, ng\u1ed9 \u0111\u1ed9c th\u1ee9c \u0103n.<\/p>\n<p><strong>CH\u1ed0NG CH\u1ec8 \u0110\u1ecaNH<\/strong><\/p>\n<p>Th\u00fa m\u1eabn c\u1ea3m v\u1edbi colistin.<\/p>\n<p>Th\u00fa b\u1ecb suy gi\u1ea3m ch\u1ee9c n\u0103ng th\u1eadn nghi\u00eam tr\u1ecdng.<\/p>\n<p><strong>S\u1eec D\u1ee4NG<\/strong><\/p>\n<p>Tr\u1ed9n \u0111\u1ec1u v\u00e0o th\u1ee9c \u0103n ho\u1eb7c pha v\u00e0o n\u01b0\u1edbc u\u1ed1ng.<\/p>\n<p><strong>Heo, b\u00ea, c\u1eebu non<\/strong><\/p>\n<p><strong>Li\u1ec1u t\u1ed5ng qu\u00e1t<\/strong>: 1g\/ 30 &#8211; 35kg th\u1ec3 tr\u1ecdng\/ ng\u00e0y.<\/p>\n<p><strong>Li\u1ec1u ph\u00f2ng<\/strong>:1g\/40kg th\u1ec3 tr\u1ecdng\/ ng\u00e0y ho\u1eb7c 1kg\/ 2 &#8211; 3 t\u1ea5n th\u1ee9c \u0103n, d\u00f9ng li\u00ean t\u1ee5c 3-4 ng\u00e0y.<\/p>\n<p><strong>Li\u1ec1u tr\u1ecb:<\/strong> 1g\/20kg th\u1ec3 tr\u1ecdng\/ ng\u00e0y ho\u1eb7c 1kg\/ 1,5 t\u1ea5n th\u1ee9c \u0103n, d\u00f9ng li\u00ean t\u1ee5c 5 &#8211; 7 ng\u00e0y.<\/p>\n<p><strong>Gia c\u1ea7m<\/strong><\/p>\n<p><strong>Li\u1ec1u t\u1ed5ng qu\u00e1t<\/strong>: 1g\/ 20 &#8211; 25kg th\u1ec3 tr\u1ecdng\/ ng\u00e0y.<\/p>\n<p><strong>Li\u1ec1u ph\u00f2ng<\/strong>: 1g\/ 30kg th\u1ec3 tr\u1ecdng\/ ng\u00e0y ho\u1eb7c 1g\/ 4 l\u00edt n\u01b0\u1edbc u\u1ed1ng, d\u00f9ng li\u00ean t\u1ee5c 3 &#8211; 4 ng\u00e0y.<\/p>\n<p><strong>Li\u1ec1u tr\u1ecb:<\/strong> 1g\/ 15kg th\u1ec3 tr\u1ecdng\/ ng\u00e0y ho\u1eb7c 1g\/ 2 l\u00edt n\u01b0\u1edbc u\u1ed1ng, d\u00f9ng li\u00ean t\u1ee5c 5 &#8211; 7 ng\u00e0y.<\/p>\n<p>Th\u1eddi gian ng\u01b0ng s\u1eed d\u1ee5ng thu\u1ed1c: 7 ng\u00e0y tr\u01b0\u1edbc khi gi\u1ebft th\u1ecbt.<\/p>\n<p><strong>B\u1ea2O QU\u1ea2N<\/strong><\/p>\n<p>N\u01a1i kh\u00f4 r\u00e1o, tho\u00e1ng m\u00e1t, nhi\u1ec7t \u0111\u1ed9 d\u01b0\u1edbi 30<sup>0<\/sup>C, tr\u00e1nh \u00e1nh n\u1eafng tr\u1ef1c ti\u1ebfp. Tr\u00e1nh xa t\u1ea7m tay tr\u1ebb em.<\/p>\n<p><strong>H\u1ea0N D\u00d9NG <\/strong><\/p>\n<p>24 th\u00e1ng k\u1ec3 t\u1eeb ng\u00e0y s\u1ea3n xu\u1ea5t.<\/p>\n<p><strong>\u0110\u00d3NG G\u00d3I<\/strong><\/p>\n<p>100g, 1kg\/lon<\/p>\n<p><strong>S\u1ed1 \u0111\u0103ng k\u00fd: MBP-142<\/strong><\/p>\n","protected":false},"excerpt":{"rendered":"<p><strong>\u0110\u1eb6C TR\u1eca C\u00c1C B\u1ec6NH \u0110\u01af\u1edcNG TI\u00caU H\u00d3A<\/strong><\/p>\n<p><strong>C\u00d4NG TH\u1ee8C<\/strong><\/p>\n<p>Colistin sulfate&#8230;&#8230;&#8230;&#8230;&#8230;&#8230;&#8230;&#8230;&#8230;&#8230;&#8230;&#8230;&#8230;&#8230;&#8230;&#8230;&#8230;&#8230;&#8230;&#8230;&#8230;&#8230;&#8230;&#8230;.. 4.000.000.000 UI<\/p>\n<p>T\u00e1 d\u01b0\u1ee3c v\u1eeba \u0111\u1ee7&#8230;&#8230;&#8230;&#8230;&#8230;&#8230;&#8230;&#8230;&#8230;&#8230;&#8230;&#8230;&#8230;&#8230;&#8230;&#8230;&#8230;&#8230;&#8230;&#8230;&#8230;&#8230;&#8230;&#8230;&#8230;&#8230;&#8230;&#8230;&#8230;&#8230;&#8230;&#8230;. 1kg<\/p>\n<p><strong>CH\u1ec8 \u0110\u1ecaNH<\/strong><\/p>\n<p>Ph\u00f2ng v\u00e0 tr\u1ecb c\u00e1c b\u1ec7nh nhi\u1ec5m tr\u00f9ng d\u1ea1 d\u00e0y, ru\u1ed9t do vi khu\u1ea9n Gram (-) nh\u1ea1y c\u1ea3m v\u1edbi Colistin nh\u01b0: <em>E.coli<\/em>, <em>Salmonella<\/em>, <em>Shigella<\/em>, <em>Klebsiella<\/em>, <em>Pseudomonas<\/em> g\u00e2y ra ch\u1ee9ng ti\u00eau ch\u1ea3y ph\u00e2n tr\u1eafng, ph\u00e2n v\u00e0ng, ph\u00e2n xanh, ph\u00e2n c\u00f3 b\u1ecdt, ch\u01b0\u1edbng b\u1ee5ng, \u0111\u1ea7y h\u01a1i, ng\u1ed9 \u0111\u1ed9c th\u1ee9c \u0103n tr\u00ean heo, b\u00ea, c\u1eebu non, gia c\u1ea7m.<\/p>\n<p><strong>LI\u1ec0U L\u01af\u1ee2NG &amp; H\u01af\u1edaNG D\u1eaaN S\u1eec D\u1ee4NG<\/strong><\/p>\n<p>Tr\u1ed9n \u0111\u1ec1u v\u00e0o th\u1ee9c \u0103n ho\u1eb7c pha v\u00e0o n\u01b0\u1edbc u\u1ed1ng.<\/p>\n<p><strong>Heo, b\u00ea, c\u1eebu non<\/strong><\/p>\n<p><strong>Li\u1ec1u t\u1ed5ng qu\u00e1t<\/strong>: 1g\/ 30 &#8211; 35kg th\u1ec3 tr\u1ecdng\/ ng\u00e0y.<\/p>\n<p><strong>Li\u1ec1u ph\u00f2ng<\/strong>:1g\/40kg th\u1ec3 tr\u1ecdng\/ ng\u00e0y ho\u1eb7c 1kg\/ 2 &#8211; 3 t\u1ea5n th\u1ee9c \u0103n, d\u00f9ng li\u00ean t\u1ee5c 3-4 ng\u00e0y.<\/p>\n<p><strong>Li\u1ec1u tr\u1ecb:<\/strong> 1g\/ 20kg th\u1ec3 tr\u1ecdng\/ ng\u00e0y ho\u1eb7c 1kg\/ 1,5 t\u1ea5n th\u1ee9c \u0103n, d\u00f9ng li\u00ean t\u1ee5c 5 &#8211; 7 ng\u00e0y.<\/p>\n<p><strong>Gia c\u1ea7m<\/strong><\/p>\n<p><strong>Li\u1ec1u t\u1ed5ng qu\u00e1t<\/strong>: 1g\/ 20 &#8211; 25kg th\u1ec3 tr\u1ecdng\/ ng\u00e0y.<\/p>\n<p><strong>Li\u1ec1u ph\u00f2ng<\/strong>: 1g\/ 30kg th\u1ec3 tr\u1ecdng\/ ng\u00e0y ho\u1eb7c 1g\/ 4 l\u00edt n\u01b0\u1edbc u\u1ed1ng, d\u00f9ng li\u00ean t\u1ee5c 3 &#8211; 4 ng\u00e0y.<\/p>\n<p><strong>Li\u1ec1u tr\u1ecb:<\/strong> 1g\/ 15kg th\u1ec3 tr\u1ecdng\/ ng\u00e0y ho\u1eb7c 1g\/ 2 l\u00edt n\u01b0\u1edbc u\u1ed1ng, d\u00f9ng li\u00ean t\u1ee5c 5 &#8211; 7 ng\u00e0y.<\/p>\n","protected":false},"featured_media":9678,"comment_status":"closed","ping_status":"closed","template":"","meta":[],"product_brand":[],"product_cat":[62,142],"product_tag":[],"class_list":{"0":"post-4946","1":"product","2":"type-product","3":"status-publish","4":"has-post-thumbnail","6":"product_cat-thuoc-thu-y","7":"product_cat-danh-muc-san-pham-gia-cam","9":"first","10":"instock","11":"shipping-taxable","12":"purchasable","13":"product-type-variable","14":"has-default-attributes"},"_links":{"self":[{"href":"https:\/\/mebipha.com\/online\/wp-json\/wp\/v2\/product\/4946","targetHints":{"allow":["GET"]}}],"collection":[{"href":"https:\/\/mebipha.com\/online\/wp-json\/wp\/v2\/product"}],"about":[{"href":"https:\/\/mebipha.com\/online\/wp-json\/wp\/v2\/types\/product"}],"replies":[{"embeddable":true,"href":"https:\/\/mebipha.com\/online\/wp-json\/wp\/v2\/comments?post=4946"}],"wp:featuredmedia":[{"embeddable":true,"href":"https:\/\/mebipha.com\/online\/wp-json\/wp\/v2\/media\/9678"}],"wp:attachment":[{"href":"https:\/\/mebipha.com\/online\/wp-json\/wp\/v2\/media?parent=4946"}],"wp:term":[{"taxonomy":"product_brand","embeddable":true,"href":"https:\/\/mebipha.com\/online\/wp-json\/wp\/v2\/product_brand?post=4946"},{"taxonomy":"product_cat","embeddable":true,"href":"https:\/\/mebipha.com\/online\/wp-json\/wp\/v2\/product_cat?post=4946"},{"taxonomy":"product_tag","embeddable":true,"href":"https:\/\/mebipha.com\/online\/wp-json\/wp\/v2\/product_tag?post=4946"}],"curies":[{"name":"wp","href":"https:\/\/api.w.org\/{rel}","templated":true}]}}