{"id":4775,"date":"2019-03-11T11:06:44","date_gmt":"2019-03-11T04:06:44","guid":{"rendered":"https:\/\/mebipha.com\/?post_type=product&#038;p=4775"},"modified":"2025-12-26T10:50:42","modified_gmt":"2025-12-26T03:50:42","slug":"tylocan-20-inj","status":"publish","type":"product","link":"https:\/\/mebipha.com\/online\/tylocan-20-inj\/","title":{"rendered":"TYLOCAN 20% INJ"},"content":{"rendered":"<p><strong>\u0110\u1eb6C TR\u1eca TH\u01af\u01a0NG H\u00c0N, VI\u00caM PH\u1ed4I, CRD<\/strong><\/p>\n<p><strong>Dung d\u1ecbch kh\u00e1ng sinh ti\u00eam<\/strong><\/p>\n<p><strong>C\u00f4ng th\u1ee9c<\/strong><\/p>\n<p>Tylosin tartrate: 20g<\/p>\n<p>Dung m\u00f4i v\u1eeba \u0111\u1ee7: 100 ml<\/p>\n<p><strong>\u0110\u1eb6C T\u00cdNH D\u01af\u1ee2C L\u00dd S\u1ea2N PH\u1ea8M<\/strong><\/p>\n<p>Tylosin l\u00e0 kh\u00e1ng sinh thu\u1ed9c nh\u00f3m Macrolide, c\u00f3 t\u00e1c d\u1ee5ng k\u00ecm khu\u1ea9n b\u1eb1ng c\u00e1ch \u1ee9c ch\u1ebf t\u1ed5ng h\u1ee3p protein \u1edf vi khu\u1ea9n. Ph\u1ed5 kh\u00e1ng khu\u1ea9n h\u1eb9p t\u00e1c \u0111\u1ed9ng ch\u1ee7 y\u1ebfu tr\u00ean vi khu\u1ea9n Gr (+), m\u1ed9t s\u1ed1 vi khu\u1ea9n Gr (-) v\u00e0 xo\u1eafn khu\u1ea9n bao g\u1ed3m: <em>E.coli<\/em>, <em>Staphylococcus aureus<\/em>, <em>Haemophillus influenza<\/em>, <em>Corynebacterium<\/em> spp, <em>Proteus<\/em>, <em>Klebsiella<\/em>, <em>Erysipelothrix rhusiopathiae<\/em><em>, Bacillus anthracis<\/em>, <em>Treponema hyodysenteriae<\/em> v\u00e0 <em>Leptospira<\/em>\u2026.Tylosin c\u00f3 t\u00e1c d\u1ee5ng \u0111\u1eb7c bi\u1ec7t ch\u1ed1ng l\u1ea1i <em>Mycoplasma<\/em> spp.<\/p>\n<p><strong>C\u00d4NG D\u1ee4NG S\u1ea2N PH\u1ea8M<\/strong><\/p>\n<p><strong>Tr\u00ean heo<\/strong>: tr\u1ecb <em>Mycoplasma <\/em>spp., t\u1ee5 huy\u1ebft tr\u00f9ng, c\u00e1c b\u1ec7nh k\u1ebf ph\u00e1t c\u1ee7a nh\u1eefng b\u1ec7nh\u00a0 do virus nh\u01b0: Heo tai xanh (PRRS), d\u1ecbch t\u1ea3, FMD, &#8230;<\/p>\n<p><strong>Tr\u00ean gia c\u1ea7m<\/strong>: Tr\u1ecb b\u1ec7nh h\u00f4 h\u1ea5p m\u00e3n t\u00ednh (CRD) v\u00e0 c\u00e1c bi\u1ebfn ch\u1ee9ng c\u1ee7a b\u1ec7nh (CCRD), vi\u00eam xoang m\u0169i \u1edf v\u1ecbt, b\u1ec7nh ti\u00eau ch\u1ea3y ph\u00e2n tr\u1eafng, th\u01b0\u01a1ng h\u00e0n, t\u1ee5 huy\u1ebft tr\u00f9ng.<\/p>\n<p><strong>CH\u1ed0NG CH\u1ec8 \u0110\u1ecaNH<\/strong><\/p>\n<p>Th\u00fa m\u1eabn c\u1ea3m v\u1edbi tylosin hay c\u00e1c kh\u00e1ng sinh kh\u00e1c thu\u1ed9c nh\u00f3m Macrolide.<\/p>\n<p><strong>s\u1eed d\u1ee5ng<\/strong><\/p>\n<p>Ti\u00eam b\u1eafp ho\u1eb7c ti\u00eam d\u01b0\u1edbi da.<\/p>\n<p>Heo con: 1ml\/10kg th\u1ec3 tr\u1ecdng\/ng\u00e0y<\/p>\n<p>Heo tr\u00ean 50kg v\u00e0 gia s\u00fac kh\u00e1c: 1ml\/15kg th\u1ec3 tr\u1ecdng\/ng\u00e0y<\/p>\n<p>Gia c\u1ea7m: 1ml\/5-8kg th\u1ec3 tr\u1ecdng\/ng\u00e0y.<\/p>\n<p>\u0110i\u1ec1u tr\u1ecb 3 &#8211; 5 ng\u00e0y.<\/p>\n<p><strong>Th\u1eddi gian ng\u01b0ng s\u1eed d\u1ee5ng thu\u1ed1c<\/strong><\/p>\n<p>Th\u00fa gi\u1ebft th\u1ecbt: 7 ng\u00e0y tr\u01b0\u1edbc khi gi\u1ebft th\u1ecbt.<\/p>\n<p>Th\u00fa l\u1ea5y s\u1eefa: 4 l\u1ea7n v\u1eaft s\u1eefa.<\/p>\n<p><strong>B\u1ea2O QU\u1ea2N: <\/strong>N\u01a1i kh\u00f4 r\u00e1o, tho\u00e1ng m\u00e1t, nhi\u1ec7t \u0111\u1ed9 d\u01b0\u1edbi 30<sup>0<\/sup>C. Tr\u00e1nh \u00e1nh n\u1eafng tr\u1ef1c ti\u1ebfp, tr\u00e1nh xa t\u1ea7m tay tr\u1ebb em.<\/p>\n<p><strong>H\u1ea0N S\u1eec D\u1ee4NG S\u1ea2N PH\u1ea8M<\/strong><\/p>\n<p>24 th\u00e1ng k\u1ec3 t\u1eeb ng\u00e0y s\u1ea3n xu\u1ea5t.<\/p>\n<p><strong>\u0110\u00d3NG G\u00d3I<\/strong><\/p>\n<p>20ml, 100ml<\/p>\n<p><strong>S\u1ed1 \u0111\u0103ng k\u00fd: MBP-8<\/strong><\/p>\n","protected":false},"excerpt":{"rendered":"<p>Th\u00e0nh ph\u1ea7n:\u00a0Tylosin tartrate, Dung m\u00f4i v\u1eeba \u0111\u1ee7.<\/p>\n<p>S\u1eed d\u1ee5ng:<\/p>\n<p>Heo con: 1ml\/10kg th\u1ec3 tr\u1ecdng\/ng\u00e0y.<br \/>\nHeo tr\u00ean 50kg v\u00e0 gia s\u00fac kh\u00e1c: 1ml\/15kg th\u1ec3 tr\u1ecdng\/ng\u00e0y.<br \/>\nGia c\u1ea7m: 1ml\/5 &#8211; 8 kg th\u1ec3 tr\u1ecdng\/ng\u00e0y.<br \/>\n\u0110i\u1ec1u tr\u1ecb 3 &#8211; 5 ng\u00e0y.<\/p>\n","protected":false},"featured_media":10602,"comment_status":"closed","ping_status":"closed","template":"","meta":[],"product_brand":[],"product_cat":[62],"product_tag":[],"class_list":{"0":"post-4775","1":"product","2":"type-product","3":"status-publish","4":"has-post-thumbnail","6":"product_cat-thuoc-thu-y","8":"first","9":"instock","10":"shipping-taxable","11":"purchasable","12":"product-type-variable","13":"has-default-attributes"},"_links":{"self":[{"href":"https:\/\/mebipha.com\/online\/wp-json\/wp\/v2\/product\/4775","targetHints":{"allow":["GET"]}}],"collection":[{"href":"https:\/\/mebipha.com\/online\/wp-json\/wp\/v2\/product"}],"about":[{"href":"https:\/\/mebipha.com\/online\/wp-json\/wp\/v2\/types\/product"}],"replies":[{"embeddable":true,"href":"https:\/\/mebipha.com\/online\/wp-json\/wp\/v2\/comments?post=4775"}],"wp:featuredmedia":[{"embeddable":true,"href":"https:\/\/mebipha.com\/online\/wp-json\/wp\/v2\/media\/10602"}],"wp:attachment":[{"href":"https:\/\/mebipha.com\/online\/wp-json\/wp\/v2\/media?parent=4775"}],"wp:term":[{"taxonomy":"product_brand","embeddable":true,"href":"https:\/\/mebipha.com\/online\/wp-json\/wp\/v2\/product_brand?post=4775"},{"taxonomy":"product_cat","embeddable":true,"href":"https:\/\/mebipha.com\/online\/wp-json\/wp\/v2\/product_cat?post=4775"},{"taxonomy":"product_tag","embeddable":true,"href":"https:\/\/mebipha.com\/online\/wp-json\/wp\/v2\/product_tag?post=4775"}],"curies":[{"name":"wp","href":"https:\/\/api.w.org\/{rel}","templated":true}]}}