{"id":4771,"date":"2019-03-11T10:43:19","date_gmt":"2019-03-11T03:43:19","guid":{"rendered":"https:\/\/mebipha.com\/?post_type=product&#038;p=4771"},"modified":"2025-12-29T15:08:13","modified_gmt":"2025-12-29T08:08:13","slug":"tulatryl-dc","status":"publish","type":"product","link":"https:\/\/mebipha.com\/online\/tulatryl-dc\/","title":{"rendered":"TULATRYL DC"},"content":{"rendered":"<p><strong>\u0110\u1eb6C TR\u1eca NHI\u1ec4M TR\u00d9NG \u0110\u01af\u1edcNG H\u00d4 H\u1ea4P TR\u00caN GIA S\u00daC<\/strong><\/p>\n<p><strong>Dung d\u1ecbch kh\u00e1ng sinh ti\u00eam<\/strong><\/p>\n<p><strong>C\u00d4NG TH\u1ee8C <\/strong><\/p>\n<p>Tulathromycin: 10g<\/p>\n<p>Dung m\u00f4i v\u1eeba \u0111\u1ee7: 100ml<\/p>\n<p><strong>\u0110\u1eb6C T\u00cdNH D\u01af\u1ee2C L\u00dd S\u1ea2N PH\u1ea8M<\/strong><\/p>\n<p>Tulathromycine l\u00e0 kh\u00e1ng sinh t\u1ed5ng h\u1ee3p nh\u00f3m Macrolide, c\u00f3 t\u00e1c \u0111\u1ed9ng t\u0129nh khu\u1ea9n \u1edf li\u1ec1u \u0111i\u1ec1u tr\u1ecb v\u00e0 c\u00f3 th\u1ec3 c\u00f3 t\u00ednh s\u00e1t khu\u1ea9n \u1edf li\u1ec1u cao h\u01a1n. Kh\u00e1ng sinh n\u00e0y \u1ee9c ch\u1ebf t\u1ed5ng h\u1ee3p protein c\u1ee7a vi khu\u1ea9n, c\u00f3 \u0111\u1ed9c t\u00ednh th\u1ea5p, s\u1eed d\u1ee5ng ph\u1ed5 bi\u1ebfn \u0111\u1ec3 \u0111i\u1ec1u tr\u1ecb nhi\u1ec5m khu\u1ea9n \u0111\u01b0\u1eddng h\u00f4 h\u1ea5p v\u00e0 c\u00e1c vi khu\u1ea9n k\u00fd sinh n\u1ed9i b\u00e0o. \u0110\u1eb7c bi\u1ec7t hi\u1ec7u qu\u1ea3 v\u1edbi c\u00e1c vi khu\u1ea9n sau tr\u00ean heo, tr\u00e2u, b\u00f2: <em>Mannheimia haemolytica<\/em>, <em>Pasteurella multocida<\/em>, <em>Histophilus somni<\/em>, <em>Mycoplasma bovis<\/em>, <em>Mycoplasma hyopneumoniae<\/em>, <em>Fusobacterium mortrophorum<\/em>, <em>Porphyromonas levii<\/em>, <em>Moraxella bovis<\/em>, <em>Actinobacillus pleuropneumoniae<\/em>, <em>Haemophilus parasuis, Bordetella bronchiseptica.<\/em><\/p>\n<p>Tulathromycine l\u00e0 kh\u00e1ng sinh Macrolide m\u1edbi n\u00ean kh\u00f4ng b\u1ecb h\u1ee7y b\u1edfi acid d\u1ecbch v\u1ecb v\u00e0 do \u0111\u00f3 h\u1ea5p thu t\u1ed1t h\u01a1n, kh\u00f4ng b\u1ecb \u1ea3nh h\u01b0\u1edfng b\u1edfi th\u1ee9c \u0103n trong d\u1ea1 d\u00e0y.<\/p>\n<p><strong>C\u00d4NG D\u1ee4NG S\u1ea2N PH\u1ea8M<\/strong><\/p>\n<p>\u0110\u1eb7c tr\u1ecb c\u00e1c b\u1ec7nh nhi\u1ec5m tr\u00f9ng \u0111\u01b0\u1eddng h\u00f4 h\u1ea5p tr\u00ean heo: vi\u00eam ph\u1ed5i \u0111\u1ecba ph\u01b0\u01a1ng, vi\u00eam ph\u1ed5i m\u00e0ng ph\u1ed5i, vi\u00eam teo m\u0169i truy\u1ec1n nhi\u1ec5m, vi\u00eam \u0111a xoang.<\/p>\n<p>S\u1ea3n ph\u1ea9m c\u00f2n \u0111i\u1ec1u tr\u1ecb hi\u1ec7u qu\u1ea3 c\u00e1c b\u1ec7nh k\u1ebf ph\u00e1t heo tai xanh (PRRS), ph\u00f3 th\u01b0\u01a1ng h\u00e0n, t\u1ee5 huy\u1ebft tr\u00f9ng.<\/p>\n<p><strong>CH\u1ed0NG CH\u1ec8 \u0110\u1ecaNH<\/strong><\/p>\n<p>Kh\u00f4ng d\u00f9ng trong tr\u01b0\u1eddng h\u1ee3p con v\u1eadt qu\u00e1 m\u1eabn c\u1ea3m v\u1edbi c\u00e1c kh\u00e1ng sinh nh\u00f3m Macrolide<\/p>\n<p><strong>S\u1eec D\u1ee4NG<\/strong><\/p>\n<p>Tr\u1ecb b\u1ec7nh: s\u1eed d\u1ee5ng 1 li\u1ec1u duy nh\u1ea5t.<\/p>\n<p>Heo con: 1ml\/20 &#8211; 25kg th\u1ec3 tr\u1ecdng.<\/p>\n<p>Heo l\u1edbn: 1ml\/40kg th\u1ec3 tr\u1ecdng.<\/p>\n<p>B\u1ec7nh n\u1eb7ng ti\u00eam nh\u1eafc l\u1ea1i 1 li\u1ec1u duy nh\u1ea5t sau 72 gi\u1edd.<\/p>\n<p><strong>Th\u1eddi gian ng\u01b0ng s\u1eed d\u1ee5ng thu\u1ed1c<\/strong><\/p>\n<p>Th\u00fa gi\u1ebft th\u1ecbt: 30 ng\u00e0y tr\u01b0\u1edbc khi gi\u1ebft m\u1ed5.<\/p>\n<p><strong>B\u1ea2O QU\u1ea2N: <\/strong>N\u01a1i kh\u00f4 r\u00e1o, tho\u00e1ng m\u00e1t, nhi\u1ec7t \u0111\u1ed9 d\u01b0\u1edbi 30<sup>0<\/sup>C. Tr\u00e1nh \u00e1nh n\u1eafng tr\u1ef1c ti\u1ebfp, tr\u00e1nh xa t\u1ea7m tay tr\u1ebb em.<\/p>\n<p><strong>H\u1ea0N S\u1eec D\u1ee4NG S\u1ea2N PH\u1ea8M<\/strong><\/p>\n<p>24 th\u00e1ng k\u1ec3 t\u1eeb ng\u00e0y s\u1ea3n xu\u1ea5t.<\/p>\n<p><strong>\u0110\u00d3NG G\u00d3I<\/strong><\/p>\n<p>5ml, 20ml<\/p>\n<p><strong>S\u1ed1 \u0111\u0103ng k\u00fd: MBP-124<\/strong><\/p>\n","protected":false},"excerpt":{"rendered":"<p>Th\u00e0nh ph\u1ea7n:\u00a0Tulathromycin, Dung m\u00f4i v\u1eeba \u0111\u1ee7.<\/p>\n<p>S\u1eed d\u1ee5ng:<\/p>\n<p>Tr\u1ecb b\u1ec7nh: S\u1eed d\u1ee5ng 01 li\u1ec1u duy nh\u1ea5t<br \/>\nHeo con: 1ml\/20 &#8211; 25 kg th\u1ec3 tr\u1ecdng<br \/>\nHeo l\u1edbn: 1ml\/40kg th\u1ec3 tr\u1ecdng<br \/>\nB\u1ec7nh n\u1eb7ng ti\u00eam nh\u1eafc l\u1ea1i 1 li\u1ec1u duy nh\u1ea5t sau 72h.<\/p>\n","protected":false},"featured_media":10600,"comment_status":"closed","ping_status":"closed","template":"","meta":[],"product_brand":[],"product_cat":[62],"product_tag":[],"class_list":{"0":"post-4771","1":"product","2":"type-product","3":"status-publish","4":"has-post-thumbnail","6":"product_cat-thuoc-thu-y","8":"first","9":"instock","10":"shipping-taxable","11":"purchasable","12":"product-type-variable","13":"has-default-attributes"},"_links":{"self":[{"href":"https:\/\/mebipha.com\/online\/wp-json\/wp\/v2\/product\/4771","targetHints":{"allow":["GET"]}}],"collection":[{"href":"https:\/\/mebipha.com\/online\/wp-json\/wp\/v2\/product"}],"about":[{"href":"https:\/\/mebipha.com\/online\/wp-json\/wp\/v2\/types\/product"}],"replies":[{"embeddable":true,"href":"https:\/\/mebipha.com\/online\/wp-json\/wp\/v2\/comments?post=4771"}],"wp:featuredmedia":[{"embeddable":true,"href":"https:\/\/mebipha.com\/online\/wp-json\/wp\/v2\/media\/10600"}],"wp:attachment":[{"href":"https:\/\/mebipha.com\/online\/wp-json\/wp\/v2\/media?parent=4771"}],"wp:term":[{"taxonomy":"product_brand","embeddable":true,"href":"https:\/\/mebipha.com\/online\/wp-json\/wp\/v2\/product_brand?post=4771"},{"taxonomy":"product_cat","embeddable":true,"href":"https:\/\/mebipha.com\/online\/wp-json\/wp\/v2\/product_cat?post=4771"},{"taxonomy":"product_tag","embeddable":true,"href":"https:\/\/mebipha.com\/online\/wp-json\/wp\/v2\/product_tag?post=4771"}],"curies":[{"name":"wp","href":"https:\/\/api.w.org\/{rel}","templated":true}]}}