{"id":4721,"date":"2019-02-21T14:26:11","date_gmt":"2019-02-21T07:26:11","guid":{"rendered":"https:\/\/mebipha.com\/?post_type=product&#038;p=4721"},"modified":"2024-10-04T09:57:27","modified_gmt":"2024-10-04T02:57:27","slug":"oxytetra-50","status":"publish","type":"product","link":"https:\/\/mebipha.com\/online\/oxytetra-50\/","title":{"rendered":"OXYTETRA 50% (T\u00d4M)"},"content":{"rendered":"","protected":false},"excerpt":{"rendered":"<p>\u0110\u1eb6C TR\u1eca C\u00c1C B\u1ec6NH V\u1ec0 GAN, \u0110\u01af\u1edcNG RU\u1ed8T TR\u00caN T\u00d4M<\/p>\n<p><strong>C\u00d4NG TH\u1ee8C<\/strong><\/p>\n<p>Oxytetracycline HCl\u2026\u2026..500g<\/p>\n<p>T\u00e1 d\u01b0\u1ee3c v\u1eeba \u0111\u1ee7\u2026\u2026\u2026\u2026.1.000g<\/p>\n<p><strong>CH\u1ec8 \u0110\u1ecaNH<\/strong><\/p>\n<p>\u0110\u1eb7c tr\u1ecb c\u00e1c b\u1ec7nh tr\u00ean t\u00f4m do vi khu\u1ea9n Vibrio g\u00e2y ra nh\u01b0: b\u1ec7nh ho\u1ea1i t\u1eed gan t\u1ee5y c\u1ea5p t\u00ednh do vi khu\u1ea9n Vibrio parahaemolyticus, b\u1ec7nh ph\u00e2n tr\u1eafng do V.vulnificus, V.fluvialis, V.alginolyticus, b\u1ec7nh ph\u00e1t s\u00e1ng, \u0111\u1ed1m \u0111en tr\u00ean t\u00f4m.<\/p>\n<p><strong>LI\u1ec0U L\u01af\u1ee2NG <\/strong><\/p>\n<p>Ph\u00f2ng b\u1ec7nh: 1 &#8211; 2g \/1kg th\u1ee9c \u0103n, d\u00f9ng li\u00ean t\u1ee5c 2 \u2013 3 ng\u00e0y.<\/p>\n<p>Tr\u1ecb b\u1ec7nh: 2 &#8211; 3g\/1kg th\u1ee9c \u0103n, d\u00f9ng li\u00ean t\u1ee5c 3 \u2013 5 ng\u00e0y.<\/p>\n<p><strong>H\u01af\u1edaNG D\u1eaaN S\u1eec D\u1ee4NG<\/strong><\/p>\n<p>H\u00f2a tan v\u00e0o n\u01b0\u1edbc r\u1ed3i tr\u1ed9n \u0111\u1ec1u v\u1edbi th\u1ee9c \u0103n, \u00e1o l\u1ea1i b\u1eb1ng d\u1ea7u th\u1ef1c v\u1eadt ho\u1eb7c ch\u1ea5t k\u00edch m\u00f9i, \u0111\u1ec3 r\u00e1o 15 ph\u00fat sau \u0111\u00f3 m\u1edbi cho t\u00f4m \u0103n.<\/p>\n<p><strong>Th\u1eddi gian ng\u01b0ng s\u1eed d\u1ee5ng thu\u1ed1c<\/strong><\/p>\n<p>21 ng\u00e0y tr\u01b0\u1edbc khi thu ho\u1ea1ch.<\/p>\n","protected":false},"featured_media":10670,"comment_status":"closed","ping_status":"closed","template":"","meta":[],"product_brand":[],"product_cat":[71,134],"product_tag":[],"class_list":{"0":"post-4721","1":"product","2":"type-product","3":"status-publish","4":"has-post-thumbnail","6":"product_cat-thuoc-thuy-san","7":"product_cat-thuoc-thuy-san-thuoc-thuy-san","9":"first","10":"instock","11":"shipping-taxable","12":"purchasable","13":"product-type-variable","14":"has-default-attributes"},"_links":{"self":[{"href":"https:\/\/mebipha.com\/online\/wp-json\/wp\/v2\/product\/4721","targetHints":{"allow":["GET"]}}],"collection":[{"href":"https:\/\/mebipha.com\/online\/wp-json\/wp\/v2\/product"}],"about":[{"href":"https:\/\/mebipha.com\/online\/wp-json\/wp\/v2\/types\/product"}],"replies":[{"embeddable":true,"href":"https:\/\/mebipha.com\/online\/wp-json\/wp\/v2\/comments?post=4721"}],"wp:featuredmedia":[{"embeddable":true,"href":"https:\/\/mebipha.com\/online\/wp-json\/wp\/v2\/media\/10670"}],"wp:attachment":[{"href":"https:\/\/mebipha.com\/online\/wp-json\/wp\/v2\/media?parent=4721"}],"wp:term":[{"taxonomy":"product_brand","embeddable":true,"href":"https:\/\/mebipha.com\/online\/wp-json\/wp\/v2\/product_brand?post=4721"},{"taxonomy":"product_cat","embeddable":true,"href":"https:\/\/mebipha.com\/online\/wp-json\/wp\/v2\/product_cat?post=4721"},{"taxonomy":"product_tag","embeddable":true,"href":"https:\/\/mebipha.com\/online\/wp-json\/wp\/v2\/product_tag?post=4721"}],"curies":[{"name":"wp","href":"https:\/\/api.w.org\/{rel}","templated":true}]}}