{"id":4711,"date":"2019-02-21T13:44:18","date_gmt":"2019-02-21T06:44:18","guid":{"rendered":"https:\/\/mebipha.com\/?post_type=product&#038;p=4711"},"modified":"2025-12-29T14:53:23","modified_gmt":"2025-12-29T07:53:23","slug":"norflox-20","status":"publish","type":"product","link":"https:\/\/mebipha.com\/online\/norflox-20\/","title":{"rendered":"NORFLOX 20"},"content":{"rendered":"<p><strong>\u0110\u1eb6C TR\u1eca CRD, VI\u00caM RU\u1ed8T TI\u00caU CH\u1ea2Y TR\u00caN GIA C\u1ea6M<\/strong><\/p>\n<p><strong>Dung d\u1ecbch u\u1ed1ng<\/strong><\/p>\n<p><strong>C\u00d4NG TH\u1ee8C<\/strong><\/p>\n<p>Norfloxacin: 200g<\/p>\n<p>Dung m\u00f4i v\u1eeba \u0111\u1ee7: 1 l\u00edt<\/p>\n<p><strong>\u0110\u1eb6C T\u00cdNH D\u01af\u1ee2C L\u00dd S\u1ea2N PH\u1ea8M<\/strong><\/p>\n<p>Norfloxacin l\u00e0 kh\u00e1ng sinh th\u1ebf h\u1ec7 th\u1ee9 hai c\u1ee7a nh\u00f3m Quinolone v\u00e0 c\u00f3 t\u00e1c d\u1ee5ng di\u1ec7t khu\u1ea9n ch\u1ee7 y\u1ebfu v\u1edbi vi khu\u1ea9n Gram \u00e2m nh\u01b0 <em>Campylobacter<\/em>, <em>E. coli<\/em>, <em>Staphylococcus,<\/em> <em>Pseudomonas,<\/em> <em>Haemophilus<\/em>, <em>Pasteurella<\/em>, <em>Salmonella <\/em>v\u00e0 <em>Mycoplasma<\/em> spp.<\/p>\n<p>Norfloxacin \u0111\u01b0\u1ee3c h\u1ea5p thu t\u1ed1t qua \u0111\u01b0\u1eddng u\u1ed1ng, ph\u00e2n b\u1ed1 t\u1ed1t v\u00e0o c\u00e1c m\u00f4 trong c\u01a1 th\u1ec3, th\u1ea3i tr\u1eeb ch\u1eadm v\u00e0 an to\u00e0n cho v\u1eadt nu\u00f4i.<\/p>\n<p><strong>C\u00d4NG D\u1ee4NG<\/strong><\/p>\n<p><strong>\u0110\u1eb7c tr\u1ecb c\u00e1c b\u1ec7nh do vi khu\u1ea9n nh\u1ea1y c\u1ea3m v\u1edbi Norfloxacin g\u00e2y ra tr\u00ean gia c\u1ea7m:<\/strong><\/p>\n<p>B\u1ec7nh h\u00f4 h\u1ea5p m\u00e3n t\u00ednh (CRD), t\u1ee5 huy\u1ebft tr\u00f9ng, nhi\u1ec5m tr\u00f9ng huy\u1ebft, th\u01b0\u01a1ng h\u00e0n, b\u1ea1ch l\u1ef5, vi\u00eam kh\u1edbp.<\/p>\n<p>Norfloxacin \u0111\u1ea1t n\u1ed3ng \u0111\u1ed9 \u0111\u1eb7c bi\u1ec7t cao trong n\u01b0\u1edbc ti\u1ec3u n\u00ean \u0111\u01b0\u1ee3c d\u00f9ng \u0111\u1ec3 tr\u1ecb nhi\u1ec5m tr\u00f9ng \u0111\u01b0\u1eddng ti\u1ebft ni\u1ec7u.<\/p>\n<p><strong>CH\u1ed0NG CH\u1ec8 \u0110\u1ecaNH<\/strong><\/p>\n<p>Kh\u00f4ng d\u00f9ng cho th\u00fa qu\u00e1 m\u1eabn v\u1edbi Quinolone.<\/p>\n<p>Kh\u00f4ng d\u00f9ng cho th\u00fa b\u1ecb suy gan ho\u1eb7c suy th\u1eadn.<\/p>\n<p><strong>S\u1eec D\u1ee4NG<\/strong><\/p>\n<p>Pha v\u00e0o n\u01b0\u1edbc u\u1ed1ng.<\/p>\n<p>Tr\u00ean g\u00e0, v\u1ecbt, c\u00fat<\/p>\n<p>Li\u1ec1u t\u1ed5ng qu\u00e1t: 1ml\/10-15kg th\u1ec3 tr\u1ecdng.<\/p>\n<p>Ph\u00f2ng b\u1ec7nh: 1ml\/10-15kg th\u1ec3 tr\u1ecdng\/ng\u00e0y ho\u1eb7c 1ml\/2 l\u00edt n\u01b0\u1edbc u\u1ed1ng d\u00f9ng li\u00ean t\u1ee5c 2-3 ng\u00e0y. \u0110\u1ecbnh k\u1ef3 d\u00f9ng 1-2 \u0111\u1ee3t\/th\u00e1ng.<\/p>\n<p>Tr\u1ecb b\u1ec7nh: 1ml\/7-10kg th\u1ec3 tr\u1ecdng\/ng\u00e0y ho\u1eb7c 1ml\/1 l\u00edt n\u01b0\u1edbc u\u1ed1ng, d\u00f9ng li\u00ean t\u1ee5c 5-7 ng\u00e0y.<\/p>\n<p><strong>Th\u1eddi gian ng\u01b0ng s\u1eed d\u1ee5ng thu\u1ed1c:<\/strong> 7 ng\u00e0y tr\u01b0\u1edbc khi gi\u1ebft m\u1ed5.<\/p>\n<p><strong>B\u1ea2O QU\u1ea2N<\/strong><\/p>\n<p>N\u01a1i kh\u00f4 r\u00e1o, tho\u00e1ng m\u00e1t, nhi\u1ec7t \u0111\u1ed9 d\u01b0\u1edbi 30<sup>0<\/sup>C, tr\u00e1nh \u00e1nh n\u1eafng tr\u1ef1c ti\u1ebfp. Tr\u00e1nh xa t\u1ea7m tay tr\u1ebb em.<\/p>\n<p><strong>H\u1ea0N D\u00d9NG <\/strong><\/p>\n<p>24 th\u00e1ng k\u1ec3 t\u1eeb ng\u00e0y s\u1ea3n xu\u1ea5t.<\/p>\n<p><strong>\u0110\u00d3NG G\u00d3I<\/strong><\/p>\n<p>250ml, 1 l\u00edt<\/p>\n<p><strong>S\u1ed1 \u0111\u0103ng k\u00fd: MBP-88<\/strong><\/p>\n","protected":false},"excerpt":{"rendered":"<p><strong>\u0110\u1eb6C TR\u1eca CRD, VI\u00caM RU\u1ed8T TI\u00caU CH\u1ea2Y TR\u00caN GIA C\u1ea6M<\/strong><\/p>\n<p><strong>Dung d\u1ecbch u\u1ed1ng<\/strong><\/p>\n<p><strong>C\u00d4NG TH\u1ee8C<\/strong><\/p>\n<p>Norfloxacin: 200g<\/p>\n<p>Dung m\u00f4i v\u1eeba \u0111\u1ee7: 1 l\u00edt<\/p>\n<p><strong>C\u00d4NG D\u1ee4NG<\/strong><\/p>\n<p><strong>\u0110\u1eb7c tr\u1ecb c\u00e1c b\u1ec7nh do vi khu\u1ea9n nh\u1ea1y c\u1ea3m v\u1edbi Norfloxacin g\u00e2y ra tr\u00ean gia c\u1ea7m:<\/strong><\/p>\n<p>B\u1ec7nh h\u00f4 h\u1ea5p m\u00e3n t\u00ednh (CRD), t\u1ee5 huy\u1ebft tr\u00f9ng, nhi\u1ec5m tr\u00f9ng huy\u1ebft, th\u01b0\u01a1ng h\u00e0n, b\u1ea1ch l\u1ef5, vi\u00eam kh\u1edbp.<\/p>\n<p>Norfloxacin \u0111\u1ea1t n\u1ed3ng \u0111\u1ed9 \u0111\u1eb7c bi\u1ec7t cao trong n\u01b0\u1edbc ti\u1ec3u n\u00ean \u0111\u01b0\u1ee3c d\u00f9ng \u0111\u1ec3 tr\u1ecb nhi\u1ec5m tr\u00f9ng \u0111\u01b0\u1eddng ti\u1ebft ni\u1ec7u.<\/p>\n<p><strong>CH\u1ed0NG CH\u1ec8 \u0110\u1ecaNH<\/strong><\/p>\n<p>Kh\u00f4ng d\u00f9ng cho th\u00fa qu\u00e1 m\u1eabn v\u1edbi Quinolone.<\/p>\n<p>Kh\u00f4ng d\u00f9ng cho th\u00fa b\u1ecb suy gan ho\u1eb7c suy th\u1eadn.<\/p>\n<p><strong>S\u1eec D\u1ee4NG<\/strong><\/p>\n<p>Pha v\u00e0o n\u01b0\u1edbc u\u1ed1ng.<\/p>\n<p>Tr\u00ean g\u00e0, v\u1ecbt, c\u00fat<\/p>\n<p>Li\u1ec1u t\u1ed5ng qu\u00e1t: 1ml\/10-15kg th\u1ec3 tr\u1ecdng.<\/p>\n<p>Ph\u00f2ng b\u1ec7nh: 1ml\/10-15kg th\u1ec3 tr\u1ecdng\/ng\u00e0y ho\u1eb7c 1ml\/2 l\u00edt n\u01b0\u1edbc u\u1ed1ng d\u00f9ng li\u00ean t\u1ee5c 2-3 ng\u00e0y. \u0110\u1ecbnh k\u1ef3 d\u00f9ng 1-2 \u0111\u1ee3t\/th\u00e1ng.<\/p>\n<p>Tr\u1ecb b\u1ec7nh: 1ml\/7-10kg th\u1ec3 tr\u1ecdng\/ng\u00e0y ho\u1eb7c 1ml\/1 l\u00edt n\u01b0\u1edbc u\u1ed1ng, d\u00f9ng li\u00ean t\u1ee5c 5-7 ng\u00e0y.<\/p>\n<p><strong>Th\u1eddi gian ng\u01b0ng s\u1eed d\u1ee5ng thu\u1ed1c:<\/strong> 7 ng\u00e0y tr\u01b0\u1edbc khi gi\u1ebft m\u1ed5.<\/p>\n","protected":false},"featured_media":10585,"comment_status":"closed","ping_status":"closed","template":"","meta":[],"product_brand":[],"product_cat":[62],"product_tag":[],"class_list":{"0":"post-4711","1":"product","2":"type-product","3":"status-publish","4":"has-post-thumbnail","6":"product_cat-thuoc-thu-y","8":"first","9":"instock","10":"shipping-taxable","11":"purchasable","12":"product-type-variable","13":"has-default-attributes"},"_links":{"self":[{"href":"https:\/\/mebipha.com\/online\/wp-json\/wp\/v2\/product\/4711","targetHints":{"allow":["GET"]}}],"collection":[{"href":"https:\/\/mebipha.com\/online\/wp-json\/wp\/v2\/product"}],"about":[{"href":"https:\/\/mebipha.com\/online\/wp-json\/wp\/v2\/types\/product"}],"replies":[{"embeddable":true,"href":"https:\/\/mebipha.com\/online\/wp-json\/wp\/v2\/comments?post=4711"}],"wp:featuredmedia":[{"embeddable":true,"href":"https:\/\/mebipha.com\/online\/wp-json\/wp\/v2\/media\/10585"}],"wp:attachment":[{"href":"https:\/\/mebipha.com\/online\/wp-json\/wp\/v2\/media?parent=4711"}],"wp:term":[{"taxonomy":"product_brand","embeddable":true,"href":"https:\/\/mebipha.com\/online\/wp-json\/wp\/v2\/product_brand?post=4711"},{"taxonomy":"product_cat","embeddable":true,"href":"https:\/\/mebipha.com\/online\/wp-json\/wp\/v2\/product_cat?post=4711"},{"taxonomy":"product_tag","embeddable":true,"href":"https:\/\/mebipha.com\/online\/wp-json\/wp\/v2\/product_tag?post=4711"}],"curies":[{"name":"wp","href":"https:\/\/api.w.org\/{rel}","templated":true}]}}