{"id":4647,"date":"2019-02-21T10:31:22","date_gmt":"2019-02-21T03:31:22","guid":{"rendered":"https:\/\/mebipha.com\/?post_type=product&#038;p=4647"},"modified":"2024-10-04T09:39:13","modified_gmt":"2024-10-04T02:39:13","slug":"mebi-septic","status":"publish","type":"product","link":"https:\/\/mebipha.com\/online\/mebi-septic\/","title":{"rendered":"MEBI-SEPTIC (C\u00c1)"},"content":{"rendered":"","protected":false},"excerpt":{"rendered":"<p>DUNG D\u1ecaCH S\u00c1T TR\u00d9NG NGU\u1ed2N N\u01af\u1edaC<\/p>\n<p>H\u1ed6 TR\u1ee2 \u0110I\u1ec0U TR\u1eca B\u1ec6NH GAN TH\u1eacN M\u1ee6, XU\u1ea4T HUY\u1ebeT, PH\u00d9 \u0110\u1ea6U<\/p>\n<p><strong>C\u00d4NG TH\u1ee8C<\/strong><\/p>\n<p>Alkyl dimethyl benzyl ammonium chloride&#8230;&#8230;&#8230;&#8230;&#8230;&#8230;&#8230;&#8230;&#8230;&#8230;. 130 g<\/p>\n<p>Glutaraldehyde &#8230;&#8230;&#8230;&#8230;&#8230;&#8230;.75 g<\/p>\n<p>Dung m\u00f4i v\u1eeba \u0111\u1ee7&#8230;&#8230;&#8230;&#8230;..1.000ml<\/p>\n<p><strong>CH\u1ec8 \u0110\u1ecaNH<\/strong><\/p>\n<p>Ti\u00eau di\u1ec7t ho\u00e0n to\u00e0n c\u00e1c vi khu\u1ea9n, n\u1ea5m, nguy\u00ean sinh \u0111\u1ed9ng v\u1eadt, k\u00fd sinh tr\u00f9ng g\u00e2y b\u1ec7nh tr\u00ean c\u00e1 nh\u01b0: b\u1ec7nh l\u1edf lo\u00e9t, nhi\u1ec5m tr\u00f9ng m\u00e1u, \u0111\u1ed1m \u0111\u1ecf, tr\u1eafng \u0111u\u00f4i, th\u1ed1i v\u00e2y, s\u01b0ng ch\u01b0\u1edbng b\u1ee5ng, xu\u1ea5t huy\u1ebft, gan th\u1eadn m\u1ee7.<\/p>\n<p>Gi\u1ea3m b\u1edbt m\u00f9i h\u00f4i c\u1ee7a b\u00f9n, l\u00e0m s\u1ea1ch ngu\u1ed3n n\u01b0\u1edbc nu\u00f4i.<\/p>\n<p>S\u00e1t tr\u00f9ng nh\u00e0 x\u01b0\u1edfng, d\u1ee5ng c\u1ee5 , trang thi\u1ebft b\u1ecb trong b\u1ec3 \u01b0\u01a1m.<\/p>\n<p><strong>LI\u1ec0U L\u01af\u1ee2NG &amp; H\u01af\u1edaNG D\u1eaaN S\u1eec D\u1ee4NG<\/strong><\/p>\n<p>V\u1ec7 sinh b\u1ec3 v\u00e0 d\u1ee5ng c\u1ee5: 3 ml\/m3 n\u01b0\u1edbc, ng\u00e2m 10 gi\u1edd r\u1ed3i r\u1eeda s\u1ea1ch b\u1eb1ng n\u01b0\u1edbc th\u01b0\u1eddng.<\/p>\n<p>S\u00e1t tr\u00f9ng trong qu\u00e1 tr\u00ecnh nu\u00f4i:<\/p>\n<p>Nu\u00f4i b\u00e8: 100 ml\/200 m<sup>3<\/sup> &#8211; 300 m<sup>3<\/sup> n\u01b0\u1edbc.<\/p>\n<p>Nu\u00f4i ao: 1 l\u00edt\/ 3.000 m<sup>3<\/sup> \u2013 4.000 m<sup>3<\/sup> n\u01b0\u1edbc ao, \u0111\u1ecbnh k\u1ef3 10 ng\u00e0y\/l\u1ea7n.<\/p>\n<p>Khi c\u00e1 b\u1ecb b\u1ec7nh: 1 l\u00edt\/ 2.000 m<sup>3<\/sup> \u2013 3.000\u00a0 m<sup>3<\/sup> n\u01b0\u1edbc, x\u1eed l\u00fd 2 ng\u00e0y li\u00ean t\u1ee5c.<\/p>\n<p>L\u01b0u \u00fd: \u0110\u1ecdc k\u1ef9 h\u01b0\u1edbng d\u1eabn s\u1eed d\u1ee5ng tr\u01b0\u1edbc khi d\u00f9ng.<\/p>\n","protected":false},"featured_media":10659,"comment_status":"closed","ping_status":"closed","template":"","meta":[],"product_brand":[],"product_cat":[71,107],"product_tag":[],"class_list":{"0":"post-4647","1":"product","2":"type-product","3":"status-publish","4":"has-post-thumbnail","6":"product_cat-thuoc-thuy-san","7":"product_cat-san-pham-cho-ca","9":"first","10":"instock","11":"shipping-taxable","12":"purchasable","13":"product-type-variable","14":"has-default-attributes"},"_links":{"self":[{"href":"https:\/\/mebipha.com\/online\/wp-json\/wp\/v2\/product\/4647","targetHints":{"allow":["GET"]}}],"collection":[{"href":"https:\/\/mebipha.com\/online\/wp-json\/wp\/v2\/product"}],"about":[{"href":"https:\/\/mebipha.com\/online\/wp-json\/wp\/v2\/types\/product"}],"replies":[{"embeddable":true,"href":"https:\/\/mebipha.com\/online\/wp-json\/wp\/v2\/comments?post=4647"}],"wp:featuredmedia":[{"embeddable":true,"href":"https:\/\/mebipha.com\/online\/wp-json\/wp\/v2\/media\/10659"}],"wp:attachment":[{"href":"https:\/\/mebipha.com\/online\/wp-json\/wp\/v2\/media?parent=4647"}],"wp:term":[{"taxonomy":"product_brand","embeddable":true,"href":"https:\/\/mebipha.com\/online\/wp-json\/wp\/v2\/product_brand?post=4647"},{"taxonomy":"product_cat","embeddable":true,"href":"https:\/\/mebipha.com\/online\/wp-json\/wp\/v2\/product_cat?post=4647"},{"taxonomy":"product_tag","embeddable":true,"href":"https:\/\/mebipha.com\/online\/wp-json\/wp\/v2\/product_tag?post=4647"}],"curies":[{"name":"wp","href":"https:\/\/api.w.org\/{rel}","templated":true}]}}