{"id":4637,"date":"2019-02-21T09:50:24","date_gmt":"2019-02-21T02:50:24","guid":{"rendered":"https:\/\/mebipha.com\/?post_type=product&#038;p=4637"},"modified":"2023-10-03T13:54:04","modified_gmt":"2023-10-03T06:54:04","slug":"mebi-flor-40","status":"publish","type":"product","link":"https:\/\/mebipha.com\/online\/mebi-flor-40\/","title":{"rendered":"MEBI-FLOR 40%"},"content":{"rendered":"","protected":false},"excerpt":{"rendered":"<p>\u0110\u1eb6C TR\u1eca B\u1ec6NH GAN TH\u1eacN M\u1ee6 &#8211; XU\u1ea4T HUY\u1ebeT, PH\u00d9 \u0110\u1ea6U \u1ede C\u00c1<\/p>\n<p><strong>C\u00d4NG TH\u1ee8C<\/strong><\/p>\n<p>Florfenicol\u2026\u2026\u2026&#8230; 400g<\/p>\n<p>Dung m\u00f4i v\u1eeba \u0111\u1ee7\u2026\u2026\u2026\u2026&#8230; 1 l\u00edt<\/p>\n<p><strong>CH\u1ec8 \u0110\u1ecaNH<\/strong><\/p>\n<p>\u0110\u1eb7c tr\u1ecb gan th\u1eadn m\u1ee7 (ch\u1ee7 y\u1ebfu do vi khu\u1ea9n <em>Edwardsiella ictaluri <\/em>g\u00e2y ra), b\u1ec7nh xu\u1ea5t huy\u1ebft, ph\u00f9 \u0111\u1ea7u, \u0111\u1ed1m \u0111\u1ecf, tr\u1eafng gan, tr\u1eafng mang \u1edf c\u00e1 (ch\u1ee7 y\u1ebfu do vi khu\u1ea9n <em>Aeromonas hydrophila, A. sabria, A. caviae<\/em>).<\/p>\n<p><strong>LI\u1ec0U L\u01af\u1ee2NG &amp; H\u01af\u1edaNG D\u1eaaN S\u1eec D\u1ee4NG<\/strong><\/p>\n<p>Ph\u00f2ng b\u1ec7nh: 1 l\u00edt\/ 50 t\u1ea5n c\u00e1, d\u00f9ng li\u00ean t\u1ee5c trong 2 ng\u00e0y. \u0110\u1ecbnh k\u1ef3 1 th\u00e1ng cho \u0103n 1 \u0111\u1ee3t.<\/p>\n<p>Tr\u1ecb b\u1ec7nh: 1 l\u00edt\/ 35 &#8211; 40 t\u1ea5n c\u00e1\u00a0 d\u00f9ng ng\u00e0y 1 l\u1ea7n, li\u00ean t\u1ee5c trong 5 \u2013 7 ng\u00e0y<\/p>\n<p>Sau khi \u0111i\u1ec1u tr\u1ecb c\u00e1 h\u1ebft b\u1ec7nh, b\u1ed5 sung s\u1ea3n ph\u1ea9m gi\u1ea3i \u0111\u1ed9c gan th\u1eadn Hepasol B12 k\u1ebft h\u1ee3p c\u1ea5y l\u1ea1i men vi sinh \u0111\u01b0\u1eddng ru\u1ed9t Mebilac-tyl SP.<\/p>\n<p><strong>TH\u1edcI GIAN NG\u01afNG S\u1eec D\u1ee4NG THU\u1ed0C<\/strong>:<\/p>\n<p>30 ng\u00e0y tr\u01b0\u1edbc khi thu ho\u1ea1ch.<\/p>\n","protected":false},"featured_media":9690,"comment_status":"closed","ping_status":"closed","template":"","meta":[],"product_brand":[],"product_cat":[71,107],"product_tag":[],"class_list":{"0":"post-4637","1":"product","2":"type-product","3":"status-publish","4":"has-post-thumbnail","6":"product_cat-thuoc-thuy-san","7":"product_cat-san-pham-cho-ca","9":"first","10":"instock","11":"shipping-taxable","12":"purchasable","13":"product-type-variable","14":"has-default-attributes"},"_links":{"self":[{"href":"https:\/\/mebipha.com\/online\/wp-json\/wp\/v2\/product\/4637","targetHints":{"allow":["GET"]}}],"collection":[{"href":"https:\/\/mebipha.com\/online\/wp-json\/wp\/v2\/product"}],"about":[{"href":"https:\/\/mebipha.com\/online\/wp-json\/wp\/v2\/types\/product"}],"replies":[{"embeddable":true,"href":"https:\/\/mebipha.com\/online\/wp-json\/wp\/v2\/comments?post=4637"}],"wp:featuredmedia":[{"embeddable":true,"href":"https:\/\/mebipha.com\/online\/wp-json\/wp\/v2\/media\/9690"}],"wp:attachment":[{"href":"https:\/\/mebipha.com\/online\/wp-json\/wp\/v2\/media?parent=4637"}],"wp:term":[{"taxonomy":"product_brand","embeddable":true,"href":"https:\/\/mebipha.com\/online\/wp-json\/wp\/v2\/product_brand?post=4637"},{"taxonomy":"product_cat","embeddable":true,"href":"https:\/\/mebipha.com\/online\/wp-json\/wp\/v2\/product_cat?post=4637"},{"taxonomy":"product_tag","embeddable":true,"href":"https:\/\/mebipha.com\/online\/wp-json\/wp\/v2\/product_tag?post=4637"}],"curies":[{"name":"wp","href":"https:\/\/api.w.org\/{rel}","templated":true}]}}