{"id":4616,"date":"2019-02-19T16:15:46","date_gmt":"2019-02-19T09:15:46","guid":{"rendered":"https:\/\/mebipha.com\/?post_type=product&#038;p=4616"},"modified":"2024-10-04T09:32:51","modified_gmt":"2024-10-04T02:32:51","slug":"mebi-bkc-80tom","status":"publish","type":"product","link":"https:\/\/mebipha.com\/online\/mebi-bkc-80tom\/","title":{"rendered":"MEBI-BKC 80(T\u00d4M)"},"content":{"rendered":"","protected":false},"excerpt":{"rendered":"<p>DI\u1ec6T KHU\u1ea8N NGU\u1ed2N N\u01af\u1edaC<\/p>\n<p><strong>C\u00d4NG TH\u1ee8C<\/strong><\/p>\n<p>Dodecyl Dimethyl Benzyl Ammonium Chloride &#8230;.480g<\/p>\n<p>Dung m\u00f4i v\u1eeba \u0111\u1ee7 &#8230;&#8230;&#8230;&#8230;.1.000ml<\/p>\n<p><strong>CH\u1ec8 \u0110\u1ecaNH<\/strong><\/p>\n<p>Ch\u1ea5t di\u1ec7t khu\u1ea9n h\u1eefu hi\u1ec7u. Di\u1ec7t khu\u1ea9n,\u00a0 virus, n\u1ea5m, t\u1ea3o lam, t\u1ea3o \u0111\u1ecf, t\u1ea3o gi\u00e1p ph\u00e1t s\u00e1ng n\u01b0\u1edbc.<\/p>\n<p>S\u00e1t tr\u00f9ng nh\u00e0 x\u01b0\u1edfng, d\u1ee5ng c\u1ee5, trang thi\u1ebft b\u1ecb trong b\u1ec3 \u01b0\u01a1m.<\/p>\n<p><strong>LI\u1ec0U L\u01af\u1ee2NG &amp; H\u01af\u1edaNG D\u1eaaN S\u1eec D\u1ee4NG<\/strong><\/p>\n<p>Chu\u1ea9n b\u1ecb ao: 1 l\u00edt\/2.000m<sup>3<\/sup> \u2013 3.000m<sup>3<\/sup> n\u01b0\u1edbc, 2-3 ng\u00e0y tr\u01b0\u1edbc khi th\u1ea3 nu\u00f4i.<\/p>\n<p>Di\u1ec7t t\u1ea3o lam: 1 l\u00edt\/3.000m<sup>3<\/sup> n\u01b0\u1edbc.<\/p>\n<p>Di\u1ec7t vi khu\u1ea9n, virus: 1 l\u00edt\/4.000m<sup>3<\/sup> n\u01b0\u1edbc.<\/p>\n<p>Khi t\u00f4m b\u1ecb b\u1ec7nh s\u1eed d\u1ee5ng 1 l\u00edt\/3.000 m<sup>3<\/sup> \u2013 4.000 m<sup>3<\/sup> , x\u1eed l\u00fd 2 ng\u00e0y li\u00ean t\u1ee5c.<\/p>\n<p>N\u00ean s\u1eed d\u1ee5ng: 1 l\u00edt\/5.000m<sup>3<\/sup> \u2013 6.000m<sup>3<\/sup> n\u01b0\u1edbc.<\/p>\n<p>\u0110\u1ecbnh k\u1ef3 10 ng\u00e0y\/ l\u1ea7n.<\/p>\n<p><strong>L\u01b0u \u00fd: kh\u00f4ng d\u00f9ng qu\u00e1 li\u1ec1u ch\u1ec9 \u0111\u1ecbnh.<\/strong><\/p>\n<p><strong>TH\u1edcI GIAN NG\u01afNG S\u1eec D\u1ee4NG THU\u1ed0C<\/strong><\/p>\n<p>Kh\u00f4ng c\u1ea7n th\u1eddi gian ng\u01b0ng thu\u1ed1c.<\/p>\n","protected":false},"featured_media":10656,"comment_status":"closed","ping_status":"closed","template":"","meta":[],"product_brand":[],"product_cat":[71,134],"product_tag":[],"class_list":{"0":"post-4616","1":"product","2":"type-product","3":"status-publish","4":"has-post-thumbnail","6":"product_cat-thuoc-thuy-san","7":"product_cat-thuoc-thuy-san-thuoc-thuy-san","9":"first","10":"instock","11":"shipping-taxable","12":"purchasable","13":"product-type-variable","14":"has-default-attributes"},"_links":{"self":[{"href":"https:\/\/mebipha.com\/online\/wp-json\/wp\/v2\/product\/4616","targetHints":{"allow":["GET"]}}],"collection":[{"href":"https:\/\/mebipha.com\/online\/wp-json\/wp\/v2\/product"}],"about":[{"href":"https:\/\/mebipha.com\/online\/wp-json\/wp\/v2\/types\/product"}],"replies":[{"embeddable":true,"href":"https:\/\/mebipha.com\/online\/wp-json\/wp\/v2\/comments?post=4616"}],"wp:featuredmedia":[{"embeddable":true,"href":"https:\/\/mebipha.com\/online\/wp-json\/wp\/v2\/media\/10656"}],"wp:attachment":[{"href":"https:\/\/mebipha.com\/online\/wp-json\/wp\/v2\/media?parent=4616"}],"wp:term":[{"taxonomy":"product_brand","embeddable":true,"href":"https:\/\/mebipha.com\/online\/wp-json\/wp\/v2\/product_brand?post=4616"},{"taxonomy":"product_cat","embeddable":true,"href":"https:\/\/mebipha.com\/online\/wp-json\/wp\/v2\/product_cat?post=4616"},{"taxonomy":"product_tag","embeddable":true,"href":"https:\/\/mebipha.com\/online\/wp-json\/wp\/v2\/product_tag?post=4616"}],"curies":[{"name":"wp","href":"https:\/\/api.w.org\/{rel}","templated":true}]}}