{"id":4568,"date":"2019-02-19T14:20:10","date_gmt":"2019-02-19T07:20:10","guid":{"rendered":"https:\/\/mebipha.com\/?post_type=product&#038;p=4568"},"modified":"2024-04-10T15:21:19","modified_gmt":"2024-04-10T08:21:19","slug":"mebi-calciphos","status":"publish","type":"product","link":"https:\/\/mebipha.com\/online\/mebi-calciphos\/","title":{"rendered":"MEBI-CALCIPHOS"},"content":{"rendered":"<p><strong>CUNG C\u1ea4P CANXI, PHOSPHO V\u00c0 C\u00c1C NGUY\u00caN T\u1ed0 VI L\u01af\u1ee2NG \u0110\u1eb6C BI\u1ec6T CHO GIA C\u1ea6M V\u00c0 HEO<\/strong><\/p>\n<p><strong>Dung d\u1ecbch u\u1ed1ng <\/strong><\/p>\n<p><strong>C\u00d4NG TH\u1ee8C<\/strong><\/p>\n<p>Phospho d\u01b0\u1edbi d\u1ea1ng P2O5: 235 g<\/p>\n<p>Calcium phosphate monobasic: 110 g<\/p>\n<p>Magnesium phosphate monobasic: 120 g<\/p>\n<p>Sodium phosphate monobasic: 50 g<\/p>\n<p>Manganese phosphate monobasic: 20 g<\/p>\n<p>Zinc phosphate monobasic: 15 g<\/p>\n<p>Copper phosphate monobasic: 3 g<\/p>\n<p>Cobalt phosphate monobasic: 0,2 g<\/p>\n<p>Dung m\u00f4i v\u1eeba \u0111\u1ee7: 1 l\u00edt<\/p>\n<p><strong>\u0110\u1eb6C \u0110I\u1ec2M C\u1ee6A S\u1ea2N PH\u1ea8M<\/strong><\/p>\n<p>S\u1ea3n ph\u1ea9m <strong>MEBI-CALCIPHOS<\/strong> c\u00f3 ch\u1ee9a Canxi, phospho v\u00e0 c\u00e1c ch\u1ea5t kho\u00e1ng vi l\u01b0\u1ee3ng \u0111\u1eb7c bi\u1ec7t quan tr\u1ecdng. N\u00f3 h\u1ed7 tr\u1ee3 s\u1ee9c kh\u1ecfe x\u01b0\u01a1ng kh\u1edbp c\u1ee7a heo v\u00e0 gia c\u1ea7m, nh\u1ea5t l\u00e0 trong giai \u0111o\u1ea1n \u0111ang ph\u00e1t tri\u1ec3n.<\/p>\n<p>S\u1ef1 c\u00e2n b\u1eb1ng gi\u1eefa <strong>canxi<\/strong> v\u00e0 <strong>phospho<\/strong> trong ch\u1ebf \u0111\u1ed9 \u0103n u\u1ed1ng \u0111\u1eb7c bi\u1ec7t quan tr\u1ecdng \u0111\u1ed1i v\u1edbi \u0111\u1ed9ng v\u1eadt non, \u0111ang ph\u00e1t tri\u1ec3n v\u00e0 trong giai \u0111o\u1ea1n sinh s\u1ea3n. C\u00f9ng v\u1edbi phospho, canxi mang l\u1ea1i \u0111\u1ed9 c\u1ee9ng v\u00e0 h\u00ecnh d\u1ea1ng cho x\u01b0\u01a1ng, r\u0103ng v\u00e0 v\u1ecf tr\u1ee9ng.<\/p>\n<p><strong>Magie, Mangan, K\u1ebdm, \u0110\u1ed3ng, Cobalt<\/strong> l\u00e0 c\u00e1c kho\u00e1ng vi l\u01b0\u1ee3ng c\u0169ng g\u00f3p ph\u1ea7n quan tr\u1ecdng v\u00e0o s\u1ee9c kh\u1ecfe c\u1ee7a x\u01b0\u01a1ng, da v\u00e0 l\u00f4ng. \u0110\u1eb7c bi\u1ec7t, \u0110\u1ed3ng v\u00e0 K\u1ebdm gi\u00fap t\u0103ng c\u01b0\u1eddng h\u1ec7 th\u1ed1ng mi\u1ec5n d\u1ecbch, gi\u1ea3m b\u1ec7nh t\u1eadt cho v\u1eadt nu\u00f4i.<\/p>\n<p><strong>\u00a0<\/strong><\/p>\n<p><strong>C\u00d4NG D\u1ee4NG S\u1ea2N PH\u1ea8M<\/strong><\/p>\n<p>Cung c\u1ea5p Ca, P v\u00e0 c\u00e1c nguy\u00ean t\u1ed1 vi l\u01b0\u1ee3ng cho heo v\u00e0 gia c\u1ea7m.<\/p>\n<p>Ng\u0103n ng\u1eeba stress r\u1ea5t hi\u1ec7u qu\u1ea3 khi th\u1eddi ti\u1ebft n\u1eafng n\u00f3ng.<\/p>\n<p>Gi\u1ea3m t\u1ef7 l\u1ec7 hao h\u1ee5t, lo\u1ea1i th\u1ea3i tr\u00ean gia c\u1ea7m r\u1ea5t r\u00f5 r\u1ec7t.<\/p>\n<p>Ng\u0103n ng\u1eeba t\u00ecnh tr\u1ea1ng c\u1eafn m\u1ed5, m\u1ecfng v\u1ecf tr\u1ee9ng, y\u1ebfu ch\u00e2n, b\u1ea1i li\u1ec7t tr\u00ean gia c\u1ea7m.<\/p>\n<p>Ng\u0103n ng\u1eeba t\u00ecnh tr\u1ea1ng b\u1ea1i li\u1ec7t sau khi sanh tr\u00ean heo n\u00e1i.<\/p>\n<p>K\u00edch th\u00edch t\u00ednh th\u00e8m \u0103n, t\u0103ng tr\u01b0\u1edfng nhanh.<\/p>\n<p><strong>CH\u1ed0NG CH\u1ec8 \u0110\u1ecaNH<\/strong><\/p>\n<p>Kh\u00f4ng d\u00f9ng qu\u00e1 li\u1ec1u ch\u1ec9 \u0111\u1ecbnh.<\/p>\n<p><strong>S\u1eec D\u1ee4NG<\/strong><\/p>\n<p>Pha v\u00e0o n\u01b0\u1edbc u\u1ed1ng ho\u1eb7c tr\u1ed9n v\u00e0o th\u1ee9c \u0103n.<\/p>\n<p>Gia c\u1ea7m:\u00a0 1ml\/5-10kg th\u1ec3 tr\u1ecdng ho\u1eb7c 1ml\/1 l\u00edt n\u01b0\u1edbc u\u1ed1ng, d\u00f9ng li\u00ean t\u1ee5c.<\/p>\n<p>Heo: 1ml\/10kg th\u1ec3 tr\u1ecdng, ho\u1eb7c 1ml\/1 l\u00edt n\u01b0\u1edbc u\u1ed1ng, d\u00f9ng li\u00ean t\u1ee5c.<\/p>\n<p>Khi gia c\u1ea7m, gia s\u00fac c\u00f3 bi\u1ec3u hi\u1ec7n stress, gi\u1ea3m \u0103n, ch\u1eadm l\u1edbn, v\u1ecf tr\u1ee9ng m\u1ecfng, c\u1eafn m\u1ed5, y\u1ebfu ch\u00e2n, b\u1ea1i li\u1ec7t: n\u00ean d\u00f9ng li\u1ec1u g\u1ea5p \u0111\u00f4i, d\u00f9ng li\u00ean t\u1ee5c 5-7 ng\u00e0y.<\/p>\n<p><strong>Kh\u00f4ng c\u1ea7n th\u1eddi gian ng\u01b0ng thu\u1ed1c.<\/strong><\/p>\n<p><strong>H\u1ea0N S\u1eec D\u1ee4NG S\u1ea2N PH\u1ea8M<\/strong><\/p>\n<p>36 th\u00e1ng k\u1ec3 t\u1eeb ng\u00e0y s\u1ea3n xu\u1ea5t.<\/p>\n<p><strong>B\u1ea2O QU\u1ea2N<\/strong><\/p>\n<p>N\u01a1i kh\u00f4 r\u00e1o, tho\u00e1ng m\u00e1t, nhi\u1ec7t \u0111\u1ed9 d\u01b0\u1edbi 30<sup>0<\/sup>C, tr\u00e1nh \u00e1nh n\u1eafng tr\u1ef1c ti\u1ebfp. Tr\u00e1nh xa t\u1ea7m tay tr\u1ebb em.<\/p>\n<p><strong>\u0110\u00d3NG G\u00d3I<\/strong><\/p>\n<p>100ml, 1 l\u00edt, 5 l\u00edt, 20 l\u00edt<\/p>\n<p><strong><em>\u00a0<\/em><\/strong><\/p>\n<p><strong>S\u1ed1 \u0111\u0103ng k\u00fd: MBP-35<\/strong><\/p>\n","protected":false},"excerpt":{"rendered":"<p><strong>CUNG C\u1ea4P CANXI, PHOSPHO V\u00c0 C\u00c1C NGUY\u00caN T\u1ed0 VI L\u01af\u1ee2NG \u0110\u1eb6C BI\u1ec6T CHO GIA C\u1ea6M V\u00c0 HEO<\/strong><\/p>\n<p><strong>Dung d\u1ecbch u\u1ed1ng <\/strong><\/p>\n<p><strong>C\u00d4NG TH\u1ee8C<\/strong><\/p>\n<p>Phospho d\u01b0\u1edbi d\u1ea1ng P2O5: 235 g<\/p>\n<p>Calcium phosphate monobasic: 110 g<\/p>\n<p>Magnesium phosphate monobasic: 120 g<\/p>\n<p>Sodium phosphate monobasic: 50 g<\/p>\n<p>Manganese phosphate monobasic: 20 g<\/p>\n<p>Zinc phosphate monobasic: 15 g<\/p>\n<p>Copper phosphate monobasic: 3 g<\/p>\n<p>Cobalt phosphate monobasic: 0,2 g<\/p>\n<p>Dung m\u00f4i v\u1eeba \u0111\u1ee7: 1 l\u00edt<\/p>\n<p><strong>C\u00d4NG D\u1ee4NG S\u1ea2N PH\u1ea8M<\/strong><\/p>\n<p>Cung c\u1ea5p Ca, P v\u00e0 c\u00e1c nguy\u00ean t\u1ed1 vi l\u01b0\u1ee3ng cho heo v\u00e0 gia c\u1ea7m.<\/p>\n<p>Ng\u0103n ng\u1eeba stress r\u1ea5t hi\u1ec7u qu\u1ea3 khi th\u1eddi ti\u1ebft n\u1eafng n\u00f3ng.<\/p>\n<p>Gi\u1ea3m t\u1ef7 l\u1ec7 hao h\u1ee5t, lo\u1ea1i th\u1ea3i tr\u00ean gia c\u1ea7m r\u1ea5t r\u00f5 r\u1ec7t.<\/p>\n<p>Ng\u0103n ng\u1eeba t\u00ecnh tr\u1ea1ng c\u1eafn m\u1ed5, m\u1ecfng v\u1ecf tr\u1ee9ng, y\u1ebfu ch\u00e2n, b\u1ea1i li\u1ec7t tr\u00ean gia c\u1ea7m.<\/p>\n<p>Ng\u0103n ng\u1eeba t\u00ecnh tr\u1ea1ng b\u1ea1i li\u1ec7t sau khi sanh tr\u00ean heo n\u00e1i.<\/p>\n<p>K\u00edch th\u00edch t\u00ednh th\u00e8m \u0103n, t\u0103ng tr\u01b0\u1edfng nhanh.<\/p>\n","protected":false},"featured_media":9894,"comment_status":"closed","ping_status":"closed","template":"","meta":[],"product_brand":[],"product_cat":[62,143,142],"product_tag":[],"class_list":{"0":"post-4568","1":"product","2":"type-product","3":"status-publish","4":"has-post-thumbnail","6":"product_cat-thuoc-thu-y","7":"product_cat-tang-trung","8":"product_cat-danh-muc-san-pham-gia-cam","10":"first","11":"instock","12":"shipping-taxable","13":"purchasable","14":"product-type-variable","15":"has-default-attributes"},"_links":{"self":[{"href":"https:\/\/mebipha.com\/online\/wp-json\/wp\/v2\/product\/4568","targetHints":{"allow":["GET"]}}],"collection":[{"href":"https:\/\/mebipha.com\/online\/wp-json\/wp\/v2\/product"}],"about":[{"href":"https:\/\/mebipha.com\/online\/wp-json\/wp\/v2\/types\/product"}],"replies":[{"embeddable":true,"href":"https:\/\/mebipha.com\/online\/wp-json\/wp\/v2\/comments?post=4568"}],"wp:featuredmedia":[{"embeddable":true,"href":"https:\/\/mebipha.com\/online\/wp-json\/wp\/v2\/media\/9894"}],"wp:attachment":[{"href":"https:\/\/mebipha.com\/online\/wp-json\/wp\/v2\/media?parent=4568"}],"wp:term":[{"taxonomy":"product_brand","embeddable":true,"href":"https:\/\/mebipha.com\/online\/wp-json\/wp\/v2\/product_brand?post=4568"},{"taxonomy":"product_cat","embeddable":true,"href":"https:\/\/mebipha.com\/online\/wp-json\/wp\/v2\/product_cat?post=4568"},{"taxonomy":"product_tag","embeddable":true,"href":"https:\/\/mebipha.com\/online\/wp-json\/wp\/v2\/product_tag?post=4568"}],"curies":[{"name":"wp","href":"https:\/\/api.w.org\/{rel}","templated":true}]}}