{"id":4471,"date":"2019-02-19T09:49:59","date_gmt":"2019-02-19T02:49:59","guid":{"rendered":"https:\/\/mebipha.com\/?post_type=product&#038;p=4471"},"modified":"2025-12-29T14:00:10","modified_gmt":"2025-12-29T07:00:10","slug":"flumequine-20","status":"publish","type":"product","link":"https:\/\/mebipha.com\/online\/flumequine-20\/","title":{"rendered":"MEBI-FLUMEQUINE 20%"},"content":{"rendered":"<p><strong>\u0110\u1eb6C TR\u1eca VI\u00caM RU\u1ed8T, CRD, NHI\u1ec4M TR\u00d9NG HUY\u1ebeT<\/strong><\/p>\n<p><strong>Dung d\u1ecbch u\u1ed1ng<\/strong><\/p>\n<p><strong>C\u00f4ng th\u1ee9c<\/strong><\/p>\n<p>Flumequine: 200g<\/p>\n<p>Dung m\u00f4i v\u1eeba \u0111\u1ee7: 1 l\u00edt<\/p>\n<p><strong>\u0110\u1eb6C T\u00cdNH D\u01af\u1ee2C L\u00dd S\u1ea2N PH\u1ea8M<\/strong><\/p>\n<p>Flumequine l\u00e0 kh\u00e1ng sinh t\u1ed5ng h\u1ee3p th\u1ebf h\u1ec7 th\u1ee9 nh\u1ea5t nh\u00f3m fluoroquinolone, th\u01b0\u1eddng \u0111\u01b0\u1ee3c s\u1eed d\u1ee5ng trong \u0111i\u1ec1u tr\u1ecb c\u00e1c b\u1ec7nh nhi\u1ec5m khu\u1ea9n \u0111\u01b0\u1eddng ru\u1ed9t. C\u0169ng nh\u01b0 c\u00e1c quinolone kh\u00e1c, Flumequine \u1ee9c ch\u1ebf ADN gyrase,\u00a0l\u00e0 enzym m\u1edf v\u00f2ng xo\u1eafn ADN, gi\u00fap cho s\u1ef1 sao ch\u00e9p v\u00e0 phi\u00ean m\u00e3,\u00a0v\u00ec v\u1eady ng\u0103n c\u1ea3n s\u1ef1 t\u1ed5ng h\u1ee3p ADN c\u1ee7a vi khu\u1ea9n. Flumequine t\u00e1c \u0111\u1ed9ng di\u1ec7t khu\u1ea9n ch\u1ee7 y\u1ebfu tr\u00ean vi khu\u1ea9n Gram \u00e2m nh\u01b0: <em>Campylobacter, E. coli, Haemophilus, Pasteurella <\/em>v\u00e0<em> Salmonella <\/em>spp.<\/p>\n<p>Thu\u1ed1c \u0111\u01b0\u1ee3c h\u1ea5p thu t\u1ed1t qua \u0111\u01b0\u1eddng ti\u00eau ho\u00e1 v\u00e0 ph\u00e2n b\u1ed1 r\u1ed9ng t\u1edbi c\u00e1c m\u00f4 b\u00ean trong c\u01a1 th\u1ec3 nh\u1edd \u0111\u1eb7c t\u00ednh tan trong n\u01b0\u1edbc. Kh\u00e1ng sinh nh\u00f3m n\u00e0y ph\u00e2n b\u1ed1 \u0111\u1ed3ng \u0111\u1ec1u c\u1ea3 trong d\u1ecbch n\u1ed9i v\u00e0 ngo\u1ea1i b\u00e0o, ph\u00e2n b\u1ed1 h\u1ea7u h\u1ebft c\u00e1c c\u01a1 quan.<\/p>\n<p><strong>C\u00d4NG D\u1ee4NG S\u1ea2N PH\u1ea8M<\/strong><\/p>\n<p><strong>Tr\u00ean g\u00e0, v\u1ecbt, c\u00fat: <\/strong><\/p>\n<p>Ti\u00eau ch\u1ea3y, nhi\u1ec5m tr\u00f9ng huy\u1ebft do <em>E.coli<\/em>.<\/p>\n<p>Th\u01b0\u01a1ng h\u00e0n do <em>Salmonella<\/em>.<\/p>\n<p>Vi\u00eam kh\u1edbp do <em>Mycoplasma<\/em>.<\/p>\n<p>T\u1ee5 huy\u1ebft tr\u00f9ng, b\u1ec7nh h\u00f4 h\u1ea5p m\u00e3n t\u00ednh (CRD) v\u00e0 c\u00e1c bi\u1ebfn ch\u1ee9ng c\u1ee7a b\u1ec7nh CCRD.<\/p>\n<p>C\u00e1c b\u1ec7nh nhi\u1ec5m tr\u00f9ng k\u1ebf ph\u00e1t sau c\u00e1c b\u1ec7nh do virus nh\u01b0: Gumboro, Newcastle.<strong>\u00a0\u00a0\u00a0 <\/strong><\/p>\n<p><strong>Ch\u1ed1ng ch\u1ec9 \u0111\u1ecbnh<\/strong><\/p>\n<p>Kh\u00f4ng s\u1eed d\u1ee5ng cho th\u00fa nh\u1ea1y c\u1ea3m v\u1edbi th\u00e0nh ph\u1ea7n c\u1ee7a thu\u1ed1c<\/p>\n<p>Kh\u00f4ng s\u1eed d\u1ee5ng cho th\u00fa suy gi\u1ea3m nghi\u00eam tr\u1ecdng ch\u1ee9c n\u0103ng gan th\u1eadn.<\/p>\n<p><strong>s\u1eed d\u1ee5ng<\/strong><\/p>\n<p>G\u00e0, v\u1ecbt, c\u00fat:<\/p>\n<p>Li\u1ec1u t\u1ed5ng qu\u00e1t: 1ml\/ 15kg th\u1ec3 tr\u1ecdng.<\/p>\n<p>Ph\u00f2ng b\u1ec7nh: 1ml\/ 2 l\u00edt n\u01b0\u1edbc u\u1ed1ng, d\u00f9ng li\u00ean t\u1ee5c 2 &#8211; 3 ng\u00e0y.<\/p>\n<p>Tr\u1ecb b\u1ec7nh:\u00a0 1ml\/1 l\u00edt n\u01b0\u1edbc u\u1ed1ng, d\u00f9ng li\u00ean t\u1ee5c 3 &#8211; 5 ng\u00e0y.<\/p>\n<p><strong>Th\u1eddi gian ng\u01b0ng s\u1eed d\u1ee5ng thu\u1ed1c:<\/strong> 5 ng\u00e0y tr\u01b0\u1edbc khi gi\u1ebft th\u1ecbt.<\/p>\n<p><strong>B\u1ea2O QU\u1ea2N: <\/strong>N\u01a1i kh\u00f4 r\u00e1o, tho\u00e1ng m\u00e1t, nhi\u1ec7t \u0111\u1ed9 d\u01b0\u1edbi 30<sup>0<\/sup>C. Tr\u00e1nh \u00e1nh n\u1eafng tr\u1ef1c ti\u1ebfp, tr\u00e1nh xa t\u1ea7m tay tr\u1ebb em.<\/p>\n<p><strong>H\u1ea0N S\u1eec D\u1ee4NG S\u1ea2N PH\u1ea8M<\/strong><\/p>\n<p>36 th\u00e1ng k\u1ec3 t\u1eeb ng\u00e0y s\u1ea3n xu\u1ea5t.<\/p>\n<p><strong>\u0110\u00d3NG G\u00d3I<\/strong><\/p>\n<p>100ml, 500ml, 1 l\u00edt<\/p>\n<p><strong>S\u1ed1 \u0111\u0103ng k\u00fd: MBP-29<\/strong><\/p>\n","protected":false},"excerpt":{"rendered":"<p><strong>\u0110\u1eb6C TR\u1eca VI\u00caM RU\u1ed8T, CRD, NHI\u1ec4M TR\u00d9NG HUY\u1ebeT<\/strong><\/p>\n<p><strong>Dung d\u1ecbch u\u1ed1ng<\/strong><\/p>\n<p><strong>C\u00f4ng th\u1ee9c<\/strong><\/p>\n<p>Flumequine: 200g<\/p>\n<p>Dung m\u00f4i v\u1eeba \u0111\u1ee7: 1 l\u00edt<\/p>\n<p><strong>C\u00d4NG D\u1ee4NG S\u1ea2N PH\u1ea8M<\/strong><\/p>\n<p><strong>Tr\u00ean g\u00e0, v\u1ecbt, c\u00fat: <\/strong><\/p>\n<p>Ti\u00eau ch\u1ea3y, nhi\u1ec5m tr\u00f9ng huy\u1ebft do <em>E.coli<\/em>.<\/p>\n<p>Th\u01b0\u01a1ng h\u00e0n do <em>Salmonella<\/em>.<\/p>\n<p>Vi\u00eam kh\u1edbp do <em>Mycoplasma<\/em>.<\/p>\n<p>T\u1ee5 huy\u1ebft tr\u00f9ng, b\u1ec7nh h\u00f4 h\u1ea5p m\u00e3n t\u00ednh (CRD) v\u00e0 c\u00e1c bi\u1ebfn ch\u1ee9ng c\u1ee7a b\u1ec7nh CCRD.<\/p>\n<p>C\u00e1c b\u1ec7nh nhi\u1ec5m tr\u00f9ng k\u1ebf ph\u00e1t sau c\u00e1c b\u1ec7nh do virus nh\u01b0: Gumboro, Newcastle.<strong>\u00a0\u00a0\u00a0 <\/strong><\/p>\n<p><strong>Ch\u1ed1ng ch\u1ec9 \u0111\u1ecbnh<\/strong><\/p>\n<p>Kh\u00f4ng s\u1eed d\u1ee5ng cho th\u00fa nh\u1ea1y c\u1ea3m v\u1edbi th\u00e0nh ph\u1ea7n c\u1ee7a thu\u1ed1c<\/p>\n<p>Kh\u00f4ng s\u1eed d\u1ee5ng cho th\u00fa suy gi\u1ea3m nghi\u00eam tr\u1ecdng ch\u1ee9c n\u0103ng gan th\u1eadn.<\/p>\n<p><strong>s\u1eed d\u1ee5ng<\/strong><\/p>\n<p>G\u00e0, v\u1ecbt, c\u00fat:<\/p>\n<p>Li\u1ec1u t\u1ed5ng qu\u00e1t: 1ml\/ 15kg th\u1ec3 tr\u1ecdng.<\/p>\n<p>Ph\u00f2ng b\u1ec7nh: 1ml\/ 2 l\u00edt n\u01b0\u1edbc u\u1ed1ng, d\u00f9ng li\u00ean t\u1ee5c 2 &#8211; 3 ng\u00e0y.<\/p>\n<p>Tr\u1ecb b\u1ec7nh:\u00a0 1ml\/1 l\u00edt n\u01b0\u1edbc u\u1ed1ng, d\u00f9ng li\u00ean t\u1ee5c 3 &#8211; 5 ng\u00e0y.<\/p>\n<p><strong>Th\u1eddi gian ng\u01b0ng s\u1eed d\u1ee5ng thu\u1ed1c:<\/strong> 5 ng\u00e0y tr\u01b0\u1edbc khi gi\u1ebft th\u1ecbt.<\/p>\n<p>&nbsp;<\/p>\n","protected":false},"featured_media":10564,"comment_status":"closed","ping_status":"closed","template":"","meta":[],"product_brand":[],"product_cat":[62,142],"product_tag":[],"class_list":{"0":"post-4471","1":"product","2":"type-product","3":"status-publish","4":"has-post-thumbnail","6":"product_cat-thuoc-thu-y","7":"product_cat-danh-muc-san-pham-gia-cam","9":"first","10":"instock","11":"shipping-taxable","12":"purchasable","13":"product-type-variable","14":"has-default-attributes"},"_links":{"self":[{"href":"https:\/\/mebipha.com\/online\/wp-json\/wp\/v2\/product\/4471","targetHints":{"allow":["GET"]}}],"collection":[{"href":"https:\/\/mebipha.com\/online\/wp-json\/wp\/v2\/product"}],"about":[{"href":"https:\/\/mebipha.com\/online\/wp-json\/wp\/v2\/types\/product"}],"replies":[{"embeddable":true,"href":"https:\/\/mebipha.com\/online\/wp-json\/wp\/v2\/comments?post=4471"}],"wp:featuredmedia":[{"embeddable":true,"href":"https:\/\/mebipha.com\/online\/wp-json\/wp\/v2\/media\/10564"}],"wp:attachment":[{"href":"https:\/\/mebipha.com\/online\/wp-json\/wp\/v2\/media?parent=4471"}],"wp:term":[{"taxonomy":"product_brand","embeddable":true,"href":"https:\/\/mebipha.com\/online\/wp-json\/wp\/v2\/product_brand?post=4471"},{"taxonomy":"product_cat","embeddable":true,"href":"https:\/\/mebipha.com\/online\/wp-json\/wp\/v2\/product_cat?post=4471"},{"taxonomy":"product_tag","embeddable":true,"href":"https:\/\/mebipha.com\/online\/wp-json\/wp\/v2\/product_tag?post=4471"}],"curies":[{"name":"wp","href":"https:\/\/api.w.org\/{rel}","templated":true}]}}