{"id":4413,"date":"2019-02-18T16:30:40","date_gmt":"2019-02-18T09:30:40","guid":{"rendered":"https:\/\/mebipha.com\/?post_type=product&#038;p=4413"},"modified":"2025-12-29T15:52:24","modified_gmt":"2025-12-29T08:52:24","slug":"d-max-25-oral","status":"publish","type":"product","link":"https:\/\/mebipha.com\/online\/d-max-25-oral\/","title":{"rendered":"D-MAX 25 ORAL"},"content":{"rendered":"<p><strong>\u0110\u1eb6C TR\u1eca CRD, T\u1ee4 HUY\u1ebeT TR\u00d9NG, TH\u01af\u01a0NG H\u00c0N, NHI\u1ec4M TR\u00d9NG HUY\u1ebeT TR\u00caN GIA C\u1ea6M<\/strong><\/p>\n<p><strong>Dung d\u1ecbch u\u1ed1ng<\/strong><\/p>\n<p><strong>C\u00d4NG TH\u1ee8C<\/strong><\/p>\n<p>Danofloxacin mesylate: 25g<\/p>\n<p>Dung m\u00f4i v\u1eeba \u0111\u1ee7: 1 l\u00edt<\/p>\n<p><strong>\u0110\u1eb6C T\u00cdNH D\u01af\u1ee2C L\u00dd S\u1ea2N PH\u1ea8M<\/strong><\/p>\n<p>Danofloxacin l\u00e0 kh\u00e1ng sinh s\u00e1t khu\u1ea9n ph\u1ee5 thu\u1ed9c v\u00e0o n\u1ed3ng \u0111\u1ed9 thu\u1ed9c nh\u00f3m fluoroquinolone. Kh\u00e1ng sinh c\u00f3 kh\u1ea3 n\u0103ng \u1ee9c ch\u1ebf enzyme DNA c\u1ee7a vi khu\u1ea9n, ho\u1ea1t \u0111\u1ed9ng ch\u1ed1ng l\u1ea1i nhi\u1ec1u vi khu\u1ea9n Gram (-), m\u1ed9t s\u1ed1 c\u00e1c vi khu\u1ea9n Gram (+) nh\u01b0: <em>Staphylococcus aureus<\/em>, <em>Staphylococcus intermedius<\/em>, <em>Streptococcus pyogenes, <\/em><em>Mannheimia haemolytica<\/em><em>, <\/em><em>Pasteurella multocida, Escherichia col\u0456, Haemophilus spp., Acti spp., Brucella spp., Salmonella spp., Bordetella pneumoniaseptica, Proteus vulgaris, Pseudomonas aeruginosa,\u2026<\/em>v\u00e0<em> Mycoplasmas.<\/em><\/p>\n<p><strong>C\u00d4NG D\u1ee4NG S\u1ea2N PH\u1ea8M<\/strong><\/p>\n<p><strong>\u0110\u1eb7c tr\u1ecb c\u00e1c b\u1ec7nh tr\u00ean gia c\u1ea7m:<\/strong><\/p>\n<p>Ti\u00eau ch\u1ea3y, nhi\u1ec5m tr\u00f9ng huy\u1ebft do E.coli, th\u01b0\u01a1ng h\u00e0n do Salmonella.<\/p>\n<p>B\u1ec7nh h\u00f4 h\u1ea5p m\u00e3n t\u00ednh (CRD) v\u00e0 c\u00e1c bi\u1ebfn ch\u1ee9ng c\u1ee7a b\u1ec7nh CCRD, t\u1ee5 huy\u1ebft tr\u00f9ng.<\/p>\n<p>Vi\u00eam kh\u1edbp do Mycoplasma.<\/p>\n<p><strong>CH\u1ed0NG CH\u1ec8 \u0110\u1ecaNH <\/strong><\/p>\n<p>Kh\u00f4ng s\u1eed d\u1ee5ng tr\u00ean th\u00fa non v\u00ec \u1ea3nh h\u01b0\u1edfng t\u1edbi s\u1ef1 ph\u00e1t tri\u1ec3n c\u1ee7a s\u1ee5n.<\/p>\n<p><strong>S\u1eec D\u1ee4NG<\/strong><\/p>\n<p>Tr\u00ean gia c\u1ea7m<\/p>\n<p>Ph\u00f2ng b\u1ec7nh: 1ml\/15kg th\u1ec3 tr\u1ecdng ho\u1eb7c 1ml\/2 l\u00edt n\u01b0\u1edbc u\u1ed1ng, d\u00f9ng li\u00ean t\u1ee5c 2-3 ng\u00e0y\/\u0111\u1ee3t.<\/p>\n<p>Tr\u1ecb b\u1ec7nh: 1ml\/10kg ho\u1eb7c 1ml\/1 l\u00edt n\u01b0\u1edbc u\u1ed1ng, d\u00f9ng li\u00ean t\u1ee5c 5-7 ng\u00e0y.<\/p>\n<p><strong>Th\u1eddi gian ng\u01b0ng s\u1eed d\u1ee5ng thu\u1ed1c<\/strong>: 4 ng\u00e0y tr\u01b0\u1edbc khi gi\u1ebft m\u1ed5.<\/p>\n<p><strong>H\u1ea1n s\u1eed d\u1ee5ng s\u1ea3n ph\u1ea9m <\/strong><\/p>\n<p>24 th\u00e1ng k\u1ec3 t\u1eeb ng\u00e0y s\u1ea3n xu\u1ea5t.<\/p>\n<p><strong>B\u1ea2O QU\u1ea2N<\/strong><\/p>\n<p>N\u01a1i kh\u00f4 r\u00e1o, tho\u00e1ng m\u00e1t, nhi\u1ec7t \u0111\u1ed9 d\u01b0\u1edbi 30<sup>0<\/sup>C. Tr\u00e1nh \u00e1nh n\u1eafng tr\u1ef1c ti\u1ebfp, tr\u00e1nh xa t\u1ea7m tay tr\u1ebb em.<\/p>\n<p><strong>\u0110\u00d3NG G\u00d3I<\/strong><\/p>\n<p><strong>250ml, 1 l\u00edt<\/strong><\/p>\n<p><strong>S\u1ed1 \u0111\u0103ng k\u00fd: MBP-130<\/strong><\/p>\n","protected":false},"excerpt":{"rendered":"<p><strong>\u0110\u1eb6C TR\u1eca CRD, T\u1ee4 HUY\u1ebeT TR\u00d9NG, TH\u01af\u01a0NG H\u00c0N, NHI\u1ec4M TR\u00d9NG HUY\u1ebeT TR\u00caN GIA C\u1ea6M<\/strong><\/p>\n<p><strong>Dung d\u1ecbch u\u1ed1ng<\/strong><\/p>\n<p><strong>C\u00d4NG TH\u1ee8C<\/strong><\/p>\n<p>Danofloxacin mesylate: 25g<\/p>\n<p>Dung m\u00f4i v\u1eeba \u0111\u1ee7: 1 l\u00edt<\/p>\n<p><strong>C\u00d4NG D\u1ee4NG S\u1ea2N PH\u1ea8M<\/strong><\/p>\n<p><strong>\u0110\u1eb7c tr\u1ecb c\u00e1c b\u1ec7nh tr\u00ean gia c\u1ea7m:<\/strong><\/p>\n<p>Ti\u00eau ch\u1ea3y, nhi\u1ec5m tr\u00f9ng huy\u1ebft do E.coli, th\u01b0\u01a1ng h\u00e0n do Salmonella.<\/p>\n<p>B\u1ec7nh h\u00f4 h\u1ea5p m\u00e3n t\u00ednh (CRD) v\u00e0 c\u00e1c bi\u1ebfn ch\u1ee9ng c\u1ee7a b\u1ec7nh CCRD, t\u1ee5 huy\u1ebft tr\u00f9ng.<\/p>\n<p>Vi\u00eam kh\u1edbp do Mycoplasma.<\/p>\n","protected":false},"featured_media":10548,"comment_status":"closed","ping_status":"closed","template":"","meta":[],"product_brand":[],"product_cat":[62,142],"product_tag":[],"class_list":{"0":"post-4413","1":"product","2":"type-product","3":"status-publish","4":"has-post-thumbnail","6":"product_cat-thuoc-thu-y","7":"product_cat-danh-muc-san-pham-gia-cam","9":"first","10":"instock","11":"shipping-taxable","12":"purchasable","13":"product-type-variable","14":"has-default-attributes"},"_links":{"self":[{"href":"https:\/\/mebipha.com\/online\/wp-json\/wp\/v2\/product\/4413","targetHints":{"allow":["GET"]}}],"collection":[{"href":"https:\/\/mebipha.com\/online\/wp-json\/wp\/v2\/product"}],"about":[{"href":"https:\/\/mebipha.com\/online\/wp-json\/wp\/v2\/types\/product"}],"replies":[{"embeddable":true,"href":"https:\/\/mebipha.com\/online\/wp-json\/wp\/v2\/comments?post=4413"}],"wp:featuredmedia":[{"embeddable":true,"href":"https:\/\/mebipha.com\/online\/wp-json\/wp\/v2\/media\/10548"}],"wp:attachment":[{"href":"https:\/\/mebipha.com\/online\/wp-json\/wp\/v2\/media?parent=4413"}],"wp:term":[{"taxonomy":"product_brand","embeddable":true,"href":"https:\/\/mebipha.com\/online\/wp-json\/wp\/v2\/product_brand?post=4413"},{"taxonomy":"product_cat","embeddable":true,"href":"https:\/\/mebipha.com\/online\/wp-json\/wp\/v2\/product_cat?post=4413"},{"taxonomy":"product_tag","embeddable":true,"href":"https:\/\/mebipha.com\/online\/wp-json\/wp\/v2\/product_tag?post=4413"}],"curies":[{"name":"wp","href":"https:\/\/api.w.org\/{rel}","templated":true}]}}