{"id":4393,"date":"2019-02-18T15:12:03","date_gmt":"2019-02-18T08:12:03","guid":{"rendered":"https:\/\/mebipha.com\/?post_type=product&#038;p=4393"},"modified":"2025-12-29T14:35:28","modified_gmt":"2025-12-29T07:35:28","slug":"coli-mos","status":"publish","type":"product","link":"https:\/\/mebipha.com\/online\/coli-mos\/","title":{"rendered":"COLIMOS"},"content":{"rendered":"<p><strong>GI\u1ea2I PH\u00c1P T\u1ed0I \u01afU CHO S\u1ee8C KH\u1eceE \u0110\u01af\u1edcNG RU\u1ed8T<\/strong><\/p>\n<p><strong>\u0110\u1eb6C TR\u1eca TI\u00caU CH\u1ea2Y DO E.COLI, S\u01afNG PH\u00d9 \u0110\u1ea6U TR\u00caN HEO CON<\/strong><\/p>\n<p><strong>C\u00d4NG TH\u1ee8C<\/strong><\/p>\n<p>Neomycine sulfate: 20.000 mg<\/p>\n<p>Colistin sulfate: 400.000.000 UI<\/p>\n<p>T\u00e1 d\u01b0\u1ee3c v\u1eeba \u0111\u1ee7: 1kg<\/p>\n<p><strong>\u0110\u1eb6C T\u00cdNH D\u01af\u1ee2C L\u00dd S\u1ea2N PH\u1ea8M<\/strong><\/p>\n<p>S\u1ef1 k\u1ebft h\u1ee3p Neomycine v\u00e0 Colistin cho t\u00e1c d\u1ee5ng hi\u1ec7p l\u1ef1c b\u1ed9i t\u0103ng, s\u1ef1 ph\u1ed1i h\u1ee3p n\u00e0y mang l\u1ea1i t\u00e1c d\u1ee5ng s\u00e1t khu\u1ea9n m\u1ea1nh g\u1ea5p 5 &#8211; 20 l\u1ea7n so v\u1edbi t\u00e1c d\u1ee5ng c\u1ee7a t\u1eebng thu\u1ed1c ri\u00eang l\u1ebb. Nh\u1edd v\u1eady, s\u1ea3n ph\u1ea9m <strong>COLIMOS<\/strong> di\u1ec7t khu\u1ea9n ch\u1ed1ng l\u1ea1i ph\u1ea7n l\u1edbn vi khu\u1ea9n Gram (+) v\u00e0 vi khu\u1ea9n (-) nh\u01b0: <em>Mycoplasma,<\/em> m\u1ed9t v\u00e0i <em>Staphylococci, Streptococci, Escherichia coli, Klebsiella <\/em>spp.,<em> Salmonella <\/em>spp.<em>, Proteus mirabilis, Pasteurella <\/em>spp<em>., Enterobacter aerogenes, Haemophilus influenza <\/em>v\u00e0<em> Corynebacterium <\/em>spp. Kh\u00f4ng c\u00f3 t\u00e1c d\u1ee5ng v\u1edbi <em>Pseudomonas aeruginosa, Proteus vulgaris<\/em> v\u00e0 m\u1ed9t v\u00e0i <em>Staphylococci<\/em>.<\/p>\n<p>Sau khi u\u1ed1ng, c\u1ea3 hai ho\u1ea1t ch\u1ea5t \u0111\u01b0\u1ee3c h\u1ea5p th\u1ee5 nhanh qua \u0111\u01b0\u1eddng ti\u00eau ho\u00e1, r\u00fat ng\u1eafn th\u1eddi gian \u0111i\u1ec1u tr\u1ecb c\u00f2n ch\u1ec9 2-3 ng\u00e0y.<\/p>\n<p><strong>C\u00d4NG D\u1ee4NG S\u1ea2N PH\u1ea8M<\/strong><\/p>\n<p>COLIMOS c\u00f3 hi\u1ec7u qu\u1ea3 trong \u0111i\u1ec1u tr\u1ecb c\u00e1c b\u1ec7nh \u0111\u01b0\u1eddng ti\u00eau h\u00f3a tr\u00ean heo v\u00e0 gia s\u00fac.<\/p>\n<p>\u0110\u1eb7c bi\u1ec7t l\u00e0 b\u1ec7nh ti\u00eau ch\u1ea3y v\u00e0 s\u01b0ng ph\u00f9 \u0111\u1ea7u do E.coli tr\u00ean heo con.<\/p>\n<p>Ng\u1eebng ti\u00eau ch\u1ea3y nhanh, heo con gi\u1ea3m t\u00ecnh tr\u1ea1ng c\u00f2i c\u1ecdc.<\/p>\n<p><strong>CH\u1ed0NG CH\u1ec8 \u0110\u1ecaNH<\/strong><\/p>\n<p>Kh\u00f4ng d\u00f9ng cho th\u00fa b\u1ecb suy gi\u1ea3m ch\u1ee9c n\u0103ng gan ho\u1eb7c th\u1eadn.<\/p>\n<p>Kh\u00f4ng d\u00f9ng cho th\u00fa \u0111ang mang thai.<\/p>\n<p>Kh\u00f4ng d\u00f9ng cho th\u00fa l\u1ea5y s\u1eefa l\u00e0m th\u1ef1c ph\u1ea9m cho ng\u01b0\u1eddi.<\/p>\n<p><strong>S\u1eec D\u1ee4NG<\/strong><\/p>\n<p>Ph\u00f2ng b\u1ec7nh:<\/p>\n<p>Heo v\u00e0 gia s\u00fac: 3 &#8211; 5g\/20-40kg th\u1ec3 tr\u1ecdng, d\u00f9ng li\u00ean t\u1ee5c 3-5 ng\u00e0y\/\u0111\u1ee3t.<\/p>\n<p>Tr\u1ecb b\u1ec7nh: G\u1ea5p \u0111\u00f4i li\u1ec1u ph\u00f2ng, d\u00f9ng li\u00ean t\u1ee5c 5-7 ng\u00e0y.<\/p>\n<p>Th\u1eddi gian ng\u01b0ng s\u1eed d\u1ee5ng thu\u1ed1c<\/p>\n<p>7 ng\u00e0y tr\u01b0\u1edbc khi gi\u1ebft m\u1ed5.<\/p>\n<p><strong>B\u1ea2O QU\u1ea2N: <\/strong>N\u01a1i kh\u00f4 r\u00e1o, tho\u00e1ng m\u00e1t. Nhi\u1ec7t \u0111\u1ed9 d\u01b0\u1edbi 30\u00baC. Tr\u00e1nh \u00e1nh s\u00e1ng tr\u1ef1c ti\u1ebfp. Tr\u00e1nh xa t\u1ea7m tay tr\u1ebb em.<\/p>\n<p><strong>H\u1ea0N D\u00d9NG<\/strong><\/p>\n<p>36 th\u00e1ng k\u1ec3 t\u1eeb ng\u00e0y s\u1ea3n xu\u1ea5t.<\/p>\n<p><strong>\u0110\u00d3NG G\u00d3I<\/strong><\/p>\n<p>20g, 50g, 100g, 500g\/g\u00f3i, 1kg\/g\u00f3i<\/p>\n","protected":false},"excerpt":{"rendered":"<p><strong>GI\u1ea2I PH\u00c1P T\u1ed0I \u01afU CHO S\u1ee8C KH\u1eceE \u0110\u01af\u1edcNG RU\u1ed8T<\/strong><\/p>\n<p><strong>\u0110\u1eb6C TR\u1eca TI\u00caU CH\u1ea2Y DO E.COLI, S\u01afNG PH\u00d9 \u0110\u1ea6U TR\u00caN HEO CON<\/strong><\/p>\n<p><strong>C\u00d4NG TH\u1ee8C<\/strong><\/p>\n<p>Neomycine sulfate: 20.000 mg<\/p>\n<p>Colistin sulfate: 400.000.000 UI<\/p>\n<p>T\u00e1 d\u01b0\u1ee3c v\u1eeba \u0111\u1ee7: 1kg<\/p>\n<p><strong>C\u00d4NG D\u1ee4NG S\u1ea2N PH\u1ea8M<\/strong><\/p>\n<p>COLIMOS c\u00f3 hi\u1ec7u qu\u1ea3 trong \u0111i\u1ec1u tr\u1ecb c\u00e1c b\u1ec7nh \u0111\u01b0\u1eddng ti\u00eau h\u00f3a tr\u00ean heo v\u00e0 gia s\u00fac.<\/p>\n<p>\u0110\u1eb7c bi\u1ec7t l\u00e0 b\u1ec7nh ti\u00eau ch\u1ea3y v\u00e0 s\u01b0ng ph\u00f9 \u0111\u1ea7u do E.coli tr\u00ean heo con.<\/p>\n<p>Ng\u1eebng ti\u00eau ch\u1ea3y nhanh, heo con gi\u1ea3m t\u00ecnh tr\u1ea1ng c\u00f2i c\u1ecdc.<\/p>\n<p><strong>CH\u1ed0NG CH\u1ec8 \u0110\u1ecaNH<\/strong><\/p>\n<p>Kh\u00f4ng d\u00f9ng cho th\u00fa b\u1ecb suy gi\u1ea3m ch\u1ee9c n\u0103ng gan ho\u1eb7c th\u1eadn.<\/p>\n<p>Kh\u00f4ng d\u00f9ng cho th\u00fa \u0111ang mang thai.<\/p>\n<p>Kh\u00f4ng d\u00f9ng cho th\u00fa l\u1ea5y s\u1eefa l\u00e0m th\u1ef1c ph\u1ea9m cho ng\u01b0\u1eddi.<\/p>\n<p><strong>S\u1eec D\u1ee4NG<\/strong><\/p>\n<p>Ph\u00f2ng b\u1ec7nh:<\/p>\n<p>Heo v\u00e0 gia s\u00fac: 3 &#8211; 5g\/20-40kg th\u1ec3 tr\u1ecdng, d\u00f9ng li\u00ean t\u1ee5c 3-5 ng\u00e0y\/\u0111\u1ee3t.<\/p>\n<p>Tr\u1ecb b\u1ec7nh: G\u1ea5p \u0111\u00f4i li\u1ec1u ph\u00f2ng, d\u00f9ng li\u00ean t\u1ee5c 5-7 ng\u00e0y.<\/p>\n<p>Th\u1eddi gian ng\u01b0ng s\u1eed d\u1ee5ng thu\u1ed1c<\/p>\n<p>7 ng\u00e0y tr\u01b0\u1edbc khi gi\u1ebft m\u1ed5.<\/p>\n","protected":false},"featured_media":10546,"comment_status":"closed","ping_status":"closed","template":"","meta":[],"product_brand":[],"product_cat":[62],"product_tag":[],"class_list":{"0":"post-4393","1":"product","2":"type-product","3":"status-publish","4":"has-post-thumbnail","6":"product_cat-thuoc-thu-y","8":"first","9":"instock","10":"shipping-taxable","11":"purchasable","12":"product-type-variable","13":"has-default-attributes"},"_links":{"self":[{"href":"https:\/\/mebipha.com\/online\/wp-json\/wp\/v2\/product\/4393","targetHints":{"allow":["GET"]}}],"collection":[{"href":"https:\/\/mebipha.com\/online\/wp-json\/wp\/v2\/product"}],"about":[{"href":"https:\/\/mebipha.com\/online\/wp-json\/wp\/v2\/types\/product"}],"replies":[{"embeddable":true,"href":"https:\/\/mebipha.com\/online\/wp-json\/wp\/v2\/comments?post=4393"}],"wp:featuredmedia":[{"embeddable":true,"href":"https:\/\/mebipha.com\/online\/wp-json\/wp\/v2\/media\/10546"}],"wp:attachment":[{"href":"https:\/\/mebipha.com\/online\/wp-json\/wp\/v2\/media?parent=4393"}],"wp:term":[{"taxonomy":"product_brand","embeddable":true,"href":"https:\/\/mebipha.com\/online\/wp-json\/wp\/v2\/product_brand?post=4393"},{"taxonomy":"product_cat","embeddable":true,"href":"https:\/\/mebipha.com\/online\/wp-json\/wp\/v2\/product_cat?post=4393"},{"taxonomy":"product_tag","embeddable":true,"href":"https:\/\/mebipha.com\/online\/wp-json\/wp\/v2\/product_tag?post=4393"}],"curies":[{"name":"wp","href":"https:\/\/api.w.org\/{rel}","templated":true}]}}