{"id":4356,"date":"2019-02-18T13:23:18","date_gmt":"2019-02-18T06:23:18","guid":{"rendered":"https:\/\/mebipha.com\/?post_type=product&#038;p=4356"},"modified":"2025-12-29T13:14:37","modified_gmt":"2025-12-29T06:14:37","slug":"calphos","status":"publish","type":"product","link":"https:\/\/mebipha.com\/online\/calphos\/","title":{"rendered":"CALPHOS"},"content":{"rendered":"","protected":false},"excerpt":{"rendered":"<p><strong>CUNG C\u1ea4P Ca\/P V\u00c0 C\u00c1C KHO\u00c1NG VI L\u01af\u1ee2NG C\u1ea6N THI\u1ebeT CHO T\u00d4M, K\u00cdCH TH\u00cdCH T\u1ea0O V\u1ece V\u00c0 NHANH C\u1ee8NG V\u1ece SAU KHI L\u1ed8T X\u00c1C<\/strong><\/p>\n<p><strong>CH\u1ec8 TI\u00caU CH\u1ea4T L\u01af\u1ee2NG<\/strong><\/p>\n<p>Calcium t\u1ed5ng s\u1ed1 (min &#8211; max)&#8230;&#8230;&#8230;&#8230;&#8230;&#8230; 15,2 \u2013 20 g<\/p>\n<p>Cu (Copper sulfate) (min \u2013 max)&#8230;&#8230;&#8230;&#8230;. 1,4 &#8211; 6 g<\/p>\n<p>Mg (Magnesium) (min \u2013 max)&#8230;&#8230;&#8230;&#8230;&#8230;&#8230;. 6 &#8211; 20 g<\/p>\n<p>Co (Cobalt sulfate) (min \u2013 max)&#8230;&#8230;&#8230;&#8230;&#8230;.125 &#8211; 425 mg<\/p>\n<p>Zn (Zinc sulfate) (min \u2013 max)&#8230;&#8230;&#8230;&#8230;&#8230;&#8230;.. 3 &#8211; 15 g<\/p>\n<p>Kh\u00e1ng sinh, ch\u1ea5t c\u1ea5m&#8230;&#8230;&#8230;&#8230;&#8230;&#8230;&#8230;&#8230;&#8230;&#8230;.. kh\u00f4ng c\u00f3<\/p>\n<p>Ethoxyquin&#8230;&#8230;&#8230;&#8230;&#8230;&#8230;&#8230;&#8230;&#8230;&#8230;&#8230;&#8230;&#8230;&#8230;&#8230;&#8230;.kh\u00f4ng c\u00f3<\/p>\n<p>Ch\u1ea5t mang (N\u01b0\u1edbc c\u1ea5t) v\u1eeba \u0111\u1ee7&#8230;&#8230;&#8230;&#8230;&#8230;&#8230;1 l\u00edt<\/p>\n<p><strong>NGUY\u00caN LI\u1ec6U<\/strong><\/p>\n<p>Calcium gluconate, Calcium glycerophosphate, Copper sulfate, Magnesium, Cobalt sulfate, Zinc sulfate v\u00e0 N\u01b0\u1edbc c\u1ea5t.<\/p>\n<p><strong>C\u00d4NG D\u1ee4NG<\/strong><\/p>\n<p>Cung c\u1ea5p kho\u00e1ng ch\u1ea5t c\u1ea7n thi\u1ebft v\u00e0o th\u1ee9c \u0103n, gi\u00fap t\u00f4m c\u00e2n b\u1eb1ng kho\u00e1ng ch\u1ea5t, k\u00edch th\u00edch qu\u00e1 tr\u00ecnh t\u1ea1o v\u1ecf v\u00e0 nhanh c\u1ee9ng v\u1ecf sau khi l\u1ed9t x\u00e1c.<\/p>\n<p>Cung c\u1ea5p tr\u1ef1c ti\u1ebfp v\u00e0o m\u00f4i tr\u01b0\u1eddng n\u01b0\u1edbc: gi\u00fap t\u00f4m b\u00f3ng m\u01b0\u1ee3t, c\u1ee9ng v\u1ecf nhanh, ng\u0103n ch\u1eb7n m\u1ea7m b\u1ec7nh, c\u00e2n b\u1eb1ng \u00e1p su\u1ea5t th\u1ea9m th\u1ea5u v\u00e0 k\u00edch th\u00edch ho\u1ea1t \u0111\u1ed9ng c\u1ee7a h\u1ec7 th\u1ea7n kinh.<\/p>\n<p><strong>H\u01af\u1edaNG D\u1eaaN S\u1eec D\u1ee4NG V\u00c0 LI\u1ec0U D\u00d9NG<\/strong><\/p>\n<p>D\u00f9ng 2 &#8211; 3 ml\/1kg th\u1ee9c \u0103n, ng\u00e0y 1 c\u1eef, li\u00ean t\u1ee5c trong qu\u00e1 tr\u00ecnh nu\u00f4i. H\u00f2a tan v\u00e0o n\u01b0\u1edbc r\u1ed3i tr\u1ed9n \u0111\u1ec1u v\u1edbi th\u1ee9c \u0103n, \u00e1o l\u1ea1i b\u1eb1ng d\u1ea7u th\u1ef1c v\u1eadt sau \u0111\u00f3 cho t\u00f4m \u0103n.<\/p>\n<p>Li\u1ec1u d\u00f9ng khi t\u1ea1t:<\/p>\n<p>T\u00f4m1 \u2013 2 th\u00e1ng tu\u1ed5i: 1 l\u00edt\/1.000 \u2013 1.500 m<sup>3<\/sup> n\u01b0\u1edbc.<\/p>\n<p>T\u00f4m 3 th\u00e1ng tu\u1ed5i: 1 l\u00edt\/2.000 m<sup>3 <\/sup>n\u01b0\u1edbc.<\/p>\n<p>H\u00f2a tan 1 l\u00edt v\u1edbi 40 l\u00edt n\u01b0\u1edbc, t\u1ea1t \u0111\u1ec1u kh\u1eafp ao l\u00fac 18 \u2013 20 gi\u1edd \u0111\u00eam.<\/p>\n","protected":false},"featured_media":10321,"comment_status":"closed","ping_status":"closed","template":"","meta":[],"product_brand":[],"product_cat":[71,134],"product_tag":[],"class_list":{"0":"post-4356","1":"product","2":"type-product","3":"status-publish","4":"has-post-thumbnail","6":"product_cat-thuoc-thuy-san","7":"product_cat-thuoc-thuy-san-thuoc-thuy-san","9":"first","10":"instock","11":"shipping-taxable","12":"purchasable","13":"product-type-variable","14":"has-default-attributes"},"_links":{"self":[{"href":"https:\/\/mebipha.com\/online\/wp-json\/wp\/v2\/product\/4356","targetHints":{"allow":["GET"]}}],"collection":[{"href":"https:\/\/mebipha.com\/online\/wp-json\/wp\/v2\/product"}],"about":[{"href":"https:\/\/mebipha.com\/online\/wp-json\/wp\/v2\/types\/product"}],"replies":[{"embeddable":true,"href":"https:\/\/mebipha.com\/online\/wp-json\/wp\/v2\/comments?post=4356"}],"wp:featuredmedia":[{"embeddable":true,"href":"https:\/\/mebipha.com\/online\/wp-json\/wp\/v2\/media\/10321"}],"wp:attachment":[{"href":"https:\/\/mebipha.com\/online\/wp-json\/wp\/v2\/media?parent=4356"}],"wp:term":[{"taxonomy":"product_brand","embeddable":true,"href":"https:\/\/mebipha.com\/online\/wp-json\/wp\/v2\/product_brand?post=4356"},{"taxonomy":"product_cat","embeddable":true,"href":"https:\/\/mebipha.com\/online\/wp-json\/wp\/v2\/product_cat?post=4356"},{"taxonomy":"product_tag","embeddable":true,"href":"https:\/\/mebipha.com\/online\/wp-json\/wp\/v2\/product_tag?post=4356"}],"curies":[{"name":"wp","href":"https:\/\/api.w.org\/{rel}","templated":true}]}}