{"id":4351,"date":"2019-02-18T13:14:31","date_gmt":"2019-02-18T06:14:31","guid":{"rendered":"https:\/\/mebipha.com\/?post_type=product&#038;p=4351"},"modified":"2024-09-23T16:07:29","modified_gmt":"2024-09-23T09:07:29","slug":"calciphos","status":"publish","type":"product","link":"https:\/\/mebipha.com\/online\/calciphos\/","title":{"rendered":"CANXI ONE S B\u00d2 S\u1eeeA"},"content":{"rendered":"<p><strong>B\u1ed4 SUNG CANXI V\u00c0 KHO\u00c1NG VI L\u01af\u1ee2NG \u0110\u1eb6C BI\u1ec6T CHO B\u00d2 S\u1eeeA V\u00c0 GIA S\u00daC<\/strong><\/p>\n<p><strong>Dung d\u1ecbch u\u1ed1ng <\/strong><\/p>\n<p>B\u00f2 s\u1eefa sau khi sinh v\u00e0 gia s\u00fac \u0111ang trong giai \u0111o\u1ea1n ph\u00e1t tri\u1ec3n th\u01b0\u1eddng b\u1ecb thi\u1ebfu h\u1ee5t Canxi. Khi l\u01b0\u1ee3ng Canxi trong th\u1ee9c \u0103n kh\u00f4ng \u0111\u1ee7, ch\u00fang s\u1ebd ph\u1ea3i huy \u0111\u1ed9ng Canxi trong x\u01b0\u01a1ng d\u1eabn \u0111\u1ebfn x\u01b0\u01a1ng m\u1ec1m, x\u1ed1p, d\u1ec5 g\u00e3y ho\u1eb7c bi\u1ebfn d\u1ea1ng, th\u1eadm ch\u00ed l\u00e0 lo\u00e3ng x\u01b0\u01a1ng, \u1ea3nh h\u01b0\u1edfng nghi\u00eam tr\u1ecdng \u0111\u1ebfn s\u1ee9c kh\u1ecfe.<\/p>\n<p><strong>CANXI ONE S<\/strong> ch\u1ee9a h\u00e0m l\u01b0\u1ee3ng Canxi cao gi\u00fap x\u01b0\u01a1ng ch\u1eafc kh\u1ecfe, ng\u0103n ng\u1eeba c\u00e1c b\u1ec7nh v\u1ec1 x\u01b0\u01a1ng kh\u1edbp (lo\u00e3ng x\u01b0\u01a1ng, c\u00f2i x\u01b0\u01a1ng, x\u1ed1p x\u01b0\u01a1ng, \u0111au s\u01b0ng kh\u1edbp), ch\u1ee9ng b\u1ea1i li\u1ec7t v\u00e0 m\u1ea5t s\u1eefa sau sinh tr\u00ean b\u00f2 s\u1eefa v\u00e0 gia s\u00fac. C\u00e1c ch\u1ea5t kho\u00e1ng vi l\u01b0\u1ee3ng nh\u01b0 Cu, Mg, Zn, Co trong s\u1ea3n ph\u1ea9m c\u0169ng g\u00f3p ph\u1ea7n h\u1ed7 tr\u1ee3 s\u1ef1 h\u1ea5p thu Canxi v\u00e0 gi\u00fap l\u00f4ng \u2013 da &#8211; m\u00f3ng kh\u1ecfe m\u1ea1nh, t\u0103ng c\u01b0\u1eddng s\u1ee9c \u0111\u1ec1 kh\u00e1ng, t\u0103ng ph\u1ea9m ch\u1ea5t th\u1ecbt, t\u0103ng kh\u1ea3 n\u0103ng sinh s\u1ea3n cho gia s\u00fac.<\/p>\n<p><strong>TH\u00c0NH PH\u1ea6N<\/strong><\/p>\n<p>Calcium gluconate* (min \u2013 max): 180 \u2013 220g<\/p>\n<p>CuSO4 (min \u2013 max): 10 \u2013 16g<\/p>\n<p>MgSO4 (min \u2013 max): 25-35g<\/p>\n<p>ZnSO4 (min \u2013 max): 14-18g<\/p>\n<p>CoSO4* (min \u2013 max): 300 \u2013 500mg<\/p>\n<p>Ch\u1ea5t mang (N\u01b0\u1edbc c\u1ea5t) v\u1eeba \u0111\u1ee7: 1 l\u00edt<\/p>\n<p><strong>L\u1ee2I \u00cdCH C\u1ee6A VI\u1ec6C B\u1ed4 SUNG S\u1ea2N PH\u1ea8M<\/strong><\/p>\n<p>H\u1ea1n ch\u1ebf c\u00e1c b\u1ec7nh thi\u1ebfu h\u1ee5t Canxi v\u00e0 c\u00e1c y\u1ebfu t\u1ed1 vi l\u01b0\u1ee3ng ho\u1eb7c s\u1ef1 m\u1ea5t c\u00e2n b\u1eb1ng Calcium nh\u01b0: Kh\u00f4ng sinh s\u1ea3n, cho s\u1eefa k\u00e9m, c\u00f2i c\u1ecdc, ch\u1ee9ng m\u1ec1m x\u01b0\u01a1ng, b\u1ec7nh l\u1edf lo\u00e9t ngo\u00e0i da, ch\u1ee9ng r\u1ee5ng l\u00f4ng s\u1edbm, s\u1ef1 bi\u1ebfn d\u1ea1ng m\u00f3ng ch\u00e2n, hi\u1ec7n t\u01b0\u1ee3ng y\u1ebfu ch\u00e2n trong th\u1eddi gian cho s\u1eefa.<\/p>\n<p>H\u1ea1n ch\u1ebf stress.<\/p>\n<p>T\u0103ng c\u01b0\u1eddng kh\u1ea3 n\u0103ng ti\u1ebft s\u1eefa.<\/p>\n<p>K\u00edch th\u00edch s\u1ef1 th\u00e8m \u0103n, v\u1eadt nu\u00f4i t\u0103ng tr\u01b0\u1edfng nhanh.<\/p>\n<p><strong>H\u01af\u1edaNG D\u1eaaN S\u1eec D\u1ee4NG<\/strong><\/p>\n<p>B\u00ea, ngh\u00e9: 10 \u2013 20ml\/con\/ng\u00e0y, d\u00f9ng li\u00ean t\u1ee5c 5 \u2013 7 ng\u00e0y.<\/p>\n<p>B\u00f2 s\u1eefa \u0111ang trong th\u1eddi gian cho s\u1eefa: 20 \u2013 30ml\/con\/ng\u00e0y, d\u00f9ng li\u00ean t\u1ee5c 5 \u2013 7 ng\u00e0y\/\u0111\u1ee3t, 1 th\u00e1ng d\u00f9ng 2 \u0111\u1ee3t.<\/p>\n<p><strong>H\u1ea0N S\u1eec D\u1ee4NG S\u1ea2N PH\u1ea8M<\/strong><\/p>\n<p>24 th\u00e1ng k\u1ec3 t\u1eeb ng\u00e0y s\u1ea3n xu\u1ea5t.<\/p>\n<p><strong>B\u1ea2O QU\u1ea2N<\/strong><\/p>\n<p>N\u01a1i kh\u00f4 r\u00e1o, tho\u00e1ng m\u00e1t, nhi\u1ec7t \u0111\u1ed9 d\u01b0\u1edbi 30<sup>0<\/sup>C, tr\u00e1nh \u00e1nh n\u1eafng tr\u1ef1c ti\u1ebfp. Tr\u00e1nh xa t\u1ea7m tay tr\u1ebb em.<\/p>\n<p><strong>\u0110\u00d3NG G\u00d3I<\/strong><\/p>\n<p>1 l\u00edt, 5 l\u00edt<\/p>\n<p><strong><em>\u00a0<\/em><\/strong><\/p>\n<p><strong>S\u1ed1 \u0111\u0103ng k\u00fd: TCCS 008:2020\/MEBIPHA<\/strong><\/p>\n","protected":false},"excerpt":{"rendered":"<p><strong>B\u1ed4 SUNG CANXI V\u00c0 KHO\u00c1NG VI L\u01af\u1ee2NG \u0110\u1eb6C BI\u1ec6T CHO B\u00d2 S\u1eeeA V\u00c0 GIA S\u00daC<\/strong><\/p>\n<p><strong>TH\u00c0NH PH\u1ea6N<\/strong><\/p>\n<p>Calcium gluconate* (min \u2013 max): 180 \u2013 220g<\/p>\n<p>CuSO4 (min \u2013 max): 10 \u2013 16g<\/p>\n<p>MgSO4 (min \u2013 max): 25-35g<\/p>\n<p>ZnSO4 (min \u2013 max): 14-18g<\/p>\n<p>CoSO4* (min \u2013 max): 300 \u2013 500mg<\/p>\n<p>Ch\u1ea5t mang (N\u01b0\u1edbc c\u1ea5t) v\u1eeba \u0111\u1ee7: 1 l\u00edt<\/p>\n<p><strong>L\u1ee2I \u00cdCH C\u1ee6A VI\u1ec6C B\u1ed4 SUNG S\u1ea2N PH\u1ea8M<\/strong><\/p>\n<p>H\u1ea1n ch\u1ebf c\u00e1c b\u1ec7nh thi\u1ebfu h\u1ee5t Canxi v\u00e0 c\u00e1c y\u1ebfu t\u1ed1 vi l\u01b0\u1ee3ng ho\u1eb7c s\u1ef1 m\u1ea5t c\u00e2n b\u1eb1ng Calcium nh\u01b0: Kh\u00f4ng sinh s\u1ea3n, cho s\u1eefa k\u00e9m, c\u00f2i c\u1ecdc, ch\u1ee9ng m\u1ec1m x\u01b0\u01a1ng, b\u1ec7nh l\u1edf lo\u00e9t ngo\u00e0i da, ch\u1ee9ng r\u1ee5ng l\u00f4ng s\u1edbm, s\u1ef1 bi\u1ebfn d\u1ea1ng m\u00f3ng ch\u00e2n, hi\u1ec7n t\u01b0\u1ee3ng y\u1ebfu ch\u00e2n trong th\u1eddi gian cho s\u1eefa.<\/p>\n<p>H\u1ea1n ch\u1ebf stress.<\/p>\n<p>T\u0103ng c\u01b0\u1eddng kh\u1ea3 n\u0103ng ti\u1ebft s\u1eefa.<\/p>\n<p>K\u00edch th\u00edch s\u1ef1 th\u00e8m \u0103n, v\u1eadt nu\u00f4i t\u0103ng tr\u01b0\u1edfng nhanh.<\/p>\n<p><strong>H\u01af\u1edaNG D\u1eaaN S\u1eec D\u1ee4NG<\/strong><\/p>\n<p>B\u00ea, ngh\u00e9: 10 \u2013 20ml\/con\/ng\u00e0y, d\u00f9ng li\u00ean t\u1ee5c 5 \u2013 7 ng\u00e0y.<\/p>\n<p>B\u00f2 s\u1eefa \u0111ang trong th\u1eddi gian cho s\u1eefa: 20 \u2013 30ml\/con\/ng\u00e0y, d\u00f9ng li\u00ean t\u1ee5c 5 \u2013 7 ng\u00e0y\/\u0111\u1ee3t, 1 th\u00e1ng d\u00f9ng 2 \u0111\u1ee3t.<\/p>\n","protected":false},"featured_media":10542,"comment_status":"closed","ping_status":"closed","template":"","meta":[],"product_brand":[],"product_cat":[62],"product_tag":[],"class_list":{"0":"post-4351","1":"product","2":"type-product","3":"status-publish","4":"has-post-thumbnail","6":"product_cat-thuoc-thu-y","8":"first","9":"instock","10":"shipping-taxable","11":"purchasable","12":"product-type-variable","13":"has-default-attributes"},"_links":{"self":[{"href":"https:\/\/mebipha.com\/online\/wp-json\/wp\/v2\/product\/4351","targetHints":{"allow":["GET"]}}],"collection":[{"href":"https:\/\/mebipha.com\/online\/wp-json\/wp\/v2\/product"}],"about":[{"href":"https:\/\/mebipha.com\/online\/wp-json\/wp\/v2\/types\/product"}],"replies":[{"embeddable":true,"href":"https:\/\/mebipha.com\/online\/wp-json\/wp\/v2\/comments?post=4351"}],"wp:featuredmedia":[{"embeddable":true,"href":"https:\/\/mebipha.com\/online\/wp-json\/wp\/v2\/media\/10542"}],"wp:attachment":[{"href":"https:\/\/mebipha.com\/online\/wp-json\/wp\/v2\/media?parent=4351"}],"wp:term":[{"taxonomy":"product_brand","embeddable":true,"href":"https:\/\/mebipha.com\/online\/wp-json\/wp\/v2\/product_brand?post=4351"},{"taxonomy":"product_cat","embeddable":true,"href":"https:\/\/mebipha.com\/online\/wp-json\/wp\/v2\/product_cat?post=4351"},{"taxonomy":"product_tag","embeddable":true,"href":"https:\/\/mebipha.com\/online\/wp-json\/wp\/v2\/product_tag?post=4351"}],"curies":[{"name":"wp","href":"https:\/\/api.w.org\/{rel}","templated":true}]}}