{"id":3116,"date":"2018-09-09T21:05:19","date_gmt":"2018-09-09T14:05:19","guid":{"rendered":"https:\/\/mebipha.com\/?post_type=product&#038;p=3116"},"modified":"2024-10-04T09:02:56","modified_gmt":"2024-10-04T02:02:56","slug":"amino-phosphoric","status":"publish","type":"product","link":"https:\/\/mebipha.com\/online\/amino-phosphoric\/","title":{"rendered":"AMINO PHOSPHORIC(T\u00d4M)"},"content":{"rendered":"","protected":false},"excerpt":{"rendered":"<p>GI\u1ea2I \u0110\u1ed8C GAN, PH\u1ee4C H\u1ed2I CH\u1ee8C N\u0102NG GAN T\u1ee4Y<\/p>\n<p><strong>TH\u00c0NH PH\u1ea6N<\/strong><\/p>\n<p>Insitol* (min)\u2026\u2026..25.000mg<\/p>\n<p>Sorbitol* (min)\u2026\u2026&#8230;75.000 mg<\/p>\n<p>Vitamin B<sub>12 <\/sub>(min)\u2026.30 mg<\/p>\n<p>Vitamin B<sub>3 <\/sub>(min)\u2026\u20265.000 mg<\/p>\n<p>Vitamin C (min)\u2026..50.000 mg<\/p>\n<p>Selenium (min-max)\u2026..200 \u2013 300 mg<\/p>\n<p>Kh\u00e1ng sinh, ch\u1ea5t c\u1ea5m\u2026kh\u00f4ng c\u00f3<\/p>\n<p>Ethoxyquin\u2026..kh\u00f4ng c\u00f3<\/p>\n<p>Ch\u1ea5t mang (Glucose) v\u1eeba \u0111\u1ee7\u2026..1kg<\/p>\n<p><strong>NGUY\u00caN LI\u1ec6U<\/strong>:\u00a0 Ethanol \u03b2 Amino phosphoric acid, Insitol, Sorbitol, Nucleotide, Cyanocobalamin, Niacin, Ascorbic acid, Sodium Selenite, Dextrose monohydrate.<\/p>\n<p><strong>C\u00d4NG D\u1ee4NG<\/strong><\/p>\n<p>\u0110i\u1ec1u h\u00f2a ch\u1ee9c n\u0103ng gan, ch\u1ee9c n\u0103ng ti\u1ebft m\u1eadt.<\/p>\n<p>Gia t\u0103ng mi\u1ec5n d\u1ecbch, h\u1ea1n m\u1ed9t s\u1ed1 b\u1ec7nh do virus \u0111\u1eb7c bi\u1ec7t l\u00e0 b\u1ec7nh ho\u1ea1i t\u1eed gan t\u1ee5y c\u1ea5p t\u00ednh do vi khu\u1ea9n Vibrio parahaemolyticus.<\/p>\n<p>Gi\u1ea3i \u0111\u1ed9c gan, ph\u1ee5c h\u1ed3i ch\u1ee9c n\u0103ng gan. Gi\u00fap t\u00e1i t\u1ea1o t\u1ebf b\u00e0o gan.<\/p>\n<p>T\u0103ng kh\u1ea3 n\u0103ng ti\u00eau h\u00f3a, gi\u00fap t\u00f4m, t\u00f4m t\u0103ng tr\u01b0\u1edfng nhanh.<\/p>\n<p><strong>LI\u1ec0U D\u00d9NG<\/strong><\/p>\n<p>B\u1ed3i b\u1ed5 cho gan: 1g\/1kg th\u1ee9c \u0103n, d\u00f9ng li\u00ean t\u1ee5c.<\/p>\n<p>Gi\u1ea3i \u0111\u1ed9c gan, h\u1ed7 tr\u1ee3 \u0111i\u1ec1u tr\u1ecb b\u1ec7nh v\u00e0 sau \u0111i\u1ec1u tr\u1ecb b\u1ec7nh: 2g\/1kg th\u1ee9c \u0103n, d\u00f9ng li\u00ean t\u1ee5c 7 \u2013 10 ng\u00e0y.<\/p>\n","protected":false},"featured_media":10636,"comment_status":"closed","ping_status":"closed","template":"","meta":[],"product_brand":[],"product_cat":[106,71,134],"product_tag":[],"class_list":{"0":"post-3116","1":"product","2":"type-product","3":"status-publish","4":"has-post-thumbnail","6":"product_cat-san-pham-tieu-bieu","7":"product_cat-thuoc-thuy-san","8":"product_cat-thuoc-thuy-san-thuoc-thuy-san","10":"first","11":"instock","12":"shipping-taxable","13":"purchasable","14":"product-type-variable","15":"has-default-attributes"},"_links":{"self":[{"href":"https:\/\/mebipha.com\/online\/wp-json\/wp\/v2\/product\/3116","targetHints":{"allow":["GET"]}}],"collection":[{"href":"https:\/\/mebipha.com\/online\/wp-json\/wp\/v2\/product"}],"about":[{"href":"https:\/\/mebipha.com\/online\/wp-json\/wp\/v2\/types\/product"}],"replies":[{"embeddable":true,"href":"https:\/\/mebipha.com\/online\/wp-json\/wp\/v2\/comments?post=3116"}],"wp:featuredmedia":[{"embeddable":true,"href":"https:\/\/mebipha.com\/online\/wp-json\/wp\/v2\/media\/10636"}],"wp:attachment":[{"href":"https:\/\/mebipha.com\/online\/wp-json\/wp\/v2\/media?parent=3116"}],"wp:term":[{"taxonomy":"product_brand","embeddable":true,"href":"https:\/\/mebipha.com\/online\/wp-json\/wp\/v2\/product_brand?post=3116"},{"taxonomy":"product_cat","embeddable":true,"href":"https:\/\/mebipha.com\/online\/wp-json\/wp\/v2\/product_cat?post=3116"},{"taxonomy":"product_tag","embeddable":true,"href":"https:\/\/mebipha.com\/online\/wp-json\/wp\/v2\/product_tag?post=3116"}],"curies":[{"name":"wp","href":"https:\/\/api.w.org\/{rel}","templated":true}]}}