{"id":10834,"date":"2024-11-22T16:45:07","date_gmt":"2024-11-22T09:45:07","guid":{"rendered":"https:\/\/mebipha.com\/online\/?post_type=product&#038;p=10834"},"modified":"2024-11-22T16:45:07","modified_gmt":"2024-11-22T09:45:07","slug":"vk-solution-natural-tom","status":"publish","type":"product","link":"https:\/\/mebipha.com\/online\/vk-solution-natural-tom\/","title":{"rendered":"VK SOLUTION NATURAL (T\u00d4M)"},"content":{"rendered":"<p><strong>S\u1ea2N PH\u1ea8M D\u1ea0NG DUNG D\u1ecaCH<\/strong><\/p>\n<p><strong>KHO\u00c1NG CH\u1ea4T T\u1ef0 NHI\u00caN, D\u1ec4 H\u1ea4P THU, C\u00c2N B\u1eb0NG KHO\u00c1NG CH\u1ea4T, T\u00d4M L\u1edaN NHANH, C\u1ee8NG V\u1ece, \u0110\u1ed2NG \u0110\u1ec0U.<\/strong><\/p>\n<p><strong>TH\u00c0NH PH\u1ea6N<\/strong><\/p>\n<p>MgSO4 (min-max): 50.000-120.000mg<\/p>\n<p>KCl (min-max): 12.000-30.000mg<\/p>\n<p>Kh\u00e1ng sinh, ch\u1ea5t c\u1ea5m: kh\u00f4ng c\u00f3<\/p>\n<p>Ethoxyquin: kh\u00f4ng c\u00f3<\/p>\n<p>Dung m\u00f4i v\u1eeba \u0111\u1ee7: 1 l\u00edt<\/p>\n<p><strong>NGUY\u00caN LI\u1ec6U<\/strong><\/p>\n<p>MgSO4, KCl v\u00e0 n\u01b0\u1edbc tinh khi\u1ebft<\/p>\n<p><strong>C\u00d4NG D\u1ee4NG<\/strong><\/p>\n<p>B\u1ed5 sung mu\u1ed1i kho\u00e1ng h\u00f2a tan t\u1ef1 nhi\u00ean thi\u1ebft y\u1ebfu cho t\u00f4m v\u00e0 ao nu\u00f4i.<\/p>\n<p>Gi\u00fap t\u00f4m ch\u1eafc kh\u1ecfe, m\u00e0u \u0111\u1eb9p khi thu ho\u1ea1ch.<\/p>\n<p>H\u1ea1n ch\u1ebf cong th\u00e2n, \u0111\u1ee5c c\u01a1, \u0111\u1ed1m \u0111en, gi\u00fap t\u00f4m nhanh c\u1ee9ng v\u1ecf.<\/p>\n<p>C\u00e2n b\u1eb1ng m\u00f4i tr\u01b0\u1eddng ao nu\u00f4i.<\/p>\n<p><strong>H\u01af\u1edaNG D\u1eaaN S\u1eec D\u1ee4NG V\u00c0 LI\u1ec0U D\u00d9NG<\/strong><\/p>\n<p>L\u1eafc \u0111\u1ec1u tr\u01b0\u1edbc khi s\u1eed d\u1ee5ng.<\/p>\n<p>Giai \u0111o\u1ea1n \u01b0\u01a1ng gi\u00e8o: d\u00f9ng 3 l\u00edt\/1.000m3 n\u01b0\u1edbc, \u0111\u1ecbnh k\u1ef3 2-3 ng\u00e0y\/l\u1ea7n.<\/p>\n<p>Trong qu\u00e1 tr\u00ecnh nu\u00f4i: d\u00f9ng 2 l\u00edt\/1.000m3 n\u01b0\u1edbc, \u0111\u1ecbnh k\u1ef3 3-5 ng\u00e0y\/l\u1ea7n.<\/p>\n<p>T\u00f4m l\u1ed9t x\u00e1c \u0111\u1ed3ng lo\u1ea1t, \u0111\u1ed1m \u0111en, cong th\u00e2n, \u0111\u1ee5c c\u01a1, tr\u1eddi m\u01b0a, tr\u01b0\u1edbc khi thu ho\u1ea1ch: d\u00f9ng 4-5 l\u00edt\/1.000m3<\/p>\n<p>T\u1ea1t tr\u1ef1c ti\u1ebfp s\u1ea3n ph\u1ea9m xu\u1ed1ng ao nu\u00f4i.<\/p>\n<p>Th\u1eddi gian ng\u01b0ng s\u1eed d\u1ee5ng tr\u01b0\u1edbc khi thu ho\u1ea1ch: 0 ng\u00e0y.<\/p>\n<p><strong>B\u1ea2O QU\u1ea2N<\/strong><\/p>\n<p>N\u01a1i kh\u00f4 r\u00e1o, tho\u00e1ng m\u00e1t, nhi\u1ec7t \u0111\u1ed9 d\u01b0\u1edbi 30<sup>0<\/sup>C, tr\u00e1nh \u00e1nh n\u0103ng tr\u1ef1c ti\u1ebfp. Tr\u00e1nh xa t\u1ea7m tay tr\u1ebb em.<\/p>\n<p><strong>CH\u1ec8 D\u00d9NG TRONG NU\u00d4I TR\u1ed2NG TH\u1ee6Y S\u1ea2N<\/strong><\/p>\n","protected":false},"excerpt":{"rendered":"<p><strong>S\u1ea2N PH\u1ea8M D\u1ea0NG DUNG D\u1ecaCH<\/strong><\/p>\n<p><strong>KHO\u00c1NG CH\u1ea4T T\u1ef0 NHI\u00caN, D\u1ec4 H\u1ea4P THU, C\u00c2N B\u1eb0NG KHO\u00c1NG CH\u1ea4T, T\u00d4M L\u1edaN NHANH, C\u1ee8NG V\u1ece, \u0110\u1ed2NG \u0110\u1ec0U.<\/strong><\/p>\n<p><strong>TH\u00c0NH PH\u1ea6N<\/strong><\/p>\n<p>MgSO4 (min-max): 50.000-120.000mg<\/p>\n<p>KCl (min-max): 12.000-30.000mg<\/p>\n<p>Kh\u00e1ng sinh, ch\u1ea5t c\u1ea5m: kh\u00f4ng c\u00f3<\/p>\n<p>Ethoxyquin: kh\u00f4ng c\u00f3<\/p>\n<p>Dung m\u00f4i v\u1eeba \u0111\u1ee7: 1 l\u00edt<\/p>\n<p><strong>NGUY\u00caN LI\u1ec6U<\/strong><\/p>\n<p>MgSO4, KCl v\u00e0 n\u01b0\u1edbc tinh khi\u1ebft<\/p>\n<p><strong>C\u00d4NG D\u1ee4NG<\/strong><\/p>\n<p>B\u1ed5 sung mu\u1ed1i kho\u00e1ng h\u00f2a tan t\u1ef1 nhi\u00ean thi\u1ebft y\u1ebfu cho t\u00f4m v\u00e0 ao nu\u00f4i.<\/p>\n<p>Gi\u00fap t\u00f4m ch\u1eafc kh\u1ecfe, m\u00e0u \u0111\u1eb9p khi thu ho\u1ea1ch.<\/p>\n<p>H\u1ea1n ch\u1ebf cong th\u00e2n, \u0111\u1ee5c c\u01a1, \u0111\u1ed1m \u0111en, gi\u00fap t\u00f4m nhanh c\u1ee9ng v\u1ecf.<\/p>\n<p>C\u00e2n b\u1eb1ng m\u00f4i tr\u01b0\u1eddng ao nu\u00f4i.<\/p>\n","protected":false},"featured_media":10818,"comment_status":"closed","ping_status":"closed","template":"","meta":[],"product_brand":[],"product_cat":[71,134],"product_tag":[],"class_list":{"0":"post-10834","1":"product","2":"type-product","3":"status-publish","4":"has-post-thumbnail","6":"product_cat-thuoc-thuy-san","7":"product_cat-thuoc-thuy-san-thuoc-thuy-san","9":"first","10":"instock","11":"shipping-taxable","12":"purchasable","13":"product-type-variable"},"_links":{"self":[{"href":"https:\/\/mebipha.com\/online\/wp-json\/wp\/v2\/product\/10834","targetHints":{"allow":["GET"]}}],"collection":[{"href":"https:\/\/mebipha.com\/online\/wp-json\/wp\/v2\/product"}],"about":[{"href":"https:\/\/mebipha.com\/online\/wp-json\/wp\/v2\/types\/product"}],"replies":[{"embeddable":true,"href":"https:\/\/mebipha.com\/online\/wp-json\/wp\/v2\/comments?post=10834"}],"wp:featuredmedia":[{"embeddable":true,"href":"https:\/\/mebipha.com\/online\/wp-json\/wp\/v2\/media\/10818"}],"wp:attachment":[{"href":"https:\/\/mebipha.com\/online\/wp-json\/wp\/v2\/media?parent=10834"}],"wp:term":[{"taxonomy":"product_brand","embeddable":true,"href":"https:\/\/mebipha.com\/online\/wp-json\/wp\/v2\/product_brand?post=10834"},{"taxonomy":"product_cat","embeddable":true,"href":"https:\/\/mebipha.com\/online\/wp-json\/wp\/v2\/product_cat?post=10834"},{"taxonomy":"product_tag","embeddable":true,"href":"https:\/\/mebipha.com\/online\/wp-json\/wp\/v2\/product_tag?post=10834"}],"curies":[{"name":"wp","href":"https:\/\/api.w.org\/{rel}","templated":true}]}}