{"id":10821,"date":"2024-11-22T11:02:41","date_gmt":"2024-11-22T04:02:41","guid":{"rendered":"https:\/\/mebipha.com\/online\/?post_type=product&#038;p=10821"},"modified":"2024-11-22T11:02:41","modified_gmt":"2024-11-22T04:02:41","slug":"intes-one-tom","status":"publish","type":"product","link":"https:\/\/mebipha.com\/online\/intes-one-tom\/","title":{"rendered":"INTES ONE (T\u00d4M)"},"content":{"rendered":"<p><strong>ORGANIC<\/strong><\/p>\n<p><strong>H\u1ed6 TR\u1ee2 NG\u0102N NG\u1eeaA B\u1ec6NH PH\u00c2N TR\u1eaeNG TR\u00caN T\u00d4M<\/strong><\/p>\n<p><strong>D\u1ea0NG DUNG D\u1ecaCH<\/strong><\/p>\n<p><strong>TH\u00c0NH PH\u1ea6N<\/strong><\/p>\n<p>C\u00fac t\u1ea7n (min): 120g<\/p>\n<p>Ho\u1eafc d\u01b0\u01a1ng (min): 100g<\/p>\n<p>Hoa \u0111u \u0111\u1ee7 \u0111\u1ef1c (min): 120g<\/p>\n<p>T\u00f4 di\u1ec7p (min): 100g<\/p>\n<p>B\u00e1n h\u1ea1 (min): 80g<\/p>\n<p>Kh\u00e1ng sinh, ch\u1ea5t c\u1ea5m: kh\u00f4ng c\u00f3<\/p>\n<p>Ethoxyquin: kh\u00f4ng c\u00f3<\/p>\n<p>Ph\u1ee5 gia c\u00f3 ch\u1ee9a Fructose oligosaccharide v\u00e0 dung m\u00f4i v\u1eeba \u0111\u1ee7: 1 l\u00edt<\/p>\n<p><strong>NGUY\u00caN LI\u1ec6U<\/strong><\/p>\n<p>C\u00fac t\u1ea7n, ho\u1eafc d\u01b0\u01a1ng, hoa \u0111u \u0111\u1ee7 \u0111\u1ef1c, t\u00f4 di\u1ec7p, b\u00e1n h\u1ea1, Fructose oligosaccharide, n\u01b0\u1edbc tinh khi\u1ebft.<\/p>\n<p><strong>C\u00d4NG D\u1ee4NG<\/strong><\/p>\n<p>T\u0103ng c\u01b0\u1eddng h\u1ec7 mi\u1ec5n d\u1ecbch, gi\u00fap ng\u0103n ng\u1eeba y\u1ebfu t\u1ed1 g\u00e2y b\u1ec7nh ph\u00e2n tr\u1eafng tr\u00ean t\u00f4m.<\/p>\n<p>Gi\u00fap t\u0103ng t\u1ec9 l\u1ec7 s\u1ed1ng tr\u00ean t\u00f4m.<\/p>\n<p>C\u1ea3i thi\u1ec7n kh\u1ea3 n\u0103ng ti\u00eau h\u00f3a<\/p>\n<p>C\u1ea3i thi\u1ec7n ch\u1ea5t l\u01b0\u1ee3ng th\u1ecbt v\u00e0 gia t\u0103ng n\u0103ng su\u1ea5t.<\/p>\n<p><strong>LI\u1ec0U L\u01af\u1ee2NG &amp; H\u01af\u1edaNG D\u1eaaN S\u1eec D\u1ee4NG<\/strong><\/p>\n<p>H\u00f2a v\u00e0o n\u01b0\u1edbc, tr\u1ed9n \u0111\u1ec1u v\u1edbi th\u1ee9c \u0103n, \u0111\u1ec3 r\u00e1o 15-30 ph\u00fat sau \u0111\u00f3 cho t\u00f4m \u0103n:<\/p>\n<p>B\u1ed5 sung v\u00e0o kh\u1ea9u ph\u1ea7n \u0103n h\u00e0ng ng\u00e0y c\u1ee7a t\u00f4m: 2-3ml\/kg th\u1ee9c \u0103n, d\u00f9ng li\u00ean t\u1ee5c trong th\u1eddi gian nu\u00f4i.<\/p>\n<p>Khi t\u00f4m c\u00f3 d\u1ea5u hi\u1ec7u b\u1ec7nh ph\u00e2n tr\u1eafng (ph\u00e2n l\u1ecfng, ph\u00e2n \u0111\u1ee9t kh\u00fac): 4-5ml\/kg th\u1ee9c \u0103n, ng\u00e0y 2-3 c\u1eef, d\u00f9ng li\u00ean t\u1ee5c 5-7 ng\u00e0y.<\/p>\n<p>H\u1ed7 tr\u1ee3 \u0111i\u1ec1u tr\u1ecb b\u1ec7nh: d\u00f9ng k\u1ebft h\u1ee3p v\u1edbi s\u1ea3n ph\u1ea9m CEFTI ONE theo ph\u00e1c \u0111\u1ed3 c\u1ee7a MEBIPHA t\u00f4m h\u1ebft b\u1ec7nh v\u00e0 ph\u1ee5c h\u1ed3i nhanh.<\/p>\n<p>Th\u1eddi gian ng\u01b0ng s\u1eed d\u1ee5ng tr\u01b0\u1edbc khi thu ho\u1ea1ch: 0 ng\u00e0y.<\/p>\n<p><strong>B\u1ea2O QU\u1ea2N<\/strong><\/p>\n<p>N\u01a1i kh\u00f4 r\u00e1o, tho\u00e1ng m\u00e1t, nhi\u1ec7t \u0111\u1ed9 d\u01b0\u1edbi 30<sup>0<\/sup>C, tr\u00e1nh \u00e1nh n\u0103ng tr\u1ef1c ti\u1ebfp. Tr\u00e1nh xa t\u1ea7m tay tr\u1ebb em.<\/p>\n<p><strong>CH\u1ec8 D\u00d9NG TRONG NU\u00d4I TR\u1ed2NG TH\u1ee6Y S\u1ea2N<\/strong><\/p>\n","protected":false},"excerpt":{"rendered":"<p><strong>ORGANIC<\/strong><\/p>\n<p><strong>H\u1ed6 TR\u1ee2 NG\u0102N NG\u1eeaA B\u1ec6NH PH\u00c2N TR\u1eaeNG TR\u00caN T\u00d4M<\/strong><\/p>\n<p><strong>D\u1ea0NG DUNG D\u1ecaCH<\/strong><\/p>\n<p><strong>TH\u00c0NH PH\u1ea6N<\/strong><\/p>\n<p>C\u00fac t\u1ea7n (min): 120g<\/p>\n<p>Ho\u1eafc d\u01b0\u01a1ng (min): 100g<\/p>\n<p>Hoa \u0111u \u0111\u1ee7 \u0111\u1ef1c (min): 120g<\/p>\n<p>T\u00f4 di\u1ec7p (min): 100g<\/p>\n<p>B\u00e1n h\u1ea1 (min): 80g<\/p>\n<p>Kh\u00e1ng sinh, ch\u1ea5t c\u1ea5m: kh\u00f4ng c\u00f3<\/p>\n<p>Ethoxyquin: kh\u00f4ng c\u00f3<\/p>\n<p>Ph\u1ee5 gia c\u00f3 ch\u1ee9a Fructose oligosaccharide v\u00e0 dung m\u00f4i v\u1eeba \u0111\u1ee7: 1 l\u00edt<\/p>\n<p><strong>NGUY\u00caN LI\u1ec6U<\/strong><\/p>\n<p>C\u00fac t\u1ea7n, ho\u1eafc d\u01b0\u01a1ng, hoa \u0111u \u0111\u1ee7 \u0111\u1ef1c, t\u00f4 di\u1ec7p, b\u00e1n h\u1ea1, Fructose oligosaccharide, n\u01b0\u1edbc tinh khi\u1ebft.<\/p>\n<p><strong>C\u00d4NG D\u1ee4NG<\/strong><\/p>\n<p>T\u0103ng c\u01b0\u1eddng h\u1ec7 mi\u1ec5n d\u1ecbch, gi\u00fap ng\u0103n ng\u1eeba y\u1ebfu t\u1ed1 g\u00e2y b\u1ec7nh ph\u00e2n tr\u1eafng tr\u00ean t\u00f4m.<\/p>\n<p>Gi\u00fap t\u0103ng t\u1ec9 l\u1ec7 s\u1ed1ng tr\u00ean t\u00f4m.<\/p>\n<p>C\u1ea3i thi\u1ec7n kh\u1ea3 n\u0103ng ti\u00eau h\u00f3a<\/p>\n<p>C\u1ea3i thi\u1ec7n ch\u1ea5t l\u01b0\u1ee3ng th\u1ecbt v\u00e0 gia t\u0103ng n\u0103ng su\u1ea5t.<\/p>\n","protected":false},"featured_media":10815,"comment_status":"closed","ping_status":"closed","template":"","meta":[],"product_brand":[],"product_cat":[71,134],"product_tag":[],"class_list":{"0":"post-10821","1":"product","2":"type-product","3":"status-publish","4":"has-post-thumbnail","6":"product_cat-thuoc-thuy-san","7":"product_cat-thuoc-thuy-san-thuoc-thuy-san","9":"first","10":"instock","11":"shipping-taxable","12":"purchasable","13":"product-type-variable"},"_links":{"self":[{"href":"https:\/\/mebipha.com\/online\/wp-json\/wp\/v2\/product\/10821","targetHints":{"allow":["GET"]}}],"collection":[{"href":"https:\/\/mebipha.com\/online\/wp-json\/wp\/v2\/product"}],"about":[{"href":"https:\/\/mebipha.com\/online\/wp-json\/wp\/v2\/types\/product"}],"replies":[{"embeddable":true,"href":"https:\/\/mebipha.com\/online\/wp-json\/wp\/v2\/comments?post=10821"}],"wp:featuredmedia":[{"embeddable":true,"href":"https:\/\/mebipha.com\/online\/wp-json\/wp\/v2\/media\/10815"}],"wp:attachment":[{"href":"https:\/\/mebipha.com\/online\/wp-json\/wp\/v2\/media?parent=10821"}],"wp:term":[{"taxonomy":"product_brand","embeddable":true,"href":"https:\/\/mebipha.com\/online\/wp-json\/wp\/v2\/product_brand?post=10821"},{"taxonomy":"product_cat","embeddable":true,"href":"https:\/\/mebipha.com\/online\/wp-json\/wp\/v2\/product_cat?post=10821"},{"taxonomy":"product_tag","embeddable":true,"href":"https:\/\/mebipha.com\/online\/wp-json\/wp\/v2\/product_tag?post=10821"}],"curies":[{"name":"wp","href":"https:\/\/api.w.org\/{rel}","templated":true}]}}