{"id":10807,"date":"2024-11-22T10:44:41","date_gmt":"2024-11-22T03:44:41","guid":{"rendered":"https:\/\/mebipha.com\/online\/?post_type=product&#038;p=10807"},"modified":"2024-11-22T11:58:27","modified_gmt":"2024-11-22T04:58:27","slug":"flophenicol-20","status":"publish","type":"product","link":"https:\/\/mebipha.com\/online\/flophenicol-20\/","title":{"rendered":"FLOPHENICOL 20%"},"content":{"rendered":"<p>\u0110\u1eb6C TR\u1eca CRD, VI\u00caM PH\u1ed4I, T\u1ee4 HUY\u1ebeT TR\u00d9NG<\/p>\n<p>C\u00d4NG TH\u1ee8C<\/p>\n<p>Florfenicol sodium: 200g<\/p>\n<p>T\u00e1 d\u01b0\u1ee3c \u0111\u1eb7c bi\u1ec7t v\u1eeba \u0111\u1ee7: 1kg<\/p>\n<p>CH\u1ec8 \u0110\u1ecaNH<\/p>\n<p>Tr\u00ean gia c\u1ea7m: tr\u1ecb h\u00f4 h\u1ea5p m\u00e3n t\u00ednh (CRD), c\u00e1c bi\u1ebfn ch\u1ee9ng c\u1ee7a b\u1ec7nh CCRD, t\u1ee5 huy\u1ebft tr\u00f9ng.<\/p>\n<p>Tr\u00ean heo: tr\u1ecb c\u00e1c b\u1ec7nh do Mycoplasma tr\u00ean heo nh\u01b0 b\u1ec7nh vi\u00eam ph\u1ed5i \u0111\u1ecba ph\u01b0\u01a1ng (SEP).<\/p>\n<p>CH\u1ed0NG CH\u1ec8 \u0110\u1ecaNH<\/p>\n<p>Kh\u00f4ng d\u00f9ng cho v\u1eadt nu\u00f4i m\u1eabn c\u1ea3m v\u1edbi th\u00e0nh ph\u1ea7n c\u1ee7a thu\u1ed1c<\/p>\n<p>LI\u1ec0U L\u01af\u1ee2NG &amp; H\u01af\u1edaNG D\u1eaaN S\u1eec D\u1ee4NG<\/p>\n<p>Gia c\u1ea7m: li\u1ec1u t\u1ed5ng qu\u00e1t: 1g\/10-20kg th\u1ec3 tr\u1ecdng<\/p>\n<p>Tr\u1ecb b\u1ec7nh: 1g\/10-12kg th\u1ec3 tr\u1ecdng ho\u1eb7c 1g\/2 l\u00edt n\u01b0\u1edbc u\u1ed1ng, d\u00f9ng li\u00ean t\u1ee5c 5-7 ng\u00e0y.<\/p>\n<p>Tr\u00ean heo: li\u1ec1u t\u1ed5ng qu\u00e1t: 1g\/30kg th\u1ec3 tr\u1ecdng.<\/p>\n<p>Tr\u1ecb b\u1ec7nh: 1g\/20kg th\u1ec3 tr\u1ecdng ho\u1eb7c 1g\/2 l\u00edt n\u01b0\u1edbc u\u1ed1ng, d\u00f9ng li\u00ean t\u1ee5c 5-7 ng\u00e0y.<\/p>\n<p>Th\u1eddi gian ng\u01b0ng s\u1eed d\u1ee5ng thu\u1ed1c: 7 ng\u00e0y tr\u01b0\u1edbc khi gi\u1ebft th\u1ecbt.<\/p>\n<p>B\u1ea2O QU\u1ea2N<\/p>\n<p>N\u01a1i kh\u00f4 r\u00e1o, tho\u00e1ng m\u00e1t, nhi\u1ec7t \u0111\u1ed9 d\u01b0\u1edbi 30<sup>0<\/sup>C, tr\u00e1nh \u00e1nh n\u0103ng tr\u1ef1c ti\u1ebfp. Tr\u00e1nh xa t\u1ea7m tay tr\u1ebb em.<\/p>\n<p>CH\u1ec8 D\u00d9NG TRONG TH\u00da Y<\/p>\n","protected":false},"excerpt":{"rendered":"<p>\u0110\u1eb6C TR\u1eca CRD, VI\u00caM PH\u1ed4I, T\u1ee4 HUY\u1ebeT TR\u00d9NG<\/p>\n<p>C\u00d4NG TH\u1ee8C<\/p>\n<p>Florfenicol sodium: 200g<\/p>\n<p>T\u00e1 d\u01b0\u1ee3c \u0111\u1eb7c bi\u1ec7t v\u1eeba \u0111\u1ee7: 1kg<\/p>\n<p>CH\u1ec8 \u0110\u1ecaNH<\/p>\n<p>Tr\u00ean gia c\u1ea7m: tr\u1ecb h\u00f4 h\u1ea5p m\u00e3n t\u00ednh (CRD), c\u00e1c bi\u1ebfn ch\u1ee9ng c\u1ee7a b\u1ec7nh CCRD, t\u1ee5 huy\u1ebft tr\u00f9ng.<\/p>\n<p>Tr\u00ean heo: tr\u1ecb c\u00e1c b\u1ec7nh do Mycoplasma tr\u00ean heo nh\u01b0 b\u1ec7nh vi\u00eam ph\u1ed5i \u0111\u1ecba ph\u01b0\u01a1ng (SEP).<\/p>\n<p>CH\u1ed0NG CH\u1ec8 \u0110\u1ecaNH<\/p>\n<p>Kh\u00f4ng d\u00f9ng cho v\u1eadt nu\u00f4i m\u1eabn c\u1ea3m v\u1edbi th\u00e0nh ph\u1ea7n c\u1ee7a thu\u1ed1c<\/p>\n<p>LI\u1ec0U L\u01af\u1ee2NG &amp; H\u01af\u1edaNG D\u1eaaN S\u1eec D\u1ee4NG<\/p>\n<p>Gia c\u1ea7m: li\u1ec1u t\u1ed5ng qu\u00e1t: 1g\/10-20kg th\u1ec3 tr\u1ecdng<\/p>\n<p>Tr\u1ecb b\u1ec7nh: 1g\/10-12kg th\u1ec3 tr\u1ecdng ho\u1eb7c 1g\/2 l\u00edt n\u01b0\u1edbc u\u1ed1ng, d\u00f9ng li\u00ean t\u1ee5c 5-7 ng\u00e0y.<\/p>\n<p>Tr\u00ean heo: li\u1ec1u t\u1ed5ng qu\u00e1t: 1g\/30kg th\u1ec3 tr\u1ecdng.<\/p>\n<p>Tr\u1ecb b\u1ec7nh: 1g\/20kg th\u1ec3 tr\u1ecdng ho\u1eb7c 1g\/2 l\u00edt n\u01b0\u1edbc u\u1ed1ng, d\u00f9ng li\u00ean t\u1ee5c 5-7 ng\u00e0y.<\/p>\n<p>Th\u1eddi gian ng\u01b0ng s\u1eed d\u1ee5ng thu\u1ed1c: 7 ng\u00e0y tr\u01b0\u1edbc khi gi\u1ebft th\u1ecbt.<\/p>\n<p>B\u1ea2O QU\u1ea2N<\/p>\n<p>N\u01a1i kh\u00f4 r\u00e1o, tho\u00e1ng m\u00e1t, nhi\u1ec7t \u0111\u1ed9 d\u01b0\u1edbi 30<sup>0<\/sup>C, tr\u00e1nh \u00e1nh n\u0103ng tr\u1ef1c ti\u1ebfp. Tr\u00e1nh xa t\u1ea7m tay tr\u1ebb em.<\/p>\n<p>CH\u1ec8 D\u00d9NG TRONG TH\u00da Y<\/p>\n","protected":false},"featured_media":10809,"comment_status":"closed","ping_status":"closed","template":"","meta":[],"product_brand":[],"product_cat":[62],"product_tag":[],"class_list":{"0":"post-10807","1":"product","2":"type-product","3":"status-publish","4":"has-post-thumbnail","6":"product_cat-thuoc-thu-y","8":"first","9":"instock","10":"shipping-taxable","11":"purchasable","12":"product-type-variable"},"_links":{"self":[{"href":"https:\/\/mebipha.com\/online\/wp-json\/wp\/v2\/product\/10807","targetHints":{"allow":["GET"]}}],"collection":[{"href":"https:\/\/mebipha.com\/online\/wp-json\/wp\/v2\/product"}],"about":[{"href":"https:\/\/mebipha.com\/online\/wp-json\/wp\/v2\/types\/product"}],"replies":[{"embeddable":true,"href":"https:\/\/mebipha.com\/online\/wp-json\/wp\/v2\/comments?post=10807"}],"wp:featuredmedia":[{"embeddable":true,"href":"https:\/\/mebipha.com\/online\/wp-json\/wp\/v2\/media\/10809"}],"wp:attachment":[{"href":"https:\/\/mebipha.com\/online\/wp-json\/wp\/v2\/media?parent=10807"}],"wp:term":[{"taxonomy":"product_brand","embeddable":true,"href":"https:\/\/mebipha.com\/online\/wp-json\/wp\/v2\/product_brand?post=10807"},{"taxonomy":"product_cat","embeddable":true,"href":"https:\/\/mebipha.com\/online\/wp-json\/wp\/v2\/product_cat?post=10807"},{"taxonomy":"product_tag","embeddable":true,"href":"https:\/\/mebipha.com\/online\/wp-json\/wp\/v2\/product_tag?post=10807"}],"curies":[{"name":"wp","href":"https:\/\/api.w.org\/{rel}","templated":true}]}}