{"id":10351,"date":"2024-06-03T15:53:55","date_gmt":"2024-06-03T08:53:55","guid":{"rendered":"https:\/\/mebipha.com\/online\/?post_type=product&#038;p=10351"},"modified":"2025-12-29T16:44:40","modified_gmt":"2025-12-29T09:44:40","slug":"apracin","status":"publish","type":"product","link":"https:\/\/mebipha.com\/online\/apracin\/","title":{"rendered":"APRACIN"},"content":{"rendered":"<p style=\"font-weight: 400;\">TR\u1eca C\u00c1C B\u1ec6NH NHI\u1ec4M TR\u00d9NG \u0110\u01af\u1edcNG TI\u00caU H\u00d3A TR\u00caN GIA S\u00daC, GIA C\u1ea6M<\/p>\n<p style=\"font-weight: 400;\"><strong>C\u00d4NG TH\u1ee8C<\/strong><\/p>\n<p style=\"font-weight: 400;\">Apramycin sulfate 200g<\/p>\n<p style=\"font-weight: 400;\">T\u00e1 d\u01b0\u1ee3c v\u1eeba \u0111\u1ee7 1kg<\/p>\n<p style=\"font-weight: 400;\"><strong>C\u00d4NG D\u1ee4NG<\/strong><\/p>\n<p style=\"font-weight: 400;\">\u0110i\u1ec1u tr\u1ecb c\u00e1c b\u1ec7nh nhi\u1ec5m tr\u00f9ng do sinh v\u1eadt nh\u1ea1y c\u1ea3m v\u1edbi Apramycin:<\/p>\n<p style=\"font-weight: 400;\"><strong>Tr\u00ean heo, tr\u00e2u, b\u00f2:<\/strong>\u00a0\u0110i\u1ec1u tr\u1ecb b\u1ec7nh vi\u00eam ru\u1ed9t do vi khu\u1ea9n g\u00e2y ra nh\u01b0 nhi\u1ec5m khu\u1ea9n E.coli, Salmonella v\u1edbi c\u00e1c tri\u1ec7u ch\u1ee9ng nh\u01b0 ti\u00eau ch\u1ea3y ph\u00e2n tr\u1eafng, ph\u00e2n v\u00e0ng, ch\u01b0\u1edbng b\u1ee5ng.<\/p>\n<p style=\"font-weight: 400;\"><strong>Tr\u00ean g\u00e0, v\u1ecbt, c\u00fat: <\/strong>Tr\u1ecb vi\u00eam ru\u1ed9t ti\u00eau ch\u1ea3y do E.coli, vi\u00eam ru\u1ed9t ho\u1ea1i t\u1eed do Clostridium, th\u01b0\u01a1ng h\u00e0n, nhi\u1ec5m khu\u1ea9n huy\u1ebft.<\/p>\n<p style=\"font-weight: 400;\"><strong>CH\u1ed0NG CH\u1ec8 \u0110\u1ecaNH<\/strong><\/p>\n<p style=\"font-weight: 400;\">Kh\u00f4ng d\u00f9ng cho th\u00fa m\u1eabn c\u1ea3m v\u1edbi th\u00e0nh ph\u1ea7n c\u1ee7a thu\u1ed1c<\/p>\n<p style=\"font-weight: 400;\"><strong>LI\u1ec0U L\u01af\u1ee2NG &amp; H\u01af\u1edaNG D\u1eaaN S\u1eec D\u1ee4NG<\/strong><\/p>\n<p style=\"font-weight: 400;\">Tr\u1ed9n v\u00e0o th\u1ee9c \u0103n ho\u1eb7c pha v\u00e0o n\u01b0\u1edbc u\u1ed1ng.<\/p>\n<p style=\"font-weight: 400;\"><strong>Tr\u1ecb b\u1ec7nh:<\/strong><\/p>\n<p style=\"font-weight: 400;\"><strong>Heo, tr\u00e2u, b\u00f2:<\/strong>\u00a01g\/15-20kg\u00a0th\u1ec3 tr\u1ecdng, d\u00f9ng li\u00ean t\u1ee5c 5-7 ng\u00e0y.<\/p>\n<p style=\"font-weight: 400;\"><strong>G\u00e0, v\u1ecbt, c\u00fat:<\/strong>\u00a01g\/1-2\u00a0l\u00edt n\u01b0\u1edbc ho\u1eb7c 1g\/10kg th\u1ec3 tr\u1ecdng, d\u00f9ng li\u00ean t\u1ee5c 5-7 ng\u00e0y.<\/p>\n<p style=\"font-weight: 400;\"><strong>Th\u1eddi gian ng\u01b0ng s\u1eed d\u1ee5ng thu\u1ed1c:<\/strong>\u00a014 ng\u00e0y tr\u01b0\u1edbc khi gi\u1ebft th\u1ecbt.<\/p>\n<p style=\"font-weight: 400;\"><strong>B\u1ea2O QU\u1ea2N<\/strong><\/p>\n<p style=\"font-weight: 400;\">N\u01a1i kh\u00f4 r\u00e1o, tho\u00e1ng m\u00e1t, nhi\u1ec7t \u0111\u1ed9 d\u01b0\u1edbi 300C, tr\u00e1nh \u00e1nh n\u1eafng tr\u1ef1c ti\u1ebfp. Tr\u00e1nh xa t\u1ea7m tay tr\u1ebb em.<\/p>\n<p style=\"font-weight: 400;\">S\u0110K: MBP-238<\/p>\n<p style=\"font-weight: 400;\">S\u1ed1 l\u00f4, NSX &amp; HSD: Xem tr\u00ean bao b\u00ec<\/p>\n<p style=\"font-weight: 400;\">CH\u1ec8 D\u00d9NG TRONG TH\u00da Y<\/p>\n","protected":false},"excerpt":{"rendered":"<p style=\"font-weight: 400;\">TR\u1eca C\u00c1C B\u1ec6NH NHI\u1ec4M TR\u00d9NG \u0110\u01af\u1edcNG TI\u00caU H\u00d3A TR\u00caN GIA S\u00daC, GIA C\u1ea6M<\/p>\n<p style=\"font-weight: 400;\"><strong>C\u00d4NG TH\u1ee8C<\/strong><\/p>\n<p style=\"font-weight: 400;\">Apramycin sulfate 200g<\/p>\n<p style=\"font-weight: 400;\">T\u00e1 d\u01b0\u1ee3c v\u1eeba \u0111\u1ee7 1kg<\/p>\n","protected":false},"featured_media":10360,"comment_status":"closed","ping_status":"closed","template":"","meta":[],"product_brand":[],"product_cat":[62],"product_tag":[],"class_list":{"0":"post-10351","1":"product","2":"type-product","3":"status-publish","4":"has-post-thumbnail","6":"product_cat-thuoc-thu-y","8":"first","9":"instock","10":"shipping-taxable","11":"purchasable","12":"product-type-simple"},"_links":{"self":[{"href":"https:\/\/mebipha.com\/online\/wp-json\/wp\/v2\/product\/10351","targetHints":{"allow":["GET"]}}],"collection":[{"href":"https:\/\/mebipha.com\/online\/wp-json\/wp\/v2\/product"}],"about":[{"href":"https:\/\/mebipha.com\/online\/wp-json\/wp\/v2\/types\/product"}],"replies":[{"embeddable":true,"href":"https:\/\/mebipha.com\/online\/wp-json\/wp\/v2\/comments?post=10351"}],"wp:featuredmedia":[{"embeddable":true,"href":"https:\/\/mebipha.com\/online\/wp-json\/wp\/v2\/media\/10360"}],"wp:attachment":[{"href":"https:\/\/mebipha.com\/online\/wp-json\/wp\/v2\/media?parent=10351"}],"wp:term":[{"taxonomy":"product_brand","embeddable":true,"href":"https:\/\/mebipha.com\/online\/wp-json\/wp\/v2\/product_brand?post=10351"},{"taxonomy":"product_cat","embeddable":true,"href":"https:\/\/mebipha.com\/online\/wp-json\/wp\/v2\/product_cat?post=10351"},{"taxonomy":"product_tag","embeddable":true,"href":"https:\/\/mebipha.com\/online\/wp-json\/wp\/v2\/product_tag?post=10351"}],"curies":[{"name":"wp","href":"https:\/\/api.w.org\/{rel}","templated":true}]}}